{"id":1194,"date":"2021-01-14T15:57:07","date_gmt":"2021-01-14T14:57:07","guid":{"rendered":"https:\/\/www.retrocomputing-whv.net\/?page_id=1194"},"modified":"2021-01-14T16:00:21","modified_gmt":"2021-01-14T15:00:21","slug":"amigacall","status":"publish","type":"page","link":"https:\/\/www.retrocomputing-whv.net\/?page_id=1194","title":{"rendered":"AmigaCall"},"content":{"rendered":"\n<figure class=\"wp-block-image size-large\"><img loading=\"lazy\" decoding=\"async\" width=\"719\" height=\"1024\" src=\"https:\/\/www.retrocomputing-whv.net\/wp-content\/uploads\/2021\/01\/Markt-und-Technik-AmigaCall_b-719x1024.jpg\" alt=\"Markt und Technik - AmigaCall\" class=\"wp-image-1187\" srcset=\"https:\/\/www.retrocomputing-whv.net\/wp-content\/uploads\/2021\/01\/Markt-und-Technik-AmigaCall_b-719x1024.jpg 719w, https:\/\/www.retrocomputing-whv.net\/wp-content\/uploads\/2021\/01\/Markt-und-Technik-AmigaCall_b-211x300.jpg 211w, https:\/\/www.retrocomputing-whv.net\/wp-content\/uploads\/2021\/01\/Markt-und-Technik-AmigaCall_b-768x1093.jpg 768w, https:\/\/www.retrocomputing-whv.net\/wp-content\/uploads\/2021\/01\/Markt-und-Technik-AmigaCall_b-1079x1536.jpg 1079w, https:\/\/www.retrocomputing-whv.net\/wp-content\/uploads\/2021\/01\/Markt-und-Technik-AmigaCall_b.jpg 1200w\" sizes=\"auto, (max-width: 719px) 100vw, 719px\" \/><\/figure>\n\n\n\n<p>Markt und Technik &#8211; AmigaCall<br>1. Auflage &#8211; Erscheinungsjahr 1988 &#8211; ISBN 3-89090-716-4<\/p>\n\n\n\n<p>Treten Sie ein in die faszinierende Welt der Datenfern\u00fcbertragung mit dem Amiga. Verschaffen Sie sich Zugang zu den aktuellen Informationen aus fast allen Wissensbereichen. Kommunizieren Sie \u00fcber Mailboxen mit erfahrenen Computer-Anwendern, die Ihnen bei Ihren Problemen weiterhelfen k\u00f6nnen, oder erhalten Sie auf diesem Wege leistungsf\u00e4hige Public-Domain-Software. AmigaCall nimmt Ihnen die meiste Arbeit ab. Schlie\u00dfen Sie Ihr Modem oder Ihren Akustikkoppler an, starten Sie AmigaCall \u2013 und auf geht\u00b4s. Selbstverst\u00e4ndlich werden Sie im Buch in alle Geheimnisse der Datenfern\u00fcbertragung eingeweiht, so dass die Arbeit in k\u00fcrzester Zeit zum Kinderspiel wird.<br>Im Programm AmigaCall sind alle Leistungsmerkmale enthalten, die ein professionelles Terminalprogramm auszeichnet:<\/p>\n\n\n\n<ul class=\"wp-block-list\"><li>Die leichte Bedienung wird durch eine grafische Benutzeroberfl\u00e4che gew\u00e4hrleistet<\/li><li>Die \u00dcbertragungsrate ist von 300 bis 19200 Baud frei w\u00e4hlbar.<\/li><li>Eine Uhr in der Men\u00fcleiste zeigt Ihnen wahlweise die verbrauchten Telefoneinheiten oder den entsprechenden DM-Betrag. Der Zeittakt hierf\u00fcr ist einstellbar.<\/li><li>Mit dem \u201eLogbuch\u201c k\u00f6nnen Sie alle ankommenden Daten protokollieren, zeigen, speichern und drucken lassen. Die Gr\u00f6\u00dfe des Logbuchs ist variabel.<\/li><li>Eine freie Funktionstastenbelegung hilft Ihnen, immer wieder verwendete W\u00f6rter und Funktionen per Tastendruck abzurufen.<\/li><li>Sie k\u00f6nnen ASCII-Files, also fertige, vorher in aller Ruhe erstellte Texte senden.<\/li><li>Der \u201ePacked-Modus\u201c erlaubt Ihnen, eine Antwort bereits zu tippen, w\u00e4hrend Ihr Gegen\u00fcber noch schreibt. Wichtig also f\u00fcr Konferenzen und Schnellschreiber.<\/li><li>Die Telefonbuchfunktion schont die Nerven beim W\u00e4hlen. Das Buch kann bis zu 20 Nummern mit Namen aufnehmen.<\/li><li>Die Wandeltabellen sind ein \u00e4u\u00dferst n\u00fctzliches Werkzeug. Sie erlauben beim Senden und Empfangen die automatische Umwandlung der oftmals verschiedenen Sonderzeichenbelegung bei unterschiedlichen Computern. \u00c4 bleibt \u00c4.<\/li><li>Upload-Download-Funktion, der sichere Weg, dass alles richtig ankommt.<\/li><li>Die Programmierm\u00f6glichkeit von sogenannten \u201eScripts\u201c durch eine eigene Programmiersprache macht alles noch komfortabler. Und Programmieren ist bei AmigaCall einfacher als BASIC.<\/li><li>X-Wahl: W\u00e4hlen oder w\u00e4hlen lassen. Mit diesem mitgelieferten Script erreichen Sie fast jede Mailbox vollautomatisch.<\/li><li>Durch Erstellung von \u201eUsermen\u00fcs\u201c k\u00f6nnen Sie Mailboxen per Mausklick bedienen.<\/li><li>AmigaCall unterst\u00fctzt den deutschen Zeichensatz sowie alle g\u00e4ngigen DF\u00dc-Standards (auch den Hayes-Standard).<\/li><li>Das Handbuch f\u00fchrt nicht nur in die Bedienung von AmigaCall ein, sondern auch in die Grundlagen der Datenfern\u00fcbertragung. Zus\u00e4tzlich erhalten Sie Tips und Tricks f\u00fcr die optimale Anwendung.<\/li><\/ul>\n\n\n\n<p><strong>Hardware-Anforderungen:<\/strong><br>Amiga 500, 1000 oder 2000 mit mindestens 512 Kbyte Speicherkapazit\u00e4t, Akustikkoppler oder Modem.<\/p>\n\n\n\n<figure class=\"wp-block-image size-large\"><a href=\"https:\/\/www.retrocomputing-whv.net\/?page_id=249\"><img loading=\"lazy\" decoding=\"async\" width=\"256\" height=\"136\" src=\"https:\/\/www.retrocomputing-whv.net\/wp-content\/uploads\/2020\/08\/Backspace.jpg\" alt=\"Backspace\" class=\"wp-image-681\"\/><\/a><\/figure>\n\n\n\n<p><\/p>\n","protected":false},"excerpt":{"rendered":"<p>Markt und Technik &#8211; AmigaCall1. Auflage &#8211; Erscheinungsjahr 1988 &#8211; ISBN 3-89090-716-4 Treten Sie ein in die faszinierende Welt der Datenfern\u00fcbertragung mit dem Amiga. Verschaffen Sie sich Zugang zu den aktuellen Informationen aus fast allen Wissensbereichen. Kommunizieren Sie \u00fcber Mailboxen mit erfahrenen Computer-Anwendern, die Ihnen bei Ihren Problemen weiterhelfen k\u00f6nnen, oder erhalten Sie auf diesem Wege leistungsf\u00e4hige Public-Domain-Software. AmigaCall nimmt<\/p>\n","protected":false},"author":1,"featured_media":0,"parent":249,"menu_order":0,"comment_status":"closed","ping_status":"closed","template":"","meta":{"footnotes":""},"class_list":["post-1194","page","type-page","status-publish","hentry"],"yoast_head":"<!-- This site is optimized with the Yoast SEO plugin v27.3 - https:\/\/yoast.com\/product\/yoast-seo-wordpress\/ -->\n<title>AmigaCall - Retrocomputing WHV<\/title>\n<meta name=\"robots\" content=\"index, follow, max-snippet:-1, max-image-preview:large, max-video-preview:-1\" \/>\n<link rel=\"canonical\" href=\"https:\/\/www.retrocomputing-whv.net\/?page_id=1194\" \/>\n<meta property=\"og:locale\" content=\"de_DE\" \/>\n<meta property=\"og:type\" content=\"article\" \/>\n<meta property=\"og:title\" content=\"AmigaCall - Retrocomputing WHV\" \/>\n<meta property=\"og:description\" content=\"Markt und Technik &#8211; AmigaCall1. Auflage &#8211; Erscheinungsjahr 1988 &#8211; ISBN 3-89090-716-4 Treten Sie ein in die faszinierende Welt der Datenfern\u00fcbertragung mit dem Amiga. Verschaffen Sie sich Zugang zu den aktuellen Informationen aus fast allen Wissensbereichen. Kommunizieren Sie \u00fcber Mailboxen mit erfahrenen Computer-Anwendern, die Ihnen bei Ihren Problemen weiterhelfen k\u00f6nnen, oder erhalten Sie auf diesem Wege leistungsf\u00e4hige Public-Domain-Software. AmigaCall nimmt\" \/>\n<meta property=\"og:url\" content=\"https:\/\/www.retrocomputing-whv.net\/?page_id=1194\" \/>\n<meta property=\"og:site_name\" content=\"Retrocomputing WHV\" \/>\n<meta property=\"article:modified_time\" content=\"2021-01-14T15:00:21+00:00\" \/>\n<meta property=\"og:image\" content=\"https:\/\/www.retrocomputing-whv.net\/wp-content\/uploads\/2021\/01\/Markt-und-Technik-AmigaCall_b-719x1024.jpg\" \/>\n<meta name=\"twitter:card\" content=\"summary_large_image\" \/>\n<meta name=\"twitter:label1\" content=\"Gesch\u00e4tzte Lesezeit\" \/>\n\t<meta name=\"twitter:data1\" content=\"3\u00a0Minuten\" \/>\n<script type=\"application\/ld+json\" class=\"yoast-schema-graph\">{\"@context\":\"https:\\\/\\\/schema.org\",\"@graph\":[{\"@type\":\"WebPage\",\"@id\":\"https:\\\/\\\/www.retrocomputing-whv.net\\\/?page_id=1194\",\"url\":\"https:\\\/\\\/www.retrocomputing-whv.net\\\/?page_id=1194\",\"name\":\"AmigaCall - Retrocomputing WHV\",\"isPartOf\":{\"@id\":\"https:\\\/\\\/www.retrocomputing-whv.net\\\/#website\"},\"primaryImageOfPage\":{\"@id\":\"https:\\\/\\\/www.retrocomputing-whv.net\\\/?page_id=1194#primaryimage\"},\"image\":{\"@id\":\"https:\\\/\\\/www.retrocomputing-whv.net\\\/?page_id=1194#primaryimage\"},\"thumbnailUrl\":\"https:\\\/\\\/www.retrocomputing-whv.net\\\/wp-content\\\/uploads\\\/2021\\\/01\\\/Markt-und-Technik-AmigaCall_b-719x1024.jpg\",\"datePublished\":\"2021-01-14T14:57:07+00:00\",\"dateModified\":\"2021-01-14T15:00:21+00:00\",\"breadcrumb\":{\"@id\":\"https:\\\/\\\/www.retrocomputing-whv.net\\\/?page_id=1194#breadcrumb\"},\"inLanguage\":\"de\",\"potentialAction\":[{\"@type\":\"ReadAction\",\"target\":[\"https:\\\/\\\/www.retrocomputing-whv.net\\\/?page_id=1194\"]}]},{\"@type\":\"ImageObject\",\"inLanguage\":\"de\",\"@id\":\"https:\\\/\\\/www.retrocomputing-whv.net\\\/?page_id=1194#primaryimage\",\"url\":\"https:\\\/\\\/www.retrocomputing-whv.net\\\/wp-content\\\/uploads\\\/2021\\\/01\\\/Markt-und-Technik-AmigaCall_b.jpg\",\"contentUrl\":\"https:\\\/\\\/www.retrocomputing-whv.net\\\/wp-content\\\/uploads\\\/2021\\\/01\\\/Markt-und-Technik-AmigaCall_b.jpg\",\"width\":1200,\"height\":1708,\"caption\":\"Markt und Technik - AmigaCall\"},{\"@type\":\"BreadcrumbList\",\"@id\":\"https:\\\/\\\/www.retrocomputing-whv.net\\\/?page_id=1194#breadcrumb\",\"itemListElement\":[{\"@type\":\"ListItem\",\"position\":1,\"name\":\"Startseite\",\"item\":\"https:\\\/\\\/www.retrocomputing-whv.net\\\/\"},{\"@type\":\"ListItem\",\"position\":2,\"name\":\"Literatur\",\"item\":\"https:\\\/\\\/www.retrocomputing-whv.net\\\/?page_id=105\"},{\"@type\":\"ListItem\",\"position\":3,\"name\":\"Markt &#038; Technik\",\"item\":\"https:\\\/\\\/www.retrocomputing-whv.net\\\/?page_id=1170\"},{\"@type\":\"ListItem\",\"position\":4,\"name\":\"Amiga\",\"item\":\"https:\\\/\\\/www.retrocomputing-whv.net\\\/?page_id=249\"},{\"@type\":\"ListItem\",\"position\":5,\"name\":\"AmigaCall\"}]},{\"@type\":\"WebSite\",\"@id\":\"https:\\\/\\\/www.retrocomputing-whv.net\\\/#website\",\"url\":\"https:\\\/\\\/www.retrocomputing-whv.net\\\/\",\"name\":\"Retrocomputing WHV\",\"description\":\"\",\"publisher\":{\"@id\":\"https:\\\/\\\/www.retrocomputing-whv.net\\\/#organization\"},\"potentialAction\":[{\"@type\":\"SearchAction\",\"target\":{\"@type\":\"EntryPoint\",\"urlTemplate\":\"https:\\\/\\\/www.retrocomputing-whv.net\\\/?s={search_term_string}\"},\"query-input\":{\"@type\":\"PropertyValueSpecification\",\"valueRequired\":true,\"valueName\":\"search_term_string\"}}],\"inLanguage\":\"de\"},{\"@type\":\"Organization\",\"@id\":\"https:\\\/\\\/www.retrocomputing-whv.net\\\/#organization\",\"name\":\"Retrocomputing-WHV\",\"url\":\"https:\\\/\\\/www.retrocomputing-whv.net\\\/\",\"logo\":{\"@type\":\"ImageObject\",\"inLanguage\":\"de\",\"@id\":\"https:\\\/\\\/www.retrocomputing-whv.net\\\/#\\\/schema\\\/logo\\\/image\\\/\",\"url\":\"https:\\\/\\\/www.retrocomputing-whv.net\\\/wp-content\\\/uploads\\\/2020\\\/04\\\/Logo.png\",\"contentUrl\":\"https:\\\/\\\/www.retrocomputing-whv.net\\\/wp-content\\\/uploads\\\/2020\\\/04\\\/Logo.png\",\"width\":1340,\"height\":250,\"caption\":\"Retrocomputing-WHV\"},\"image\":{\"@id\":\"https:\\\/\\\/www.retrocomputing-whv.net\\\/#\\\/schema\\\/logo\\\/image\\\/\"}}]}<\/script>\n<!-- \/ Yoast SEO plugin. -->","yoast_head_json":{"title":"AmigaCall - Retrocomputing WHV","robots":{"index":"index","follow":"follow","max-snippet":"max-snippet:-1","max-image-preview":"max-image-preview:large","max-video-preview":"max-video-preview:-1"},"canonical":"https:\/\/www.retrocomputing-whv.net\/?page_id=1194","og_locale":"de_DE","og_type":"article","og_title":"AmigaCall - Retrocomputing WHV","og_description":"Markt und Technik &#8211; AmigaCall1. Auflage &#8211; Erscheinungsjahr 1988 &#8211; ISBN 3-89090-716-4 Treten Sie ein in die faszinierende Welt der Datenfern\u00fcbertragung mit dem Amiga. Verschaffen Sie sich Zugang zu den aktuellen Informationen aus fast allen Wissensbereichen. Kommunizieren Sie \u00fcber Mailboxen mit erfahrenen Computer-Anwendern, die Ihnen bei Ihren Problemen weiterhelfen k\u00f6nnen, oder erhalten Sie auf diesem Wege leistungsf\u00e4hige Public-Domain-Software. AmigaCall nimmt","og_url":"https:\/\/www.retrocomputing-whv.net\/?page_id=1194","og_site_name":"Retrocomputing WHV","article_modified_time":"2021-01-14T15:00:21+00:00","og_image":[{"url":"https:\/\/www.retrocomputing-whv.net\/wp-content\/uploads\/2021\/01\/Markt-und-Technik-AmigaCall_b-719x1024.jpg","type":"","width":"","height":""}],"twitter_card":"summary_large_image","twitter_misc":{"Gesch\u00e4tzte Lesezeit":"3\u00a0Minuten"},"schema":{"@context":"https:\/\/schema.org","@graph":[{"@type":"WebPage","@id":"https:\/\/www.retrocomputing-whv.net\/?page_id=1194","url":"https:\/\/www.retrocomputing-whv.net\/?page_id=1194","name":"AmigaCall - Retrocomputing WHV","isPartOf":{"@id":"https:\/\/www.retrocomputing-whv.net\/#website"},"primaryImageOfPage":{"@id":"https:\/\/www.retrocomputing-whv.net\/?page_id=1194#primaryimage"},"image":{"@id":"https:\/\/www.retrocomputing-whv.net\/?page_id=1194#primaryimage"},"thumbnailUrl":"https:\/\/www.retrocomputing-whv.net\/wp-content\/uploads\/2021\/01\/Markt-und-Technik-AmigaCall_b-719x1024.jpg","datePublished":"2021-01-14T14:57:07+00:00","dateModified":"2021-01-14T15:00:21+00:00","breadcrumb":{"@id":"https:\/\/www.retrocomputing-whv.net\/?page_id=1194#breadcrumb"},"inLanguage":"de","potentialAction":[{"@type":"ReadAction","target":["https:\/\/www.retrocomputing-whv.net\/?page_id=1194"]}]},{"@type":"ImageObject","inLanguage":"de","@id":"https:\/\/www.retrocomputing-whv.net\/?page_id=1194#primaryimage","url":"https:\/\/www.retrocomputing-whv.net\/wp-content\/uploads\/2021\/01\/Markt-und-Technik-AmigaCall_b.jpg","contentUrl":"https:\/\/www.retrocomputing-whv.net\/wp-content\/uploads\/2021\/01\/Markt-und-Technik-AmigaCall_b.jpg","width":1200,"height":1708,"caption":"Markt und Technik - AmigaCall"},{"@type":"BreadcrumbList","@id":"https:\/\/www.retrocomputing-whv.net\/?page_id=1194#breadcrumb","itemListElement":[{"@type":"ListItem","position":1,"name":"Startseite","item":"https:\/\/www.retrocomputing-whv.net\/"},{"@type":"ListItem","position":2,"name":"Literatur","item":"https:\/\/www.retrocomputing-whv.net\/?page_id=105"},{"@type":"ListItem","position":3,"name":"Markt &#038; Technik","item":"https:\/\/www.retrocomputing-whv.net\/?page_id=1170"},{"@type":"ListItem","position":4,"name":"Amiga","item":"https:\/\/www.retrocomputing-whv.net\/?page_id=249"},{"@type":"ListItem","position":5,"name":"AmigaCall"}]},{"@type":"WebSite","@id":"https:\/\/www.retrocomputing-whv.net\/#website","url":"https:\/\/www.retrocomputing-whv.net\/","name":"Retrocomputing WHV","description":"","publisher":{"@id":"https:\/\/www.retrocomputing-whv.net\/#organization"},"potentialAction":[{"@type":"SearchAction","target":{"@type":"EntryPoint","urlTemplate":"https:\/\/www.retrocomputing-whv.net\/?s={search_term_string}"},"query-input":{"@type":"PropertyValueSpecification","valueRequired":true,"valueName":"search_term_string"}}],"inLanguage":"de"},{"@type":"Organization","@id":"https:\/\/www.retrocomputing-whv.net\/#organization","name":"Retrocomputing-WHV","url":"https:\/\/www.retrocomputing-whv.net\/","logo":{"@type":"ImageObject","inLanguage":"de","@id":"https:\/\/www.retrocomputing-whv.net\/#\/schema\/logo\/image\/","url":"https:\/\/www.retrocomputing-whv.net\/wp-content\/uploads\/2020\/04\/Logo.png","contentUrl":"https:\/\/www.retrocomputing-whv.net\/wp-content\/uploads\/2020\/04\/Logo.png","width":1340,"height":250,"caption":"Retrocomputing-WHV"},"image":{"@id":"https:\/\/www.retrocomputing-whv.net\/#\/schema\/logo\/image\/"}}]}},"_links":{"self":[{"href":"https:\/\/www.retrocomputing-whv.net\/index.php?rest_route=\/wp\/v2\/pages\/1194","targetHints":{"allow":["GET"]}}],"collection":[{"href":"https:\/\/www.retrocomputing-whv.net\/index.php?rest_route=\/wp\/v2\/pages"}],"about":[{"href":"https:\/\/www.retrocomputing-whv.net\/index.php?rest_route=\/wp\/v2\/types\/page"}],"author":[{"embeddable":true,"href":"https:\/\/www.retrocomputing-whv.net\/index.php?rest_route=\/wp\/v2\/users\/1"}],"replies":[{"embeddable":true,"href":"https:\/\/www.retrocomputing-whv.net\/index.php?rest_route=%2Fwp%2Fv2%2Fcomments&post=1194"}],"version-history":[{"count":0,"href":"https:\/\/www.retrocomputing-whv.net\/index.php?rest_route=\/wp\/v2\/pages\/1194\/revisions"}],"up":[{"embeddable":true,"href":"https:\/\/www.retrocomputing-whv.net\/index.php?rest_route=\/wp\/v2\/pages\/249"}],"wp:attachment":[{"href":"https:\/\/www.retrocomputing-whv.net\/index.php?rest_route=%2Fwp%2Fv2%2Fmedia&parent=1194"}],"curies":[{"name":"wp","href":"https:\/\/api.w.org\/{rel}","templated":true}]}}