{"id":1495,"date":"2021-03-08T07:22:47","date_gmt":"2021-03-08T06:22:47","guid":{"rendered":"https:\/\/www.retrocomputing-whv.net\/?page_id=1495"},"modified":"2021-03-08T07:29:16","modified_gmt":"2021-03-08T06:29:16","slug":"3697-grundkurs-turbo-pascal-band-1","status":"publish","type":"page","link":"https:\/\/www.retrocomputing-whv.net\/?page_id=1495","title":{"rendered":"3697 &#8211; Grundkurs Turbo Pascal Band 1"},"content":{"rendered":"\n<figure class=\"wp-block-image size-large\"><img loading=\"lazy\" decoding=\"async\" width=\"730\" height=\"1024\" src=\"https:\/\/www.retrocomputing-whv.net\/wp-content\/uploads\/2021\/02\/SYBEX-3697-Grundkurs-Turbo-Pascal-Band-1_b-730x1024.jpg\" alt=\"SYBEX 3697 - Grundkurs Turbo Pascal Band 1\" class=\"wp-image-1455\" srcset=\"https:\/\/www.retrocomputing-whv.net\/wp-content\/uploads\/2021\/02\/SYBEX-3697-Grundkurs-Turbo-Pascal-Band-1_b-730x1024.jpg 730w, https:\/\/www.retrocomputing-whv.net\/wp-content\/uploads\/2021\/02\/SYBEX-3697-Grundkurs-Turbo-Pascal-Band-1_b-214x300.jpg 214w, https:\/\/www.retrocomputing-whv.net\/wp-content\/uploads\/2021\/02\/SYBEX-3697-Grundkurs-Turbo-Pascal-Band-1_b-768x1077.jpg 768w, https:\/\/www.retrocomputing-whv.net\/wp-content\/uploads\/2021\/02\/SYBEX-3697-Grundkurs-Turbo-Pascal-Band-1_b-1095x1536.jpg 1095w, https:\/\/www.retrocomputing-whv.net\/wp-content\/uploads\/2021\/02\/SYBEX-3697-Grundkurs-Turbo-Pascal-Band-1_b.jpg 1200w\" sizes=\"auto, (max-width: 730px) 100vw, 730px\" \/><\/figure>\n\n\n\n<p>SYBEX &#8211; Nr. 3697 &#8211; Autor Karl Hermann Rollke<br>7. Auflage &#8211;  Erscheinungsjahr 1989 &#8211; ISBN 3-88745-697-1<\/p>\n\n\n\n<p>Der sichere Einstieg in Turbo Pascal<\/p>\n\n\n\n<ul class=\"wp-block-list\"><li>F\u00fcr den Informatik-Unterricht in der Sekundarstufe II<\/li><li>F\u00fcr Informatik-Kurse an der Volkshochschule<\/li><li>F\u00fcr Kurse und als Sekund\u00e4rliteratur an der Hochschule<\/li><li>F\u00fcr Hobby-Programmierer und zum Selbststudium<\/li><\/ul>\n\n\n\n<p>Dieses Buch wurde von einem Lehrer aus der Praxis geschrieben \u2013 Lehrer haben es erprobt und mitgestaltet.<\/p>\n\n\n\n<p>In einer leicht verst\u00e4ndlichen Sprache werden Sie mit einer vielgenutzten Programmiersprache vertraut gemacht. Sie machen Ihre ersten Schritte im Turbo-Pascal-System, lernen den Aufbau eines Pascal-Programms, reservierte W\u00f6rter, Syntaxdiagramme, Prozeduren, Funktionen, Rekursionen und Sortieralgorithmen kennen.<\/p>\n\n\n\n<p>Den Weg durch das Buch bestimmen Sie selbst, da die Themen weitgehend unabh\u00e4ngig voneinander behandelt werden. Ihre neuen Kenntnisse k\u00f6nnen Sie direkt an vielen \u00dcbungen und Beispielprogrammen erproben, die auf einem IBM PC getestet wurden und leicht auf andere Systeme zu \u00fcbertragen sind.<\/p>\n\n\n\n<p><strong>Inhaltsverzeichnis<\/strong><\/p>\n\n\n\n<ul class=\"wp-block-list\"><li>Vorwort<\/li><li>Einf\u00fchrung<ul><li>Zur Systematik des Buches<\/li><li>Grundlagen<\/li><li>Problemanalyse \u2013 Planung von Programmen<\/li><\/ul><\/li><li>Grundlagen zu Turbo Pascal und MS-DOS<ul><li>Turbo Pascal im MS-DOS-Betriebssystem<\/li><li>Der Turbo-Editor<\/li><li>Unser erstes Programm<\/li><li>Zusammenfassung<\/li><\/ul><\/li><li>Konzept und Aufbau eines Pascal-Programms<ul><li>Das Grundprinzip eines Pascal-Programms und seiner Teile<\/li><li>Ein- und Ausgabebefehle \u2013 ein kleines Programm<\/li><li>Konstanten und Variablen<\/li><li>Pascal kann auch rechnen \u2013 Beispiele<\/li><li>Mit Grafik geht manches besser<\/li><li>Zusammenfassung<\/li><\/ul><\/li><li>Reservierte W\u00f6rter und Symbole<ul><li>Zusammenstellung der W\u00f6rter und Symbole<\/li><li>Syntaxdiagramme und wie man sie liest<\/li><\/ul><\/li><li>Einfache Datentypen und deren Ein-\/Ausgabeformate<ul><li>Ganze Zahlen \u2013 INTEGER<\/li><li>Dezimalzahlen \u2013 REAL<\/li><li>Zeichen \u2013 CHAR<\/li><li>Zeichenketten \u2013 STRING in Turbo Pascal<\/li><li>Wahrheitswerte \u2013 BOOLEAN<\/li><li>Zusammenfassung<\/li><\/ul><\/li><li>Immer diese Wiederholungen<ul><li>Z\u00e4hle von \u2026 bis \u2026 &#8211; die FOR-Schleife<\/li><li>Wiederhole \u2026 bis \u2026 &#8211; die REPEAT-Schleife<\/li><li>Solange \u2026 tue \u2026 &#8211; die WHILE-Schleife<\/li><li>Zusammenfassung<\/li><\/ul><\/li><li>Entscheidungen<ul><li>Wenn \u2026 dann \u2026 sonst \u2013 die IF-THEN-ELSE-Konstruktion<\/li><li>CASE f\u00fcr Mehrfachentscheidungen und Schreibfaule<\/li><li>Zusammenfassung<\/li><\/ul><\/li><li>Kleiner Ausflug in die Grafik<ul><li>Was hat die Schildkr\u00f6te mit dem Computer zu tun?<\/li><li>Befehle der Turtlegrafik<\/li><li>Kleine Programme mit Turtles<\/li><li>Zusammenfassung<\/li><\/ul><\/li><li>Besser geht\u00b4s mit Prozeduren<ul><li>Prozeduren und Prozedurkonzept<\/li><li>Prozeduren k\u00f6nnen ihre eigenen Variablen haben<\/li><li>\u00dcbergabe von Werten an Prozeduren<\/li><li>\u00dcbergabe von Variablen an Prozeduren<\/li><li>Zusammenfassung<\/li><\/ul><\/li><li>Funktionen<ul><li>Unterschied Funktion \u2013 Prozedur<\/li><li>\u00dcbungen zu Funktionen<\/li><li>Zusammenfassung<\/li><\/ul><\/li><li>Rekursionen<ul><li>Was ist eine Rekursion?<\/li><li>Probleme der Rechenzeit und des Speicherplatzes mit Rekursionen<\/li><li>Beispiele zu Rekursionen<\/li><li>Zusammenfassung<\/li><\/ul><\/li><li>Eindimensionale Felder<ul><li>Wenn mehrere Variablen den gleichen Namen haben sollen<\/li><li>Beispiele eindimensionaler ARRAYs<\/li><li>Zusammenfassung<\/li><\/ul><\/li><li>Wer Ordnung h\u00e4lt ist nur zu faul zum Suchen \u2013 Sortieralgorithmen<ul><li>Sortieren durch Austausch (1)<\/li><li>Sortieren durch Austausch (2) \u2013 Bubblesort<\/li><li>Quicksort (rekursiv)<\/li><li>Zusammenfassung<\/li><\/ul><\/li><li>Anhang<ul><li>Wichtige MS-DOS-Befehle<\/li><li>Wichtige CP\/M-Befehle<\/li><li>Befehle des Turbo-Systems<\/li><li>Editor<\/li><li>Compiler-Direktiven<\/li><li>Reservierte W\u00f6rter, erlaubte Zeichen und Standardbezeichner<\/li><li>Standardfunktionen und -prozeduren in Turbo Pascal<\/li><li>Vordefinierte Typen und Konstanten<\/li><li>Der ASCII-Zeichensatz<\/li><li>Syntaxdiagramme<\/li><li>Fehlermeldungen<\/li><li>Literaturverzeichnis<\/li><li>Stichwortverzeichnis<\/li><\/ul><\/li><\/ul>\n\n\n\n<figure class=\"wp-block-image size-large\"><a href=\"https:\/\/www.retrocomputing-whv.net\/?page_id=1362\"><img loading=\"lazy\" decoding=\"async\" width=\"256\" height=\"136\" src=\"https:\/\/www.retrocomputing-whv.net\/wp-content\/uploads\/2020\/08\/Backspace.jpg\" alt=\"Backspace\" class=\"wp-image-681\"\/><\/a><\/figure>\n","protected":false},"excerpt":{"rendered":"<p>SYBEX &#8211; Nr. 3697 &#8211; Autor Karl Hermann Rollke7. Auflage &#8211; Erscheinungsjahr 1989 &#8211; ISBN 3-88745-697-1 Der sichere Einstieg in Turbo Pascal F\u00fcr den Informatik-Unterricht in der Sekundarstufe II F\u00fcr Informatik-Kurse an der Volkshochschule F\u00fcr Kurse und als Sekund\u00e4rliteratur an der Hochschule F\u00fcr Hobby-Programmierer und zum Selbststudium Dieses Buch wurde von einem Lehrer aus der Praxis geschrieben \u2013 Lehrer haben<\/p>\n","protected":false},"author":1,"featured_media":0,"parent":1362,"menu_order":0,"comment_status":"closed","ping_status":"closed","template":"","meta":{"footnotes":""},"class_list":["post-1495","page","type-page","status-publish","hentry"],"yoast_head":"<!-- This site is optimized with the Yoast SEO plugin v27.6 - https:\/\/yoast.com\/product\/yoast-seo-wordpress\/ -->\n<title>3697 - Grundkurs Turbo Pascal Band 1 - Retrocomputing WHV<\/title>\n<meta name=\"robots\" content=\"index, follow, max-snippet:-1, max-image-preview:large, max-video-preview:-1\" \/>\n<link rel=\"canonical\" href=\"https:\/\/www.retrocomputing-whv.net\/?page_id=1495\" \/>\n<meta property=\"og:locale\" content=\"de_DE\" \/>\n<meta property=\"og:type\" content=\"article\" \/>\n<meta property=\"og:title\" content=\"3697 - Grundkurs Turbo Pascal Band 1 - Retrocomputing WHV\" \/>\n<meta property=\"og:description\" content=\"SYBEX &#8211; Nr. 3697 &#8211; Autor Karl Hermann Rollke7. Auflage &#8211; Erscheinungsjahr 1989 &#8211; ISBN 3-88745-697-1 Der sichere Einstieg in Turbo Pascal F\u00fcr den Informatik-Unterricht in der Sekundarstufe II F\u00fcr Informatik-Kurse an der Volkshochschule F\u00fcr Kurse und als Sekund\u00e4rliteratur an der Hochschule F\u00fcr Hobby-Programmierer und zum Selbststudium Dieses Buch wurde von einem Lehrer aus der Praxis geschrieben \u2013 Lehrer haben\" \/>\n<meta property=\"og:url\" content=\"https:\/\/www.retrocomputing-whv.net\/?page_id=1495\" \/>\n<meta property=\"og:site_name\" content=\"Retrocomputing WHV\" \/>\n<meta property=\"article:modified_time\" content=\"2021-03-08T06:29:16+00:00\" \/>\n<meta property=\"og:image\" content=\"https:\/\/www.retrocomputing-whv.net\/wp-content\/uploads\/2021\/02\/SYBEX-3697-Grundkurs-Turbo-Pascal-Band-1_b-730x1024.jpg\" \/>\n<meta name=\"twitter:card\" content=\"summary_large_image\" \/>\n<meta name=\"twitter:label1\" content=\"Gesch\u00e4tzte Lesezeit\" \/>\n\t<meta name=\"twitter:data1\" content=\"3\u00a0Minuten\" \/>\n<script type=\"application\/ld+json\" class=\"yoast-schema-graph\">{\"@context\":\"https:\\\/\\\/schema.org\",\"@graph\":[{\"@type\":\"WebPage\",\"@id\":\"https:\\\/\\\/www.retrocomputing-whv.net\\\/?page_id=1495\",\"url\":\"https:\\\/\\\/www.retrocomputing-whv.net\\\/?page_id=1495\",\"name\":\"3697 - Grundkurs Turbo Pascal Band 1 - Retrocomputing WHV\",\"isPartOf\":{\"@id\":\"https:\\\/\\\/www.retrocomputing-whv.net\\\/#website\"},\"primaryImageOfPage\":{\"@id\":\"https:\\\/\\\/www.retrocomputing-whv.net\\\/?page_id=1495#primaryimage\"},\"image\":{\"@id\":\"https:\\\/\\\/www.retrocomputing-whv.net\\\/?page_id=1495#primaryimage\"},\"thumbnailUrl\":\"https:\\\/\\\/www.retrocomputing-whv.net\\\/wp-content\\\/uploads\\\/2021\\\/02\\\/SYBEX-3697-Grundkurs-Turbo-Pascal-Band-1_b-730x1024.jpg\",\"datePublished\":\"2021-03-08T06:22:47+00:00\",\"dateModified\":\"2021-03-08T06:29:16+00:00\",\"breadcrumb\":{\"@id\":\"https:\\\/\\\/www.retrocomputing-whv.net\\\/?page_id=1495#breadcrumb\"},\"inLanguage\":\"de\",\"potentialAction\":[{\"@type\":\"ReadAction\",\"target\":[\"https:\\\/\\\/www.retrocomputing-whv.net\\\/?page_id=1495\"]}]},{\"@type\":\"ImageObject\",\"inLanguage\":\"de\",\"@id\":\"https:\\\/\\\/www.retrocomputing-whv.net\\\/?page_id=1495#primaryimage\",\"url\":\"https:\\\/\\\/www.retrocomputing-whv.net\\\/wp-content\\\/uploads\\\/2021\\\/02\\\/SYBEX-3697-Grundkurs-Turbo-Pascal-Band-1_b.jpg\",\"contentUrl\":\"https:\\\/\\\/www.retrocomputing-whv.net\\\/wp-content\\\/uploads\\\/2021\\\/02\\\/SYBEX-3697-Grundkurs-Turbo-Pascal-Band-1_b.jpg\",\"width\":1200,\"height\":1683,\"caption\":\"SYBEX 3697 - Grundkurs Turbo Pascal Band 1\"},{\"@type\":\"BreadcrumbList\",\"@id\":\"https:\\\/\\\/www.retrocomputing-whv.net\\\/?page_id=1495#breadcrumb\",\"itemListElement\":[{\"@type\":\"ListItem\",\"position\":1,\"name\":\"Startseite\",\"item\":\"https:\\\/\\\/www.retrocomputing-whv.net\\\/\"},{\"@type\":\"ListItem\",\"position\":2,\"name\":\"Literatur\",\"item\":\"https:\\\/\\\/www.retrocomputing-whv.net\\\/?page_id=105\"},{\"@type\":\"ListItem\",\"position\":3,\"name\":\"SYBEX\",\"item\":\"https:\\\/\\\/www.retrocomputing-whv.net\\\/?page_id=1362\"},{\"@type\":\"ListItem\",\"position\":4,\"name\":\"3697 &#8211; Grundkurs Turbo Pascal Band 1\"}]},{\"@type\":\"WebSite\",\"@id\":\"https:\\\/\\\/www.retrocomputing-whv.net\\\/#website\",\"url\":\"https:\\\/\\\/www.retrocomputing-whv.net\\\/\",\"name\":\"Retrocomputing WHV\",\"description\":\"\",\"publisher\":{\"@id\":\"https:\\\/\\\/www.retrocomputing-whv.net\\\/#organization\"},\"potentialAction\":[{\"@type\":\"SearchAction\",\"target\":{\"@type\":\"EntryPoint\",\"urlTemplate\":\"https:\\\/\\\/www.retrocomputing-whv.net\\\/?s={search_term_string}\"},\"query-input\":{\"@type\":\"PropertyValueSpecification\",\"valueRequired\":true,\"valueName\":\"search_term_string\"}}],\"inLanguage\":\"de\"},{\"@type\":\"Organization\",\"@id\":\"https:\\\/\\\/www.retrocomputing-whv.net\\\/#organization\",\"name\":\"Retrocomputing-WHV\",\"url\":\"https:\\\/\\\/www.retrocomputing-whv.net\\\/\",\"logo\":{\"@type\":\"ImageObject\",\"inLanguage\":\"de\",\"@id\":\"https:\\\/\\\/www.retrocomputing-whv.net\\\/#\\\/schema\\\/logo\\\/image\\\/\",\"url\":\"https:\\\/\\\/www.retrocomputing-whv.net\\\/wp-content\\\/uploads\\\/2020\\\/04\\\/Logo.png\",\"contentUrl\":\"https:\\\/\\\/www.retrocomputing-whv.net\\\/wp-content\\\/uploads\\\/2020\\\/04\\\/Logo.png\",\"width\":1340,\"height\":250,\"caption\":\"Retrocomputing-WHV\"},\"image\":{\"@id\":\"https:\\\/\\\/www.retrocomputing-whv.net\\\/#\\\/schema\\\/logo\\\/image\\\/\"}}]}<\/script>\n<!-- \/ Yoast SEO plugin. -->","yoast_head_json":{"title":"3697 - Grundkurs Turbo Pascal Band 1 - Retrocomputing WHV","robots":{"index":"index","follow":"follow","max-snippet":"max-snippet:-1","max-image-preview":"max-image-preview:large","max-video-preview":"max-video-preview:-1"},"canonical":"https:\/\/www.retrocomputing-whv.net\/?page_id=1495","og_locale":"de_DE","og_type":"article","og_title":"3697 - Grundkurs Turbo Pascal Band 1 - Retrocomputing WHV","og_description":"SYBEX &#8211; Nr. 3697 &#8211; Autor Karl Hermann Rollke7. Auflage &#8211; Erscheinungsjahr 1989 &#8211; ISBN 3-88745-697-1 Der sichere Einstieg in Turbo Pascal F\u00fcr den Informatik-Unterricht in der Sekundarstufe II F\u00fcr Informatik-Kurse an der Volkshochschule F\u00fcr Kurse und als Sekund\u00e4rliteratur an der Hochschule F\u00fcr Hobby-Programmierer und zum Selbststudium Dieses Buch wurde von einem Lehrer aus der Praxis geschrieben \u2013 Lehrer haben","og_url":"https:\/\/www.retrocomputing-whv.net\/?page_id=1495","og_site_name":"Retrocomputing WHV","article_modified_time":"2021-03-08T06:29:16+00:00","og_image":[{"url":"https:\/\/www.retrocomputing-whv.net\/wp-content\/uploads\/2021\/02\/SYBEX-3697-Grundkurs-Turbo-Pascal-Band-1_b-730x1024.jpg","type":"","width":"","height":""}],"twitter_card":"summary_large_image","twitter_misc":{"Gesch\u00e4tzte Lesezeit":"3\u00a0Minuten"},"schema":{"@context":"https:\/\/schema.org","@graph":[{"@type":"WebPage","@id":"https:\/\/www.retrocomputing-whv.net\/?page_id=1495","url":"https:\/\/www.retrocomputing-whv.net\/?page_id=1495","name":"3697 - Grundkurs Turbo Pascal Band 1 - Retrocomputing WHV","isPartOf":{"@id":"https:\/\/www.retrocomputing-whv.net\/#website"},"primaryImageOfPage":{"@id":"https:\/\/www.retrocomputing-whv.net\/?page_id=1495#primaryimage"},"image":{"@id":"https:\/\/www.retrocomputing-whv.net\/?page_id=1495#primaryimage"},"thumbnailUrl":"https:\/\/www.retrocomputing-whv.net\/wp-content\/uploads\/2021\/02\/SYBEX-3697-Grundkurs-Turbo-Pascal-Band-1_b-730x1024.jpg","datePublished":"2021-03-08T06:22:47+00:00","dateModified":"2021-03-08T06:29:16+00:00","breadcrumb":{"@id":"https:\/\/www.retrocomputing-whv.net\/?page_id=1495#breadcrumb"},"inLanguage":"de","potentialAction":[{"@type":"ReadAction","target":["https:\/\/www.retrocomputing-whv.net\/?page_id=1495"]}]},{"@type":"ImageObject","inLanguage":"de","@id":"https:\/\/www.retrocomputing-whv.net\/?page_id=1495#primaryimage","url":"https:\/\/www.retrocomputing-whv.net\/wp-content\/uploads\/2021\/02\/SYBEX-3697-Grundkurs-Turbo-Pascal-Band-1_b.jpg","contentUrl":"https:\/\/www.retrocomputing-whv.net\/wp-content\/uploads\/2021\/02\/SYBEX-3697-Grundkurs-Turbo-Pascal-Band-1_b.jpg","width":1200,"height":1683,"caption":"SYBEX 3697 - Grundkurs Turbo Pascal Band 1"},{"@type":"BreadcrumbList","@id":"https:\/\/www.retrocomputing-whv.net\/?page_id=1495#breadcrumb","itemListElement":[{"@type":"ListItem","position":1,"name":"Startseite","item":"https:\/\/www.retrocomputing-whv.net\/"},{"@type":"ListItem","position":2,"name":"Literatur","item":"https:\/\/www.retrocomputing-whv.net\/?page_id=105"},{"@type":"ListItem","position":3,"name":"SYBEX","item":"https:\/\/www.retrocomputing-whv.net\/?page_id=1362"},{"@type":"ListItem","position":4,"name":"3697 &#8211; Grundkurs Turbo Pascal Band 1"}]},{"@type":"WebSite","@id":"https:\/\/www.retrocomputing-whv.net\/#website","url":"https:\/\/www.retrocomputing-whv.net\/","name":"Retrocomputing WHV","description":"","publisher":{"@id":"https:\/\/www.retrocomputing-whv.net\/#organization"},"potentialAction":[{"@type":"SearchAction","target":{"@type":"EntryPoint","urlTemplate":"https:\/\/www.retrocomputing-whv.net\/?s={search_term_string}"},"query-input":{"@type":"PropertyValueSpecification","valueRequired":true,"valueName":"search_term_string"}}],"inLanguage":"de"},{"@type":"Organization","@id":"https:\/\/www.retrocomputing-whv.net\/#organization","name":"Retrocomputing-WHV","url":"https:\/\/www.retrocomputing-whv.net\/","logo":{"@type":"ImageObject","inLanguage":"de","@id":"https:\/\/www.retrocomputing-whv.net\/#\/schema\/logo\/image\/","url":"https:\/\/www.retrocomputing-whv.net\/wp-content\/uploads\/2020\/04\/Logo.png","contentUrl":"https:\/\/www.retrocomputing-whv.net\/wp-content\/uploads\/2020\/04\/Logo.png","width":1340,"height":250,"caption":"Retrocomputing-WHV"},"image":{"@id":"https:\/\/www.retrocomputing-whv.net\/#\/schema\/logo\/image\/"}}]}},"_links":{"self":[{"href":"https:\/\/www.retrocomputing-whv.net\/index.php?rest_route=\/wp\/v2\/pages\/1495","targetHints":{"allow":["GET"]}}],"collection":[{"href":"https:\/\/www.retrocomputing-whv.net\/index.php?rest_route=\/wp\/v2\/pages"}],"about":[{"href":"https:\/\/www.retrocomputing-whv.net\/index.php?rest_route=\/wp\/v2\/types\/page"}],"author":[{"embeddable":true,"href":"https:\/\/www.retrocomputing-whv.net\/index.php?rest_route=\/wp\/v2\/users\/1"}],"replies":[{"embeddable":true,"href":"https:\/\/www.retrocomputing-whv.net\/index.php?rest_route=%2Fwp%2Fv2%2Fcomments&post=1495"}],"version-history":[{"count":1,"href":"https:\/\/www.retrocomputing-whv.net\/index.php?rest_route=\/wp\/v2\/pages\/1495\/revisions"}],"predecessor-version":[{"id":1496,"href":"https:\/\/www.retrocomputing-whv.net\/index.php?rest_route=\/wp\/v2\/pages\/1495\/revisions\/1496"}],"up":[{"embeddable":true,"href":"https:\/\/www.retrocomputing-whv.net\/index.php?rest_route=\/wp\/v2\/pages\/1362"}],"wp:attachment":[{"href":"https:\/\/www.retrocomputing-whv.net\/index.php?rest_route=%2Fwp%2Fv2%2Fmedia&parent=1495"}],"curies":[{"name":"wp","href":"https:\/\/api.w.org\/{rel}","templated":true}]}}