{"id":1499,"date":"2021-03-08T07:41:16","date_gmt":"2021-03-08T06:41:16","guid":{"rendered":"https:\/\/www.retrocomputing-whv.net\/?page_id=1499"},"modified":"2021-03-08T07:41:45","modified_gmt":"2021-03-08T06:41:45","slug":"7025-internet-atlas-fuer-schueler","status":"publish","type":"page","link":"https:\/\/www.retrocomputing-whv.net\/?page_id=1499","title":{"rendered":"7025 &#8211; Internet-Atlas f\u00fcr Sch\u00fcler"},"content":{"rendered":"\n<figure class=\"wp-block-image size-large\"><img loading=\"lazy\" decoding=\"async\" width=\"705\" height=\"1024\" src=\"https:\/\/www.retrocomputing-whv.net\/wp-content\/uploads\/2021\/02\/SYBEX-7025-Internet-Atlas-fuer-Schueler_b-705x1024.jpg\" alt=\"SYBEX 7025 - Internet-Atlas f\u00fcr Sch\u00fcler\" class=\"wp-image-1453\" srcset=\"https:\/\/www.retrocomputing-whv.net\/wp-content\/uploads\/2021\/02\/SYBEX-7025-Internet-Atlas-fuer-Schueler_b-705x1024.jpg 705w, https:\/\/www.retrocomputing-whv.net\/wp-content\/uploads\/2021\/02\/SYBEX-7025-Internet-Atlas-fuer-Schueler_b-207x300.jpg 207w, https:\/\/www.retrocomputing-whv.net\/wp-content\/uploads\/2021\/02\/SYBEX-7025-Internet-Atlas-fuer-Schueler_b-768x1115.jpg 768w, https:\/\/www.retrocomputing-whv.net\/wp-content\/uploads\/2021\/02\/SYBEX-7025-Internet-Atlas-fuer-Schueler_b-1058x1536.jpg 1058w, https:\/\/www.retrocomputing-whv.net\/wp-content\/uploads\/2021\/02\/SYBEX-7025-Internet-Atlas-fuer-Schueler_b.jpg 1200w\" sizes=\"auto, (max-width: 705px) 100vw, 705px\" \/><\/figure>\n\n\n\n<p>SYBEX &#8211; Nr. 7025 &#8211; Autoren Ronny und Fabian Jansen, Ute Dick<br>1. Auflage &#8211;  Erscheinungsjahr 2000 &#8211; ISBN 3-81557-025-5<\/p>\n\n\n\n<p>Wenn Sie sich mit Ihrem Computer und Ihrer Software auskennen, aber nicht die Zeit haben, dringend ben\u00f6tigte Befehle oder andere Detail-Informationen langwierig zu suchen &#8211; dann sollte dieses Nachschlagewerk neben Ihrem Rechner liegen.<\/p>\n\n\n\n<p><strong>Inhaltsverzeichnis<\/strong><\/p>\n\n\n\n<ul class=\"wp-block-list\"><li>Vorwort f\u00fcr Kids<\/li><li>Vorwort f\u00fcr Eltern<\/li><li>Vorwort f\u00fcr Lehrer<\/li><li>Der Zugang ins Netz<\/li><li>Die Suche im WWW<\/li><li>Internet-Begriffe<\/li><li>WWW-Adressen<ul><li>Allgemein<ul><li>Unterrichtsmaterialien<\/li><li>Referate<\/li><li>Links<\/li><li>Suchmaschinen<\/li><\/ul><\/li><li>Biologie<ul><li>Zoologie<\/li><li>Botanik<\/li><li>Dinosaurier<\/li><li>\u00d6kologie<\/li><li>Ern\u00e4hrung<\/li><li>Medizin<\/li><li>Unterrichtsmaterialien<\/li><\/ul><\/li><li>Chemie<ul><li>Grundlagen<\/li><li>Experimente<\/li><li>Chemikalien<\/li><li>Unterrichtsmaterialien<\/li><\/ul><\/li><li>Deutsch<ul><li>Sprache und Grammatik<\/li><li>Rechtschreibung<\/li><li>Lexika<\/li><li>Literatur<\/li><\/ul><\/li><li>Englisch<ul><li>W\u00f6rterb\u00fccher<\/li><li>Vokabeln<\/li><li>Grammatik<\/li><li>Unterrichtsmaterialien<\/li><li>Texte<\/li><li>Literatur<\/li><li>Landeskunde<\/li><\/ul><\/li><li>Erdkunde<ul><li>Landkarten<\/li><li>Unterrichtsmaterialien<\/li><li>Meteorologie<\/li><li>Astronomie<\/li><li>Vulkane &amp; Erdbeben<\/li><li>Tourismus<\/li><\/ul><\/li><li>Franz\u00f6sisch<ul><li>W\u00f6rterb\u00fccher<\/li><li>Grammatik<\/li><li>Unterrichtsmaterialien<\/li><li>Literatur<\/li><li>Texte<\/li><li>Landeskunde<\/li><\/ul><\/li><li>Geschichte<ul><li>Nachschlagewerke<\/li><li>Museen<\/li><li>Zeitepochen<\/li><li>\u00c4gyptische Geschichte<\/li><li>R\u00f6mische Geschichte<\/li><li>Mittelalter<\/li><li>Neuzeit<\/li><li>Unterrichtsmaterialien<\/li><\/ul><\/li><li>Hauswirtschaft<ul><li>Ern\u00e4hrung<\/li><li>Rezepte<\/li><li>Kochtechniken<\/li><\/ul><\/li><li>Informatik<ul><li>Nachschlagewerke<\/li><li>PCs und Netzwerke<\/li><li>Betriebssysteme<\/li><li>Anwendungsprogramme<\/li><li>Internet<\/li><li>Programmiersprachen<\/li><\/ul><\/li><li>Italienisch<ul><li>W\u00f6rterb\u00fccher<\/li><li>Unterrichtsmaterialien<\/li><li>Landeskunde<\/li><\/ul><\/li><li>Kunst<ul><li>Nachschlagewerke<\/li><li>Museen<\/li><li>Einzelne K\u00fcnstler<\/li><li>Kunsttheorie<\/li><li>Unterrichtsmaterialien<\/li><\/ul><\/li><li>Latein<ul><li>Grammatik<\/li><li>W\u00f6rterb\u00fccher<\/li><li>\u00dcbersetzungen<\/li><li>Unterrichtsmaterialien<\/li><li>Texte<\/li><\/ul><\/li><li>Mathematik<ul><li>Nachschlagewerke<\/li><li>Arithmetik<\/li><li>Algebra<\/li><li>Geometrie<\/li><li>Unterrichtsmaterialien<\/li><\/ul><\/li><li>Musik<ul><li>Musiktheorie<\/li><li>Epochen<\/li><li>Komponisten<\/li><li>Unterhaltungsmusik<\/li><li>Instrumente<\/li><li>Unterrichtsmaterialien<\/li><\/ul><\/li><li>P\u00e4dagogik<ul><li>Lerntheorie<\/li><li>Friedensp\u00e4dagogik<\/li><li>Behindertenp\u00e4dagogik<\/li><li>Unterrichtsmaterialien<\/li><\/ul><\/li><li>Philosophie<ul><li>Nachschlagewerke<\/li><li>Einzelne Philosophen<\/li><li>Unterrichtsmaterialien<\/li><\/ul><\/li><li>Physik<ul><li>Technik<\/li><li>Experimente<\/li><li>Astronomie<\/li><li>Kernenergie<\/li><li>Regenerative Energieformen<\/li><li>Unterrichtsmaterialien<\/li><\/ul><\/li><\/ul><ul><li>Politik<ul><li>Institutionen<\/li><li>Parteien<\/li><li>Recht<\/li><li>Politikforschung<\/li><li>Unterrichtsmaterialien<\/li><\/ul><\/li><li>Religion<ul><li>Nachschlagewerke<\/li><li>Katholische &amp; evangelische Religion<\/li><li>Religionen<\/li><li>Sekten<\/li><li>Unterrichtsmaterialien<\/li><\/ul><\/li><li>Russisch<ul><li>W\u00f6rterb\u00fccher<\/li><li>Grammatik<\/li><li>Landeskunde<\/li><\/ul><\/li><li>Sozialwissenschaften<ul><li>Menschenrechte<\/li><li>Sozialpolitik<\/li><li>Drogen<\/li><\/ul><\/li><li>Spanisch<ul><li>W\u00f6rterb\u00fccher<\/li><li>Grammatik<\/li><li>Texte<\/li><li>Landeskunde<\/li><li>Unterrichtsmaterialien<\/li><\/ul><\/li><li>Sport<ul><li>Sportgeschichte<\/li><li>Sportp\u00e4dagogik<\/li><li>Sportarten<\/li><\/ul><\/li><li>Wirtschaftslehre<ul><li>Nachschlagewerke<\/li><li>Statistik<\/li><li>Geldtheorie<\/li><li>Buchf\u00fchrung<\/li><li>Wirtschaftspolitik<\/li><li>Steuerpolitik<\/li><li>Wirtschaftsrecht<\/li><li>B\u00f6rse<\/li><\/ul><\/li><\/ul><\/li><\/ul>\n\n\n\n<figure class=\"wp-block-image size-large\"><a href=\"https:\/\/www.retrocomputing-whv.net\/?page_id=1362\"><img loading=\"lazy\" decoding=\"async\" width=\"256\" height=\"136\" src=\"https:\/\/www.retrocomputing-whv.net\/wp-content\/uploads\/2020\/08\/Backspace.jpg\" alt=\"Backspace\" class=\"wp-image-681\"\/><\/a><\/figure>\n","protected":false},"excerpt":{"rendered":"<p>SYBEX &#8211; Nr. 7025 &#8211; Autoren Ronny und Fabian Jansen, Ute Dick1. Auflage &#8211; Erscheinungsjahr 2000 &#8211; ISBN 3-81557-025-5 Wenn Sie sich mit Ihrem Computer und Ihrer Software auskennen, aber nicht die Zeit haben, dringend ben\u00f6tigte Befehle oder andere Detail-Informationen langwierig zu suchen &#8211; dann sollte dieses Nachschlagewerk neben Ihrem Rechner liegen. Inhaltsverzeichnis Vorwort f\u00fcr Kids Vorwort f\u00fcr Eltern Vorwort<\/p>\n","protected":false},"author":1,"featured_media":0,"parent":1362,"menu_order":0,"comment_status":"closed","ping_status":"closed","template":"","meta":{"footnotes":""},"class_list":["post-1499","page","type-page","status-publish","hentry"],"yoast_head":"<!-- This site is optimized with the Yoast SEO plugin v27.6 - https:\/\/yoast.com\/product\/yoast-seo-wordpress\/ -->\n<title>7025 - Internet-Atlas f\u00fcr Sch\u00fcler - Retrocomputing WHV<\/title>\n<meta name=\"robots\" content=\"index, follow, max-snippet:-1, max-image-preview:large, max-video-preview:-1\" \/>\n<link rel=\"canonical\" href=\"https:\/\/www.retrocomputing-whv.net\/?page_id=1499\" \/>\n<meta property=\"og:locale\" content=\"de_DE\" \/>\n<meta property=\"og:type\" content=\"article\" \/>\n<meta property=\"og:title\" content=\"7025 - Internet-Atlas f\u00fcr Sch\u00fcler - Retrocomputing WHV\" \/>\n<meta property=\"og:description\" content=\"SYBEX &#8211; Nr. 7025 &#8211; Autoren Ronny und Fabian Jansen, Ute Dick1. Auflage &#8211; Erscheinungsjahr 2000 &#8211; ISBN 3-81557-025-5 Wenn Sie sich mit Ihrem Computer und Ihrer Software auskennen, aber nicht die Zeit haben, dringend ben\u00f6tigte Befehle oder andere Detail-Informationen langwierig zu suchen &#8211; dann sollte dieses Nachschlagewerk neben Ihrem Rechner liegen. Inhaltsverzeichnis Vorwort f\u00fcr Kids Vorwort f\u00fcr Eltern Vorwort\" \/>\n<meta property=\"og:url\" content=\"https:\/\/www.retrocomputing-whv.net\/?page_id=1499\" \/>\n<meta property=\"og:site_name\" content=\"Retrocomputing WHV\" \/>\n<meta property=\"article:modified_time\" content=\"2021-03-08T06:41:45+00:00\" \/>\n<meta property=\"og:image\" content=\"https:\/\/www.retrocomputing-whv.net\/wp-content\/uploads\/2021\/02\/SYBEX-7025-Internet-Atlas-fuer-Schueler_b-705x1024.jpg\" \/>\n<meta name=\"twitter:card\" content=\"summary_large_image\" \/>\n<meta name=\"twitter:label1\" content=\"Gesch\u00e4tzte Lesezeit\" \/>\n\t<meta name=\"twitter:data1\" content=\"2\u00a0Minuten\" \/>\n<script type=\"application\/ld+json\" class=\"yoast-schema-graph\">{\"@context\":\"https:\\\/\\\/schema.org\",\"@graph\":[{\"@type\":\"WebPage\",\"@id\":\"https:\\\/\\\/www.retrocomputing-whv.net\\\/?page_id=1499\",\"url\":\"https:\\\/\\\/www.retrocomputing-whv.net\\\/?page_id=1499\",\"name\":\"7025 - Internet-Atlas f\u00fcr Sch\u00fcler - Retrocomputing WHV\",\"isPartOf\":{\"@id\":\"https:\\\/\\\/www.retrocomputing-whv.net\\\/#website\"},\"primaryImageOfPage\":{\"@id\":\"https:\\\/\\\/www.retrocomputing-whv.net\\\/?page_id=1499#primaryimage\"},\"image\":{\"@id\":\"https:\\\/\\\/www.retrocomputing-whv.net\\\/?page_id=1499#primaryimage\"},\"thumbnailUrl\":\"https:\\\/\\\/www.retrocomputing-whv.net\\\/wp-content\\\/uploads\\\/2021\\\/02\\\/SYBEX-7025-Internet-Atlas-fuer-Schueler_b-705x1024.jpg\",\"datePublished\":\"2021-03-08T06:41:16+00:00\",\"dateModified\":\"2021-03-08T06:41:45+00:00\",\"breadcrumb\":{\"@id\":\"https:\\\/\\\/www.retrocomputing-whv.net\\\/?page_id=1499#breadcrumb\"},\"inLanguage\":\"de\",\"potentialAction\":[{\"@type\":\"ReadAction\",\"target\":[\"https:\\\/\\\/www.retrocomputing-whv.net\\\/?page_id=1499\"]}]},{\"@type\":\"ImageObject\",\"inLanguage\":\"de\",\"@id\":\"https:\\\/\\\/www.retrocomputing-whv.net\\\/?page_id=1499#primaryimage\",\"url\":\"https:\\\/\\\/www.retrocomputing-whv.net\\\/wp-content\\\/uploads\\\/2021\\\/02\\\/SYBEX-7025-Internet-Atlas-fuer-Schueler_b.jpg\",\"contentUrl\":\"https:\\\/\\\/www.retrocomputing-whv.net\\\/wp-content\\\/uploads\\\/2021\\\/02\\\/SYBEX-7025-Internet-Atlas-fuer-Schueler_b.jpg\",\"width\":1200,\"height\":1742,\"caption\":\"SYBEX 7025 - Internet-Atlas f\u00fcr Sch\u00fcler\"},{\"@type\":\"BreadcrumbList\",\"@id\":\"https:\\\/\\\/www.retrocomputing-whv.net\\\/?page_id=1499#breadcrumb\",\"itemListElement\":[{\"@type\":\"ListItem\",\"position\":1,\"name\":\"Startseite\",\"item\":\"https:\\\/\\\/www.retrocomputing-whv.net\\\/\"},{\"@type\":\"ListItem\",\"position\":2,\"name\":\"Literatur\",\"item\":\"https:\\\/\\\/www.retrocomputing-whv.net\\\/?page_id=105\"},{\"@type\":\"ListItem\",\"position\":3,\"name\":\"SYBEX\",\"item\":\"https:\\\/\\\/www.retrocomputing-whv.net\\\/?page_id=1362\"},{\"@type\":\"ListItem\",\"position\":4,\"name\":\"7025 &#8211; Internet-Atlas f\u00fcr Sch\u00fcler\"}]},{\"@type\":\"WebSite\",\"@id\":\"https:\\\/\\\/www.retrocomputing-whv.net\\\/#website\",\"url\":\"https:\\\/\\\/www.retrocomputing-whv.net\\\/\",\"name\":\"Retrocomputing WHV\",\"description\":\"\",\"publisher\":{\"@id\":\"https:\\\/\\\/www.retrocomputing-whv.net\\\/#organization\"},\"potentialAction\":[{\"@type\":\"SearchAction\",\"target\":{\"@type\":\"EntryPoint\",\"urlTemplate\":\"https:\\\/\\\/www.retrocomputing-whv.net\\\/?s={search_term_string}\"},\"query-input\":{\"@type\":\"PropertyValueSpecification\",\"valueRequired\":true,\"valueName\":\"search_term_string\"}}],\"inLanguage\":\"de\"},{\"@type\":\"Organization\",\"@id\":\"https:\\\/\\\/www.retrocomputing-whv.net\\\/#organization\",\"name\":\"Retrocomputing-WHV\",\"url\":\"https:\\\/\\\/www.retrocomputing-whv.net\\\/\",\"logo\":{\"@type\":\"ImageObject\",\"inLanguage\":\"de\",\"@id\":\"https:\\\/\\\/www.retrocomputing-whv.net\\\/#\\\/schema\\\/logo\\\/image\\\/\",\"url\":\"https:\\\/\\\/www.retrocomputing-whv.net\\\/wp-content\\\/uploads\\\/2020\\\/04\\\/Logo.png\",\"contentUrl\":\"https:\\\/\\\/www.retrocomputing-whv.net\\\/wp-content\\\/uploads\\\/2020\\\/04\\\/Logo.png\",\"width\":1340,\"height\":250,\"caption\":\"Retrocomputing-WHV\"},\"image\":{\"@id\":\"https:\\\/\\\/www.retrocomputing-whv.net\\\/#\\\/schema\\\/logo\\\/image\\\/\"}}]}<\/script>\n<!-- \/ Yoast SEO plugin. -->","yoast_head_json":{"title":"7025 - Internet-Atlas f\u00fcr Sch\u00fcler - Retrocomputing WHV","robots":{"index":"index","follow":"follow","max-snippet":"max-snippet:-1","max-image-preview":"max-image-preview:large","max-video-preview":"max-video-preview:-1"},"canonical":"https:\/\/www.retrocomputing-whv.net\/?page_id=1499","og_locale":"de_DE","og_type":"article","og_title":"7025 - Internet-Atlas f\u00fcr Sch\u00fcler - Retrocomputing WHV","og_description":"SYBEX &#8211; Nr. 7025 &#8211; Autoren Ronny und Fabian Jansen, Ute Dick1. Auflage &#8211; Erscheinungsjahr 2000 &#8211; ISBN 3-81557-025-5 Wenn Sie sich mit Ihrem Computer und Ihrer Software auskennen, aber nicht die Zeit haben, dringend ben\u00f6tigte Befehle oder andere Detail-Informationen langwierig zu suchen &#8211; dann sollte dieses Nachschlagewerk neben Ihrem Rechner liegen. Inhaltsverzeichnis Vorwort f\u00fcr Kids Vorwort f\u00fcr Eltern Vorwort","og_url":"https:\/\/www.retrocomputing-whv.net\/?page_id=1499","og_site_name":"Retrocomputing WHV","article_modified_time":"2021-03-08T06:41:45+00:00","og_image":[{"url":"https:\/\/www.retrocomputing-whv.net\/wp-content\/uploads\/2021\/02\/SYBEX-7025-Internet-Atlas-fuer-Schueler_b-705x1024.jpg","type":"","width":"","height":""}],"twitter_card":"summary_large_image","twitter_misc":{"Gesch\u00e4tzte Lesezeit":"2\u00a0Minuten"},"schema":{"@context":"https:\/\/schema.org","@graph":[{"@type":"WebPage","@id":"https:\/\/www.retrocomputing-whv.net\/?page_id=1499","url":"https:\/\/www.retrocomputing-whv.net\/?page_id=1499","name":"7025 - Internet-Atlas f\u00fcr Sch\u00fcler - Retrocomputing WHV","isPartOf":{"@id":"https:\/\/www.retrocomputing-whv.net\/#website"},"primaryImageOfPage":{"@id":"https:\/\/www.retrocomputing-whv.net\/?page_id=1499#primaryimage"},"image":{"@id":"https:\/\/www.retrocomputing-whv.net\/?page_id=1499#primaryimage"},"thumbnailUrl":"https:\/\/www.retrocomputing-whv.net\/wp-content\/uploads\/2021\/02\/SYBEX-7025-Internet-Atlas-fuer-Schueler_b-705x1024.jpg","datePublished":"2021-03-08T06:41:16+00:00","dateModified":"2021-03-08T06:41:45+00:00","breadcrumb":{"@id":"https:\/\/www.retrocomputing-whv.net\/?page_id=1499#breadcrumb"},"inLanguage":"de","potentialAction":[{"@type":"ReadAction","target":["https:\/\/www.retrocomputing-whv.net\/?page_id=1499"]}]},{"@type":"ImageObject","inLanguage":"de","@id":"https:\/\/www.retrocomputing-whv.net\/?page_id=1499#primaryimage","url":"https:\/\/www.retrocomputing-whv.net\/wp-content\/uploads\/2021\/02\/SYBEX-7025-Internet-Atlas-fuer-Schueler_b.jpg","contentUrl":"https:\/\/www.retrocomputing-whv.net\/wp-content\/uploads\/2021\/02\/SYBEX-7025-Internet-Atlas-fuer-Schueler_b.jpg","width":1200,"height":1742,"caption":"SYBEX 7025 - Internet-Atlas f\u00fcr Sch\u00fcler"},{"@type":"BreadcrumbList","@id":"https:\/\/www.retrocomputing-whv.net\/?page_id=1499#breadcrumb","itemListElement":[{"@type":"ListItem","position":1,"name":"Startseite","item":"https:\/\/www.retrocomputing-whv.net\/"},{"@type":"ListItem","position":2,"name":"Literatur","item":"https:\/\/www.retrocomputing-whv.net\/?page_id=105"},{"@type":"ListItem","position":3,"name":"SYBEX","item":"https:\/\/www.retrocomputing-whv.net\/?page_id=1362"},{"@type":"ListItem","position":4,"name":"7025 &#8211; Internet-Atlas f\u00fcr Sch\u00fcler"}]},{"@type":"WebSite","@id":"https:\/\/www.retrocomputing-whv.net\/#website","url":"https:\/\/www.retrocomputing-whv.net\/","name":"Retrocomputing WHV","description":"","publisher":{"@id":"https:\/\/www.retrocomputing-whv.net\/#organization"},"potentialAction":[{"@type":"SearchAction","target":{"@type":"EntryPoint","urlTemplate":"https:\/\/www.retrocomputing-whv.net\/?s={search_term_string}"},"query-input":{"@type":"PropertyValueSpecification","valueRequired":true,"valueName":"search_term_string"}}],"inLanguage":"de"},{"@type":"Organization","@id":"https:\/\/www.retrocomputing-whv.net\/#organization","name":"Retrocomputing-WHV","url":"https:\/\/www.retrocomputing-whv.net\/","logo":{"@type":"ImageObject","inLanguage":"de","@id":"https:\/\/www.retrocomputing-whv.net\/#\/schema\/logo\/image\/","url":"https:\/\/www.retrocomputing-whv.net\/wp-content\/uploads\/2020\/04\/Logo.png","contentUrl":"https:\/\/www.retrocomputing-whv.net\/wp-content\/uploads\/2020\/04\/Logo.png","width":1340,"height":250,"caption":"Retrocomputing-WHV"},"image":{"@id":"https:\/\/www.retrocomputing-whv.net\/#\/schema\/logo\/image\/"}}]}},"_links":{"self":[{"href":"https:\/\/www.retrocomputing-whv.net\/index.php?rest_route=\/wp\/v2\/pages\/1499","targetHints":{"allow":["GET"]}}],"collection":[{"href":"https:\/\/www.retrocomputing-whv.net\/index.php?rest_route=\/wp\/v2\/pages"}],"about":[{"href":"https:\/\/www.retrocomputing-whv.net\/index.php?rest_route=\/wp\/v2\/types\/page"}],"author":[{"embeddable":true,"href":"https:\/\/www.retrocomputing-whv.net\/index.php?rest_route=\/wp\/v2\/users\/1"}],"replies":[{"embeddable":true,"href":"https:\/\/www.retrocomputing-whv.net\/index.php?rest_route=%2Fwp%2Fv2%2Fcomments&post=1499"}],"version-history":[{"count":1,"href":"https:\/\/www.retrocomputing-whv.net\/index.php?rest_route=\/wp\/v2\/pages\/1499\/revisions"}],"predecessor-version":[{"id":1500,"href":"https:\/\/www.retrocomputing-whv.net\/index.php?rest_route=\/wp\/v2\/pages\/1499\/revisions\/1500"}],"up":[{"embeddable":true,"href":"https:\/\/www.retrocomputing-whv.net\/index.php?rest_route=\/wp\/v2\/pages\/1362"}],"wp:attachment":[{"href":"https:\/\/www.retrocomputing-whv.net\/index.php?rest_route=%2Fwp%2Fv2%2Fmedia&parent=1499"}],"curies":[{"name":"wp","href":"https:\/\/api.w.org\/{rel}","templated":true}]}}