{"id":16,"date":"2020-03-26T19:47:36","date_gmt":"2020-03-26T19:47:36","guid":{"rendered":"http:\/\/retrocomputing-whv.net\/?page_id=16"},"modified":"2020-04-14T21:07:19","modified_gmt":"2020-04-14T19:07:19","slug":"commodore","status":"publish","type":"page","link":"https:\/\/www.retrocomputing-whv.net\/?page_id=16","title":{"rendered":"Commodore"},"content":{"rendered":"\n<p>Computer &#8222;For the masses, not for the classes&#8220;<\/p>\n\n\n\n<p>Der Gr\u00fcnder Jack Tramiel ist geb\u00fcrtiger Pole und wurde am 13.12.1928 in <a rel=\"noreferrer noopener\" href=\"https:\/\/de.wikipedia.org\/wiki\/%C5%81%C3%B3d%C5%BA\" target=\"_blank\">\u0141\u00f3d\u017a<\/a> (Polen) geboren. Sein richtiger Name war Jacek Trzmiel, diesen Namen legte er allerdings ab, als er nach dem <a rel=\"noreferrer noopener\" href=\"https:\/\/de.wikipedia.org\/wiki\/Zweiter_Weltkrieg\" target=\"_blank\">2. Weltkrieg<\/a> am 10.11.1947 in die USA ausgewanderte. In diesen Jahr heiratete er seine Frau Helen Goldgrub, ebenfalls eine \u00dcberlebende des <a rel=\"noreferrer noopener\" href=\"https:\/\/de.wikipedia.org\/wiki\/Holocaust\" target=\"_blank\">Holocaust<\/a>.<br>1939 wurde Jacek Trzmiel in das <a rel=\"noreferrer noopener\" href=\"https:\/\/de.wikipedia.org\/wiki\/Ghetto_Litzmannstadt\" target=\"_blank\">Ghetto Litzmannstadt<\/a> einquartiert und von dort aus 1944 in das <a rel=\"noreferrer noopener\" href=\"https:\/\/de.wikipedia.org\/wiki\/KZ_Auschwitz\" target=\"_blank\">Konzentrationslager Auschwitz<\/a> deportiert. Von dort aus wurde er zusammen mit seinen Vater in das Konzentrationslager <a rel=\"noreferrer noopener\" href=\"https:\/\/de.wikipedia.org\/wiki\/Ahlem-Badenstedt-Davenstedt\" target=\"_blank\">Hannover-Ahlem<\/a>, eine Au\u00dfenstelle der <a rel=\"noreferrer noopener\" href=\"https:\/\/de.wikipedia.org\/wiki\/KZ_Neuengamme\" target=\"_blank\">Konzentrationslagers Neuengamme<\/a> verlegt. Am 10.04.1945 wurde er als einer von 60 \u00dcberlebenden durch US-Truppen befreit.<\/p>\n\n\n\n<p>Ab 1948 arbeitete Jack Tramiel bei der US-Armee und reparierte dort B\u00fcroausstattungen und Schreibmaschinen, bevor er das zust\u00e4ndige B\u00fcro schlie\u00dflich leitete. Nach 3 Jahren und 7 Monaten k\u00fcndigte er 1951 allerdings, um als Mechaniker zu arbeiten. Da er zu diesem Zeitpunkt bereits einen 1-j\u00e4hrigen Sohn hatte und 50$ Wochenverdienst nicht ausreichten, um eine Familie zu ern\u00e4hren, fuhr er nachts zus\u00e4tzlich Taxi. 1953 wurde er amerikanischer Staatsb\u00fcrger und kaufte im selben Jahr in der <a rel=\"noreferrer noopener\" href=\"https:\/\/de.wikipedia.org\/wiki\/Bronx\" target=\"_blank\">Bronx<\/a> (Stadtteil in <a rel=\"noreferrer noopener\" href=\"https:\/\/de.wikipedia.org\/wiki\/New_York_City\" target=\"_blank\">New York<\/a>) einen Laden, um dort Schreibmaschinen zu reparieren. Daf\u00fcr nutzte er ein Regierungsdarlehen in H\u00f6he von 25.000$ f\u00fcr ehemalige Soldaten der US-Armee. Da er einen milit\u00e4risch klingenden Namen f\u00fcr das Gesch\u00e4ft haben wollte, <a rel=\"noreferrer noopener\" href=\"https:\/\/de.wikipedia.org\/wiki\/Admiral\" target=\"_blank\">Admiral<\/a> und <a rel=\"noreferrer noopener\" href=\"https:\/\/de.wikipedia.org\/wiki\/General\" target=\"_blank\">General<\/a> aber bereits vergeben waren, nannte er das Gesch\u00e4ft &#8222;<a rel=\"noreferrer noopener\" href=\"https:\/\/de.wikipedia.org\/wiki\/Kommodore\" target=\"_blank\">Commodore<\/a> Portable Typewriter&#8220;.<\/p>\n\n\n\n<p>Fortsetzung folgt&#8230;.<\/p>\n\n\n\n<p><strong>Quellen:<\/strong><\/p>\n\n\n\n<ol class=\"wp-block-list\"><li>&#8222;Nachruf auf Commodore-Gr\u00fcnder Tramiel&#8220; &#8211; taz &#8211; <a rel=\"noreferrer noopener\" href=\"https:\/\/taz.de\/!5096492\/\" target=\"_blank\">https:\/\/taz.de\/!5096492\/<\/a><\/li><li>&#8222;Commodore&#8220; &#8211; <a rel=\"noreferrer noopener\" href=\"http:\/\/infges.tripod.com\/commodore.htm\" target=\"_blank\">http:\/\/infges.tripod.com\/commodore.htm<\/a><\/li><li>&#8222;Jack Tramiel&#8220; &#8211; Wikipedia &#8211; <a rel=\"noreferrer noopener\" href=\"https:\/\/de.wikipedia.org\/wiki\/Jack_Tramiel\" target=\"_blank\">https:\/\/de.wikipedia.org\/wiki\/Jack_Tramiel<\/a><\/li><li>&#8222;Commodore International&#8220;  &#8211; Wikipedia &#8211; <a rel=\"noreferrer noopener\" href=\"https:\/\/de.wikipedia.org\/wiki\/Commodore_International\" target=\"_blank\">https:\/\/de.wikipedia.org\/wiki\/Commodore_International<\/a><\/li><li>&#8222;Jack Tramiel&#8220; &#8211; Wikipedia &#8211; <a rel=\"noreferrer noopener\" href=\"https:\/\/en.wikipedia.org\/wiki\/Jack_Tramiel\" target=\"_blank\">https:\/\/en.wikipedia.org\/wiki\/Jack_Tramiel<\/a><\/li><li>&#8222;Jack Tramiel&#8220; &#8211; C64 Wiki &#8211; <a href=\"https:\/\/www.commodore.ca\/commodore-history\/jack-tramiel-king-of-the-home-computer\/\" target=\"_blank\" rel=\"noreferrer noopener\">https:\/\/www.c64-wiki.de\/wiki\/Jack_Tramiel<\/a><\/li><li>&#8222;Interview mit Jack Tramiel&#8220; &#8211; Data Welt &#8211; <a href=\"https:\/\/www.commodore.ca\/commodore-history\/jack-tramiel-king-of-the-home-computer\/\" target=\"_blank\" rel=\"noreferrer noopener\">https:\/\/www.commodore.ca\/history\/people\/Jack_Tramiel_German_Data_Welt_1986.pdf<\/a><\/li><li>&#8222;Jack Tramiel &#8211; King of the Home Computer&#8220; &#8211; Commodore Computers &#8211; <a href=\"https:\/\/www.commodore.ca\/commodore-history\/jack-tramiel-king-of-the-home-computer\/\" target=\"_blank\" rel=\"noreferrer noopener\">https:\/\/www.commodore.ca\/commodore-history\/jack-tramiel-king-of-the-home-computer\/<\/a><\/li><\/ol>\n\n\n\n<p><\/p>\n","protected":false},"excerpt":{"rendered":"<p>Computer &#8222;For the masses, not for the classes&#8220; Der Gr\u00fcnder Jack Tramiel ist geb\u00fcrtiger Pole und wurde am 13.12.1928 in \u0141\u00f3d\u017a (Polen) geboren. Sein richtiger Name war Jacek Trzmiel, diesen Namen legte er allerdings ab, als er nach dem 2. Weltkrieg am 10.11.1947 in die USA ausgewanderte. In diesen Jahr heiratete er seine Frau Helen Goldgrub, ebenfalls eine \u00dcberlebende des<\/p>\n","protected":false},"author":1,"featured_media":0,"parent":0,"menu_order":3000,"comment_status":"closed","ping_status":"closed","template":"","meta":{"footnotes":""},"class_list":["post-16","page","type-page","status-publish","hentry"],"yoast_head":"<!-- This site is optimized with the Yoast SEO plugin v27.5 - https:\/\/yoast.com\/product\/yoast-seo-wordpress\/ -->\n<title>Commodore - Retrocomputing WHV<\/title>\n<meta name=\"robots\" content=\"index, follow, max-snippet:-1, max-image-preview:large, max-video-preview:-1\" \/>\n<link rel=\"canonical\" href=\"https:\/\/www.retrocomputing-whv.net\/?page_id=16\" \/>\n<meta property=\"og:locale\" content=\"de_DE\" \/>\n<meta property=\"og:type\" content=\"article\" \/>\n<meta property=\"og:title\" content=\"Commodore - Retrocomputing WHV\" \/>\n<meta property=\"og:description\" content=\"Computer &#8222;For the masses, not for the classes&#8220; Der Gr\u00fcnder Jack Tramiel ist geb\u00fcrtiger Pole und wurde am 13.12.1928 in \u0141\u00f3d\u017a (Polen) geboren. Sein richtiger Name war Jacek Trzmiel, diesen Namen legte er allerdings ab, als er nach dem 2. Weltkrieg am 10.11.1947 in die USA ausgewanderte. In diesen Jahr heiratete er seine Frau Helen Goldgrub, ebenfalls eine \u00dcberlebende des\" \/>\n<meta property=\"og:url\" content=\"https:\/\/www.retrocomputing-whv.net\/?page_id=16\" \/>\n<meta property=\"og:site_name\" content=\"Retrocomputing WHV\" \/>\n<meta property=\"article:modified_time\" content=\"2020-04-14T19:07:19+00:00\" \/>\n<meta name=\"twitter:card\" content=\"summary_large_image\" \/>\n<meta name=\"twitter:label1\" content=\"Gesch\u00e4tzte Lesezeit\" \/>\n\t<meta name=\"twitter:data1\" content=\"2\u00a0Minuten\" \/>\n<script type=\"application\/ld+json\" class=\"yoast-schema-graph\">{\"@context\":\"https:\\\/\\\/schema.org\",\"@graph\":[{\"@type\":\"WebPage\",\"@id\":\"https:\\\/\\\/www.retrocomputing-whv.net\\\/?page_id=16\",\"url\":\"https:\\\/\\\/www.retrocomputing-whv.net\\\/?page_id=16\",\"name\":\"Commodore - Retrocomputing WHV\",\"isPartOf\":{\"@id\":\"https:\\\/\\\/www.retrocomputing-whv.net\\\/#website\"},\"datePublished\":\"2020-03-26T19:47:36+00:00\",\"dateModified\":\"2020-04-14T19:07:19+00:00\",\"breadcrumb\":{\"@id\":\"https:\\\/\\\/www.retrocomputing-whv.net\\\/?page_id=16#breadcrumb\"},\"inLanguage\":\"de\",\"potentialAction\":[{\"@type\":\"ReadAction\",\"target\":[\"https:\\\/\\\/www.retrocomputing-whv.net\\\/?page_id=16\"]}]},{\"@type\":\"BreadcrumbList\",\"@id\":\"https:\\\/\\\/www.retrocomputing-whv.net\\\/?page_id=16#breadcrumb\",\"itemListElement\":[{\"@type\":\"ListItem\",\"position\":1,\"name\":\"Startseite\",\"item\":\"https:\\\/\\\/www.retrocomputing-whv.net\\\/\"},{\"@type\":\"ListItem\",\"position\":2,\"name\":\"Commodore\"}]},{\"@type\":\"WebSite\",\"@id\":\"https:\\\/\\\/www.retrocomputing-whv.net\\\/#website\",\"url\":\"https:\\\/\\\/www.retrocomputing-whv.net\\\/\",\"name\":\"Retrocomputing WHV\",\"description\":\"\",\"publisher\":{\"@id\":\"https:\\\/\\\/www.retrocomputing-whv.net\\\/#organization\"},\"potentialAction\":[{\"@type\":\"SearchAction\",\"target\":{\"@type\":\"EntryPoint\",\"urlTemplate\":\"https:\\\/\\\/www.retrocomputing-whv.net\\\/?s={search_term_string}\"},\"query-input\":{\"@type\":\"PropertyValueSpecification\",\"valueRequired\":true,\"valueName\":\"search_term_string\"}}],\"inLanguage\":\"de\"},{\"@type\":\"Organization\",\"@id\":\"https:\\\/\\\/www.retrocomputing-whv.net\\\/#organization\",\"name\":\"Retrocomputing-WHV\",\"url\":\"https:\\\/\\\/www.retrocomputing-whv.net\\\/\",\"logo\":{\"@type\":\"ImageObject\",\"inLanguage\":\"de\",\"@id\":\"https:\\\/\\\/www.retrocomputing-whv.net\\\/#\\\/schema\\\/logo\\\/image\\\/\",\"url\":\"https:\\\/\\\/www.retrocomputing-whv.net\\\/wp-content\\\/uploads\\\/2020\\\/04\\\/Logo.png\",\"contentUrl\":\"https:\\\/\\\/www.retrocomputing-whv.net\\\/wp-content\\\/uploads\\\/2020\\\/04\\\/Logo.png\",\"width\":1340,\"height\":250,\"caption\":\"Retrocomputing-WHV\"},\"image\":{\"@id\":\"https:\\\/\\\/www.retrocomputing-whv.net\\\/#\\\/schema\\\/logo\\\/image\\\/\"}}]}<\/script>\n<!-- \/ Yoast SEO plugin. -->","yoast_head_json":{"title":"Commodore - Retrocomputing WHV","robots":{"index":"index","follow":"follow","max-snippet":"max-snippet:-1","max-image-preview":"max-image-preview:large","max-video-preview":"max-video-preview:-1"},"canonical":"https:\/\/www.retrocomputing-whv.net\/?page_id=16","og_locale":"de_DE","og_type":"article","og_title":"Commodore - Retrocomputing WHV","og_description":"Computer &#8222;For the masses, not for the classes&#8220; Der Gr\u00fcnder Jack Tramiel ist geb\u00fcrtiger Pole und wurde am 13.12.1928 in \u0141\u00f3d\u017a (Polen) geboren. Sein richtiger Name war Jacek Trzmiel, diesen Namen legte er allerdings ab, als er nach dem 2. Weltkrieg am 10.11.1947 in die USA ausgewanderte. In diesen Jahr heiratete er seine Frau Helen Goldgrub, ebenfalls eine \u00dcberlebende des","og_url":"https:\/\/www.retrocomputing-whv.net\/?page_id=16","og_site_name":"Retrocomputing WHV","article_modified_time":"2020-04-14T19:07:19+00:00","twitter_card":"summary_large_image","twitter_misc":{"Gesch\u00e4tzte Lesezeit":"2\u00a0Minuten"},"schema":{"@context":"https:\/\/schema.org","@graph":[{"@type":"WebPage","@id":"https:\/\/www.retrocomputing-whv.net\/?page_id=16","url":"https:\/\/www.retrocomputing-whv.net\/?page_id=16","name":"Commodore - Retrocomputing WHV","isPartOf":{"@id":"https:\/\/www.retrocomputing-whv.net\/#website"},"datePublished":"2020-03-26T19:47:36+00:00","dateModified":"2020-04-14T19:07:19+00:00","breadcrumb":{"@id":"https:\/\/www.retrocomputing-whv.net\/?page_id=16#breadcrumb"},"inLanguage":"de","potentialAction":[{"@type":"ReadAction","target":["https:\/\/www.retrocomputing-whv.net\/?page_id=16"]}]},{"@type":"BreadcrumbList","@id":"https:\/\/www.retrocomputing-whv.net\/?page_id=16#breadcrumb","itemListElement":[{"@type":"ListItem","position":1,"name":"Startseite","item":"https:\/\/www.retrocomputing-whv.net\/"},{"@type":"ListItem","position":2,"name":"Commodore"}]},{"@type":"WebSite","@id":"https:\/\/www.retrocomputing-whv.net\/#website","url":"https:\/\/www.retrocomputing-whv.net\/","name":"Retrocomputing WHV","description":"","publisher":{"@id":"https:\/\/www.retrocomputing-whv.net\/#organization"},"potentialAction":[{"@type":"SearchAction","target":{"@type":"EntryPoint","urlTemplate":"https:\/\/www.retrocomputing-whv.net\/?s={search_term_string}"},"query-input":{"@type":"PropertyValueSpecification","valueRequired":true,"valueName":"search_term_string"}}],"inLanguage":"de"},{"@type":"Organization","@id":"https:\/\/www.retrocomputing-whv.net\/#organization","name":"Retrocomputing-WHV","url":"https:\/\/www.retrocomputing-whv.net\/","logo":{"@type":"ImageObject","inLanguage":"de","@id":"https:\/\/www.retrocomputing-whv.net\/#\/schema\/logo\/image\/","url":"https:\/\/www.retrocomputing-whv.net\/wp-content\/uploads\/2020\/04\/Logo.png","contentUrl":"https:\/\/www.retrocomputing-whv.net\/wp-content\/uploads\/2020\/04\/Logo.png","width":1340,"height":250,"caption":"Retrocomputing-WHV"},"image":{"@id":"https:\/\/www.retrocomputing-whv.net\/#\/schema\/logo\/image\/"}}]}},"_links":{"self":[{"href":"https:\/\/www.retrocomputing-whv.net\/index.php?rest_route=\/wp\/v2\/pages\/16","targetHints":{"allow":["GET"]}}],"collection":[{"href":"https:\/\/www.retrocomputing-whv.net\/index.php?rest_route=\/wp\/v2\/pages"}],"about":[{"href":"https:\/\/www.retrocomputing-whv.net\/index.php?rest_route=\/wp\/v2\/types\/page"}],"author":[{"embeddable":true,"href":"https:\/\/www.retrocomputing-whv.net\/index.php?rest_route=\/wp\/v2\/users\/1"}],"replies":[{"embeddable":true,"href":"https:\/\/www.retrocomputing-whv.net\/index.php?rest_route=%2Fwp%2Fv2%2Fcomments&post=16"}],"version-history":[{"count":0,"href":"https:\/\/www.retrocomputing-whv.net\/index.php?rest_route=\/wp\/v2\/pages\/16\/revisions"}],"wp:attachment":[{"href":"https:\/\/www.retrocomputing-whv.net\/index.php?rest_route=%2Fwp%2Fv2%2Fmedia&parent=16"}],"curies":[{"name":"wp","href":"https:\/\/api.w.org\/{rel}","templated":true}]}}