{"id":1680,"date":"2021-05-18T10:21:19","date_gmt":"2021-05-18T08:21:19","guid":{"rendered":"https:\/\/www.retrocomputing-whv.net\/?page_id=1680"},"modified":"2021-05-18T10:49:23","modified_gmt":"2021-05-18T08:49:23","slug":"amiga-dfue","status":"publish","type":"page","link":"https:\/\/www.retrocomputing-whv.net\/?page_id=1680","title":{"rendered":"Amiga &#038; DF\u00dc"},"content":{"rendered":"\n<figure class=\"wp-block-image size-large\"><img loading=\"lazy\" decoding=\"async\" width=\"705\" height=\"1024\" src=\"https:\/\/www.retrocomputing-whv.net\/wp-content\/uploads\/2021\/05\/Markt-und-Technik-Amiga-und-DFUe_b-705x1024.jpg\" alt=\"Markt und Technik - Amiga und DF\u00dc\" class=\"wp-image-1658\" srcset=\"https:\/\/www.retrocomputing-whv.net\/wp-content\/uploads\/2021\/05\/Markt-und-Technik-Amiga-und-DFUe_b-705x1024.jpg 705w, https:\/\/www.retrocomputing-whv.net\/wp-content\/uploads\/2021\/05\/Markt-und-Technik-Amiga-und-DFUe_b-207x300.jpg 207w, https:\/\/www.retrocomputing-whv.net\/wp-content\/uploads\/2021\/05\/Markt-und-Technik-Amiga-und-DFUe_b-768x1115.jpg 768w, https:\/\/www.retrocomputing-whv.net\/wp-content\/uploads\/2021\/05\/Markt-und-Technik-Amiga-und-DFUe_b-1058x1536.jpg 1058w, https:\/\/www.retrocomputing-whv.net\/wp-content\/uploads\/2021\/05\/Markt-und-Technik-Amiga-und-DFUe_b.jpg 1200w\" sizes=\"auto, (max-width: 705px) 100vw, 705px\" \/><\/figure>\n\n\n\n<p>Markt und Technik &#8211; Amiga und DF\u00dc &#8211; Autor Lars Blumenhofer<br>1. Auflage &#8211; Erscheinungsjahr 1992 &#8211; ISBN 3-87791-148-X<\/p>\n\n\n\n<p><strong>Zum Thema:<\/strong><br>Der Amiga ist ein faszinierender Computer. Noch faszinierender ist die Datenfern\u00fcbertragung (DF\u00dc) mit dem Amiga, die bald so selbstverst\u00e4ndlich sein wird, wie es Grafikanwendungen auf dem Amiga schon heute sind. Die Datenfern\u00fcbertragung bietet preiswerte M\u00f6glichkeiten, Informationen, Programme, Grafiken usw. schnell \u00fcber gro\u00dfe Entfernungen auszutauschen. Au\u00dferdem ist dieses Anwendungsgebiet sehr interessant und mit viel Spa\u00df verbunden.<\/p>\n\n\n\n<p><strong>Zum Buch:<\/strong><br>Hier finden Sie alles, was Sie f\u00fcr einen erfolgreichen Einstieg in die Welt der Datenfern\u00fcbertragung ben\u00f6tigen. Vorkenntnisse sind nicht n\u00f6tig. Vom Anschluss eines Modems bis zum \u201eHacken\u201c in Mailboxen wird alles praxisnah und leicht verst\u00e4ndlich erkl\u00e4rt.<\/p>\n\n\n\n<p><strong>Aus dem Inhalt:<\/strong><\/p>\n\n\n\n<ul class=\"wp-block-list\"><li>Modem: Installation in Minuten und die Handhabung<\/li><li>Mailboxen und Amiga-spezifische Netze: ein neuer Weg zu schnellen Informationen<\/li><li>JRComm, das Terminalprogramm: der Schl\u00fcssel zur DF\u00dc mit dem Amiga<\/li><li>BTX auf dem Amiga: preiswert und spannend<\/li><li>DF\u00dc f\u00fcr Fortgeschrittene: Datex-P, Datenbanken und amerikanische Mailboxen<\/li><li>DF\u00dc-Spiele: eine Menge Spa\u00df garantiert<\/li><li>Software via DF\u00dc: so bekommen Sie fast kostenlos gute Amiga-Programme<\/li><li>DF\u00dc pur: Fachw\u00f6rter leicht verst\u00e4ndlich erkl\u00e4rt<\/li><\/ul>\n\n\n\n<figure class=\"wp-block-image size-large\"><a href=\"https:\/\/www.retrocomputing-whv.net\/?page_id=249\"><img loading=\"lazy\" decoding=\"async\" width=\"256\" height=\"136\" src=\"https:\/\/www.retrocomputing-whv.net\/wp-content\/uploads\/2020\/08\/Backspace.jpg\" alt=\"Backspace\" class=\"wp-image-681\"\/><\/a><\/figure>\n","protected":false},"excerpt":{"rendered":"<p>Markt und Technik &#8211; Amiga und DF\u00dc &#8211; Autor Lars Blumenhofer1. Auflage &#8211; Erscheinungsjahr 1992 &#8211; ISBN 3-87791-148-X Zum Thema:Der Amiga ist ein faszinierender Computer. Noch faszinierender ist die Datenfern\u00fcbertragung (DF\u00dc) mit dem Amiga, die bald so selbstverst\u00e4ndlich sein wird, wie es Grafikanwendungen auf dem Amiga schon heute sind. Die Datenfern\u00fcbertragung bietet preiswerte M\u00f6glichkeiten, Informationen, Programme, Grafiken usw. schnell \u00fcber<\/p>\n","protected":false},"author":1,"featured_media":0,"parent":249,"menu_order":0,"comment_status":"closed","ping_status":"closed","template":"","meta":{"footnotes":""},"class_list":["post-1680","page","type-page","status-publish","hentry"],"yoast_head":"<!-- This site is optimized with the Yoast SEO plugin v27.4 - https:\/\/yoast.com\/product\/yoast-seo-wordpress\/ -->\n<title>Amiga &amp; DF\u00dc - Retrocomputing WHV<\/title>\n<meta name=\"robots\" content=\"index, follow, max-snippet:-1, max-image-preview:large, max-video-preview:-1\" \/>\n<link rel=\"canonical\" href=\"https:\/\/www.retrocomputing-whv.net\/?page_id=1680\" \/>\n<meta property=\"og:locale\" content=\"de_DE\" \/>\n<meta property=\"og:type\" content=\"article\" \/>\n<meta property=\"og:title\" content=\"Amiga &amp; DF\u00dc - Retrocomputing WHV\" \/>\n<meta property=\"og:description\" content=\"Markt und Technik &#8211; Amiga und DF\u00dc &#8211; Autor Lars Blumenhofer1. Auflage &#8211; Erscheinungsjahr 1992 &#8211; ISBN 3-87791-148-X Zum Thema:Der Amiga ist ein faszinierender Computer. Noch faszinierender ist die Datenfern\u00fcbertragung (DF\u00dc) mit dem Amiga, die bald so selbstverst\u00e4ndlich sein wird, wie es Grafikanwendungen auf dem Amiga schon heute sind. Die Datenfern\u00fcbertragung bietet preiswerte M\u00f6glichkeiten, Informationen, Programme, Grafiken usw. schnell \u00fcber\" \/>\n<meta property=\"og:url\" content=\"https:\/\/www.retrocomputing-whv.net\/?page_id=1680\" \/>\n<meta property=\"og:site_name\" content=\"Retrocomputing WHV\" \/>\n<meta property=\"article:modified_time\" content=\"2021-05-18T08:49:23+00:00\" \/>\n<meta property=\"og:image\" content=\"https:\/\/www.retrocomputing-whv.net\/wp-content\/uploads\/2021\/05\/Markt-und-Technik-Amiga-und-DFUe_b-705x1024.jpg\" \/>\n<meta name=\"twitter:card\" content=\"summary_large_image\" \/>\n<meta name=\"twitter:label1\" content=\"Gesch\u00e4tzte Lesezeit\" \/>\n\t<meta name=\"twitter:data1\" content=\"2\u00a0Minuten\" \/>\n<script type=\"application\/ld+json\" class=\"yoast-schema-graph\">{\"@context\":\"https:\\\/\\\/schema.org\",\"@graph\":[{\"@type\":\"WebPage\",\"@id\":\"https:\\\/\\\/www.retrocomputing-whv.net\\\/?page_id=1680\",\"url\":\"https:\\\/\\\/www.retrocomputing-whv.net\\\/?page_id=1680\",\"name\":\"Amiga & DF\u00dc - Retrocomputing WHV\",\"isPartOf\":{\"@id\":\"https:\\\/\\\/www.retrocomputing-whv.net\\\/#website\"},\"primaryImageOfPage\":{\"@id\":\"https:\\\/\\\/www.retrocomputing-whv.net\\\/?page_id=1680#primaryimage\"},\"image\":{\"@id\":\"https:\\\/\\\/www.retrocomputing-whv.net\\\/?page_id=1680#primaryimage\"},\"thumbnailUrl\":\"https:\\\/\\\/www.retrocomputing-whv.net\\\/wp-content\\\/uploads\\\/2021\\\/05\\\/Markt-und-Technik-Amiga-und-DFUe_b-705x1024.jpg\",\"datePublished\":\"2021-05-18T08:21:19+00:00\",\"dateModified\":\"2021-05-18T08:49:23+00:00\",\"breadcrumb\":{\"@id\":\"https:\\\/\\\/www.retrocomputing-whv.net\\\/?page_id=1680#breadcrumb\"},\"inLanguage\":\"de\",\"potentialAction\":[{\"@type\":\"ReadAction\",\"target\":[\"https:\\\/\\\/www.retrocomputing-whv.net\\\/?page_id=1680\"]}]},{\"@type\":\"ImageObject\",\"inLanguage\":\"de\",\"@id\":\"https:\\\/\\\/www.retrocomputing-whv.net\\\/?page_id=1680#primaryimage\",\"url\":\"https:\\\/\\\/www.retrocomputing-whv.net\\\/wp-content\\\/uploads\\\/2021\\\/05\\\/Markt-und-Technik-Amiga-und-DFUe_b.jpg\",\"contentUrl\":\"https:\\\/\\\/www.retrocomputing-whv.net\\\/wp-content\\\/uploads\\\/2021\\\/05\\\/Markt-und-Technik-Amiga-und-DFUe_b.jpg\",\"width\":1200,\"height\":1742,\"caption\":\"Markt und Technik - Amiga und DF\u00dc\"},{\"@type\":\"BreadcrumbList\",\"@id\":\"https:\\\/\\\/www.retrocomputing-whv.net\\\/?page_id=1680#breadcrumb\",\"itemListElement\":[{\"@type\":\"ListItem\",\"position\":1,\"name\":\"Startseite\",\"item\":\"https:\\\/\\\/www.retrocomputing-whv.net\\\/\"},{\"@type\":\"ListItem\",\"position\":2,\"name\":\"Literatur\",\"item\":\"https:\\\/\\\/www.retrocomputing-whv.net\\\/?page_id=105\"},{\"@type\":\"ListItem\",\"position\":3,\"name\":\"Markt &#038; Technik\",\"item\":\"https:\\\/\\\/www.retrocomputing-whv.net\\\/?page_id=1170\"},{\"@type\":\"ListItem\",\"position\":4,\"name\":\"Amiga\",\"item\":\"https:\\\/\\\/www.retrocomputing-whv.net\\\/?page_id=249\"},{\"@type\":\"ListItem\",\"position\":5,\"name\":\"Amiga &#038; DF\u00dc\"}]},{\"@type\":\"WebSite\",\"@id\":\"https:\\\/\\\/www.retrocomputing-whv.net\\\/#website\",\"url\":\"https:\\\/\\\/www.retrocomputing-whv.net\\\/\",\"name\":\"Retrocomputing WHV\",\"description\":\"\",\"publisher\":{\"@id\":\"https:\\\/\\\/www.retrocomputing-whv.net\\\/#organization\"},\"potentialAction\":[{\"@type\":\"SearchAction\",\"target\":{\"@type\":\"EntryPoint\",\"urlTemplate\":\"https:\\\/\\\/www.retrocomputing-whv.net\\\/?s={search_term_string}\"},\"query-input\":{\"@type\":\"PropertyValueSpecification\",\"valueRequired\":true,\"valueName\":\"search_term_string\"}}],\"inLanguage\":\"de\"},{\"@type\":\"Organization\",\"@id\":\"https:\\\/\\\/www.retrocomputing-whv.net\\\/#organization\",\"name\":\"Retrocomputing-WHV\",\"url\":\"https:\\\/\\\/www.retrocomputing-whv.net\\\/\",\"logo\":{\"@type\":\"ImageObject\",\"inLanguage\":\"de\",\"@id\":\"https:\\\/\\\/www.retrocomputing-whv.net\\\/#\\\/schema\\\/logo\\\/image\\\/\",\"url\":\"https:\\\/\\\/www.retrocomputing-whv.net\\\/wp-content\\\/uploads\\\/2020\\\/04\\\/Logo.png\",\"contentUrl\":\"https:\\\/\\\/www.retrocomputing-whv.net\\\/wp-content\\\/uploads\\\/2020\\\/04\\\/Logo.png\",\"width\":1340,\"height\":250,\"caption\":\"Retrocomputing-WHV\"},\"image\":{\"@id\":\"https:\\\/\\\/www.retrocomputing-whv.net\\\/#\\\/schema\\\/logo\\\/image\\\/\"}}]}<\/script>\n<!-- \/ Yoast SEO plugin. -->","yoast_head_json":{"title":"Amiga & DF\u00dc - Retrocomputing WHV","robots":{"index":"index","follow":"follow","max-snippet":"max-snippet:-1","max-image-preview":"max-image-preview:large","max-video-preview":"max-video-preview:-1"},"canonical":"https:\/\/www.retrocomputing-whv.net\/?page_id=1680","og_locale":"de_DE","og_type":"article","og_title":"Amiga & DF\u00dc - Retrocomputing WHV","og_description":"Markt und Technik &#8211; Amiga und DF\u00dc &#8211; Autor Lars Blumenhofer1. Auflage &#8211; Erscheinungsjahr 1992 &#8211; ISBN 3-87791-148-X Zum Thema:Der Amiga ist ein faszinierender Computer. Noch faszinierender ist die Datenfern\u00fcbertragung (DF\u00dc) mit dem Amiga, die bald so selbstverst\u00e4ndlich sein wird, wie es Grafikanwendungen auf dem Amiga schon heute sind. Die Datenfern\u00fcbertragung bietet preiswerte M\u00f6glichkeiten, Informationen, Programme, Grafiken usw. schnell \u00fcber","og_url":"https:\/\/www.retrocomputing-whv.net\/?page_id=1680","og_site_name":"Retrocomputing WHV","article_modified_time":"2021-05-18T08:49:23+00:00","og_image":[{"url":"https:\/\/www.retrocomputing-whv.net\/wp-content\/uploads\/2021\/05\/Markt-und-Technik-Amiga-und-DFUe_b-705x1024.jpg","type":"","width":"","height":""}],"twitter_card":"summary_large_image","twitter_misc":{"Gesch\u00e4tzte Lesezeit":"2\u00a0Minuten"},"schema":{"@context":"https:\/\/schema.org","@graph":[{"@type":"WebPage","@id":"https:\/\/www.retrocomputing-whv.net\/?page_id=1680","url":"https:\/\/www.retrocomputing-whv.net\/?page_id=1680","name":"Amiga & DF\u00dc - Retrocomputing WHV","isPartOf":{"@id":"https:\/\/www.retrocomputing-whv.net\/#website"},"primaryImageOfPage":{"@id":"https:\/\/www.retrocomputing-whv.net\/?page_id=1680#primaryimage"},"image":{"@id":"https:\/\/www.retrocomputing-whv.net\/?page_id=1680#primaryimage"},"thumbnailUrl":"https:\/\/www.retrocomputing-whv.net\/wp-content\/uploads\/2021\/05\/Markt-und-Technik-Amiga-und-DFUe_b-705x1024.jpg","datePublished":"2021-05-18T08:21:19+00:00","dateModified":"2021-05-18T08:49:23+00:00","breadcrumb":{"@id":"https:\/\/www.retrocomputing-whv.net\/?page_id=1680#breadcrumb"},"inLanguage":"de","potentialAction":[{"@type":"ReadAction","target":["https:\/\/www.retrocomputing-whv.net\/?page_id=1680"]}]},{"@type":"ImageObject","inLanguage":"de","@id":"https:\/\/www.retrocomputing-whv.net\/?page_id=1680#primaryimage","url":"https:\/\/www.retrocomputing-whv.net\/wp-content\/uploads\/2021\/05\/Markt-und-Technik-Amiga-und-DFUe_b.jpg","contentUrl":"https:\/\/www.retrocomputing-whv.net\/wp-content\/uploads\/2021\/05\/Markt-und-Technik-Amiga-und-DFUe_b.jpg","width":1200,"height":1742,"caption":"Markt und Technik - Amiga und DF\u00dc"},{"@type":"BreadcrumbList","@id":"https:\/\/www.retrocomputing-whv.net\/?page_id=1680#breadcrumb","itemListElement":[{"@type":"ListItem","position":1,"name":"Startseite","item":"https:\/\/www.retrocomputing-whv.net\/"},{"@type":"ListItem","position":2,"name":"Literatur","item":"https:\/\/www.retrocomputing-whv.net\/?page_id=105"},{"@type":"ListItem","position":3,"name":"Markt &#038; Technik","item":"https:\/\/www.retrocomputing-whv.net\/?page_id=1170"},{"@type":"ListItem","position":4,"name":"Amiga","item":"https:\/\/www.retrocomputing-whv.net\/?page_id=249"},{"@type":"ListItem","position":5,"name":"Amiga &#038; DF\u00dc"}]},{"@type":"WebSite","@id":"https:\/\/www.retrocomputing-whv.net\/#website","url":"https:\/\/www.retrocomputing-whv.net\/","name":"Retrocomputing WHV","description":"","publisher":{"@id":"https:\/\/www.retrocomputing-whv.net\/#organization"},"potentialAction":[{"@type":"SearchAction","target":{"@type":"EntryPoint","urlTemplate":"https:\/\/www.retrocomputing-whv.net\/?s={search_term_string}"},"query-input":{"@type":"PropertyValueSpecification","valueRequired":true,"valueName":"search_term_string"}}],"inLanguage":"de"},{"@type":"Organization","@id":"https:\/\/www.retrocomputing-whv.net\/#organization","name":"Retrocomputing-WHV","url":"https:\/\/www.retrocomputing-whv.net\/","logo":{"@type":"ImageObject","inLanguage":"de","@id":"https:\/\/www.retrocomputing-whv.net\/#\/schema\/logo\/image\/","url":"https:\/\/www.retrocomputing-whv.net\/wp-content\/uploads\/2020\/04\/Logo.png","contentUrl":"https:\/\/www.retrocomputing-whv.net\/wp-content\/uploads\/2020\/04\/Logo.png","width":1340,"height":250,"caption":"Retrocomputing-WHV"},"image":{"@id":"https:\/\/www.retrocomputing-whv.net\/#\/schema\/logo\/image\/"}}]}},"_links":{"self":[{"href":"https:\/\/www.retrocomputing-whv.net\/index.php?rest_route=\/wp\/v2\/pages\/1680","targetHints":{"allow":["GET"]}}],"collection":[{"href":"https:\/\/www.retrocomputing-whv.net\/index.php?rest_route=\/wp\/v2\/pages"}],"about":[{"href":"https:\/\/www.retrocomputing-whv.net\/index.php?rest_route=\/wp\/v2\/types\/page"}],"author":[{"embeddable":true,"href":"https:\/\/www.retrocomputing-whv.net\/index.php?rest_route=\/wp\/v2\/users\/1"}],"replies":[{"embeddable":true,"href":"https:\/\/www.retrocomputing-whv.net\/index.php?rest_route=%2Fwp%2Fv2%2Fcomments&post=1680"}],"version-history":[{"count":1,"href":"https:\/\/www.retrocomputing-whv.net\/index.php?rest_route=\/wp\/v2\/pages\/1680\/revisions"}],"predecessor-version":[{"id":1681,"href":"https:\/\/www.retrocomputing-whv.net\/index.php?rest_route=\/wp\/v2\/pages\/1680\/revisions\/1681"}],"up":[{"embeddable":true,"href":"https:\/\/www.retrocomputing-whv.net\/index.php?rest_route=\/wp\/v2\/pages\/249"}],"wp:attachment":[{"href":"https:\/\/www.retrocomputing-whv.net\/index.php?rest_route=%2Fwp%2Fv2%2Fmedia&parent=1680"}],"curies":[{"name":"wp","href":"https:\/\/api.w.org\/{rel}","templated":true}]}}