{"id":70,"date":"2020-03-29T11:06:43","date_gmt":"2020-03-29T09:06:43","guid":{"rendered":"https:\/\/www.retrocomputing-whv.net\/?page_id=70"},"modified":"2020-04-12T19:21:38","modified_gmt":"2020-04-12T17:21:38","slug":"datasette","status":"publish","type":"page","link":"https:\/\/www.retrocomputing-whv.net\/?page_id=70","title":{"rendered":"Datassette"},"content":{"rendered":"\n<p>Datassetten sind Kassettenlaufwerke und dienen zum speichern von Daten auf handels\u00fcblichen Musikkassetten.<\/p>\n\n\n\n<p>Commodore hat folgende Datassetten hergestellt:<\/p>\n\n\n\n<ol class=\"wp-block-list\"><li>Datassette C2N f\u00fcr PET\/CBM, schwarz, 5 Tasten, ohne Z\u00e4hlwerk, ohne SAVE LED<\/li><li>Datassette 1530 C2N-B, schwarz, 5 Tasten, mit Z\u00e4hlwerk, ohne SAVE LED<\/li><li>Datassette 1530 C2N-B, wei\u00df, 5 Tasten, mit Z\u00e4hlwerk, ohne SAVE LED<\/li><li>Datassette 1530 C2N-A f\u00fcr VC-20\/C64\/C128, wei\u00df, 6 Tasten, mit Z\u00e4hlwerk, mit SAVE LED<\/li><li>Datassette 1530 C2N-B f\u00fcr VC-20\/C64\/C128, wei\u00df, 6 Tasten, mit Z\u00e4hlwerk, mit SAVE LED<\/li><li>Datassette 1531 f\u00fcr C16\/116 und Plus 4, schwarz, 6 Tasten, mit Z\u00e4hlwerk, mit SAVE LED<\/li><li>Datassette 1531 f\u00fcr C16\/116 und Plus 4, wei\u00df,  6 Tasten, mit Z\u00e4hlwerk, mit SAVE LED <\/li><\/ol>\n\n\n\n<p>Jetzt fehlt nur noch die Datassette Nr. 2.<br>Die Nummer 3 habe ich am 12.04. ersteigert.<\/p>\n\n\n\n<p>Datassette C2N f\u00fcr PET\/CBM, schwarz, 5 Tasten, ohne Z\u00e4hlwerk, ohne SAVE LED,<\/p>\n\n\n\n<figure class=\"wp-block-image size-medium\"><img loading=\"lazy\" decoding=\"async\" width=\"216\" height=\"300\" src=\"https:\/\/www.retrocomputing-whv.net\/wp-content\/uploads\/2020\/04\/Commodore-Datassette-Datasette-C2N-schwarz-216x300.jpg\" alt=\"Commodore Datassette Datasette C2N schwarz\" class=\"wp-image-188\" srcset=\"https:\/\/www.retrocomputing-whv.net\/wp-content\/uploads\/2020\/04\/Commodore-Datassette-Datasette-C2N-schwarz-216x300.jpg 216w, https:\/\/www.retrocomputing-whv.net\/wp-content\/uploads\/2020\/04\/Commodore-Datassette-Datasette-C2N-schwarz-736x1024.jpg 736w, https:\/\/www.retrocomputing-whv.net\/wp-content\/uploads\/2020\/04\/Commodore-Datassette-Datasette-C2N-schwarz-768x1069.jpg 768w, https:\/\/www.retrocomputing-whv.net\/wp-content\/uploads\/2020\/04\/Commodore-Datassette-Datasette-C2N-schwarz-1104x1536.jpg 1104w, https:\/\/www.retrocomputing-whv.net\/wp-content\/uploads\/2020\/04\/Commodore-Datassette-Datasette-C2N-schwarz.jpg 1200w\" sizes=\"auto, (max-width: 216px) 100vw, 216px\" \/><\/figure>\n\n\n\n<p>Datassette 1530 C2N-A f\u00fcr VC-20\/C64\/C128, wei\u00df, 6 Tasten, mit Z\u00e4hlwerk, mit SAVE LED<\/p>\n\n\n\n<figure class=\"wp-block-image size-medium\"><img loading=\"lazy\" decoding=\"async\" width=\"300\" height=\"237\" src=\"https:\/\/www.retrocomputing-whv.net\/wp-content\/uploads\/2020\/04\/Commodore-Datassette-Datasette-1530-C2N-A-weiss-300x237.jpg\" alt=\"Commodore Datassette Datasette 1530 C2N-A weiss\" class=\"wp-image-184\" srcset=\"https:\/\/www.retrocomputing-whv.net\/wp-content\/uploads\/2020\/04\/Commodore-Datassette-Datasette-1530-C2N-A-weiss-300x237.jpg 300w, https:\/\/www.retrocomputing-whv.net\/wp-content\/uploads\/2020\/04\/Commodore-Datassette-Datasette-1530-C2N-A-weiss-1024x808.jpg 1024w, https:\/\/www.retrocomputing-whv.net\/wp-content\/uploads\/2020\/04\/Commodore-Datassette-Datasette-1530-C2N-A-weiss-768x606.jpg 768w, https:\/\/www.retrocomputing-whv.net\/wp-content\/uploads\/2020\/04\/Commodore-Datassette-Datasette-1530-C2N-A-weiss.jpg 1200w\" sizes=\"auto, (max-width: 300px) 100vw, 300px\" \/><\/figure>\n\n\n\n<p>Datassette 1530 C2N-B f\u00fcr VC-20\/C64\/C128, wei\u00df, 6 Tasten, mit Z\u00e4hlwerk, mit SAVE LED<\/p>\n\n\n\n<figure class=\"wp-block-image size-medium\"><img loading=\"lazy\" decoding=\"async\" width=\"300\" height=\"237\" src=\"https:\/\/www.retrocomputing-whv.net\/wp-content\/uploads\/2020\/04\/Commodore-Datassette-Datasette-1530-C2N-B-weiss-300x237.jpg\" alt=\"Commodore Datassette Datasette 1530 C2N-B weiss\" class=\"wp-image-185\" srcset=\"https:\/\/www.retrocomputing-whv.net\/wp-content\/uploads\/2020\/04\/Commodore-Datassette-Datasette-1530-C2N-B-weiss-300x237.jpg 300w, https:\/\/www.retrocomputing-whv.net\/wp-content\/uploads\/2020\/04\/Commodore-Datassette-Datasette-1530-C2N-B-weiss-1024x809.jpg 1024w, https:\/\/www.retrocomputing-whv.net\/wp-content\/uploads\/2020\/04\/Commodore-Datassette-Datasette-1530-C2N-B-weiss-768x607.jpg 768w, https:\/\/www.retrocomputing-whv.net\/wp-content\/uploads\/2020\/04\/Commodore-Datassette-Datasette-1530-C2N-B-weiss.jpg 1200w\" sizes=\"auto, (max-width: 300px) 100vw, 300px\" \/><\/figure>\n\n\n\n<p>Datassette 1531 f\u00fcr C16\/116 und Plus 4, schwarz, 6 Tasten, mit Z\u00e4hlwerk, mit SAVE LED<\/p>\n\n\n\n<figure class=\"wp-block-image size-medium\"><img loading=\"lazy\" decoding=\"async\" width=\"300\" height=\"240\" src=\"https:\/\/www.retrocomputing-whv.net\/wp-content\/uploads\/2020\/04\/Commodore-Datassette-Datasette-1531-schwarz-300x240.jpg\" alt=\"Commodore Datassette Datasette 1531 schwarz\" class=\"wp-image-186\" srcset=\"https:\/\/www.retrocomputing-whv.net\/wp-content\/uploads\/2020\/04\/Commodore-Datassette-Datasette-1531-schwarz-300x240.jpg 300w, https:\/\/www.retrocomputing-whv.net\/wp-content\/uploads\/2020\/04\/Commodore-Datassette-Datasette-1531-schwarz-1024x820.jpg 1024w, https:\/\/www.retrocomputing-whv.net\/wp-content\/uploads\/2020\/04\/Commodore-Datassette-Datasette-1531-schwarz-768x615.jpg 768w, https:\/\/www.retrocomputing-whv.net\/wp-content\/uploads\/2020\/04\/Commodore-Datassette-Datasette-1531-schwarz.jpg 1200w\" sizes=\"auto, (max-width: 300px) 100vw, 300px\" \/><\/figure>\n\n\n\n<p>Datassette 1531 f\u00fcr C16\/116 und Plus 4, wei\u00df, 6 Tasten, mit Z\u00e4hlwerk, mit SAVE LED<\/p>\n\n\n\n<figure class=\"wp-block-image size-medium\"><img loading=\"lazy\" decoding=\"async\" width=\"300\" height=\"232\" src=\"https:\/\/www.retrocomputing-whv.net\/wp-content\/uploads\/2020\/04\/Commodore-Datassette-Datasette-1531-weiss-300x232.jpg\" alt=\"Commodore Datassette Datasette 1531 weiss\" class=\"wp-image-187\" srcset=\"https:\/\/www.retrocomputing-whv.net\/wp-content\/uploads\/2020\/04\/Commodore-Datassette-Datasette-1531-weiss-300x232.jpg 300w, https:\/\/www.retrocomputing-whv.net\/wp-content\/uploads\/2020\/04\/Commodore-Datassette-Datasette-1531-weiss-1024x791.jpg 1024w, https:\/\/www.retrocomputing-whv.net\/wp-content\/uploads\/2020\/04\/Commodore-Datassette-Datasette-1531-weiss-768x593.jpg 768w, https:\/\/www.retrocomputing-whv.net\/wp-content\/uploads\/2020\/04\/Commodore-Datassette-Datasette-1531-weiss.jpg 1200w\" sizes=\"auto, (max-width: 300px) 100vw, 300px\" \/><\/figure>\n\n\n\n<p><\/p>\n","protected":false},"excerpt":{"rendered":"<p>Datassetten sind Kassettenlaufwerke und dienen zum speichern von Daten auf handels\u00fcblichen Musikkassetten. Commodore hat folgende Datassetten hergestellt: Datassette C2N f\u00fcr PET\/CBM, schwarz, 5 Tasten, ohne Z\u00e4hlwerk, ohne SAVE LED Datassette 1530 C2N-B, schwarz, 5 Tasten, mit Z\u00e4hlwerk, ohne SAVE LED Datassette 1530 C2N-B, wei\u00df, 5 Tasten, mit Z\u00e4hlwerk, ohne SAVE LED Datassette 1530 C2N-A f\u00fcr VC-20\/C64\/C128, wei\u00df, 6 Tasten, mit<\/p>\n","protected":false},"author":1,"featured_media":0,"parent":16,"menu_order":3700,"comment_status":"closed","ping_status":"closed","template":"","meta":{"footnotes":""},"class_list":["post-70","page","type-page","status-publish","hentry"],"yoast_head":"<!-- This site is optimized with the Yoast SEO plugin v27.5 - https:\/\/yoast.com\/product\/yoast-seo-wordpress\/ -->\n<title>Datassette - Retrocomputing WHV<\/title>\n<meta name=\"robots\" content=\"index, follow, max-snippet:-1, max-image-preview:large, max-video-preview:-1\" \/>\n<link rel=\"canonical\" href=\"https:\/\/www.retrocomputing-whv.net\/?page_id=70\" \/>\n<meta property=\"og:locale\" content=\"de_DE\" \/>\n<meta property=\"og:type\" content=\"article\" \/>\n<meta property=\"og:title\" content=\"Datassette - Retrocomputing WHV\" \/>\n<meta property=\"og:description\" content=\"Datassetten sind Kassettenlaufwerke und dienen zum speichern von Daten auf handels\u00fcblichen Musikkassetten. Commodore hat folgende Datassetten hergestellt: Datassette C2N f\u00fcr PET\/CBM, schwarz, 5 Tasten, ohne Z\u00e4hlwerk, ohne SAVE LED Datassette 1530 C2N-B, schwarz, 5 Tasten, mit Z\u00e4hlwerk, ohne SAVE LED Datassette 1530 C2N-B, wei\u00df, 5 Tasten, mit Z\u00e4hlwerk, ohne SAVE LED Datassette 1530 C2N-A f\u00fcr VC-20\/C64\/C128, wei\u00df, 6 Tasten, mit\" \/>\n<meta property=\"og:url\" content=\"https:\/\/www.retrocomputing-whv.net\/?page_id=70\" \/>\n<meta property=\"og:site_name\" content=\"Retrocomputing WHV\" \/>\n<meta property=\"article:modified_time\" content=\"2020-04-12T17:21:38+00:00\" \/>\n<meta property=\"og:image\" content=\"https:\/\/www.retrocomputing-whv.net\/wp-content\/uploads\/2020\/04\/Commodore-Datassette-Datasette-C2N-schwarz-216x300.jpg\" \/>\n<meta name=\"twitter:card\" content=\"summary_large_image\" \/>\n<meta name=\"twitter:label1\" content=\"Gesch\u00e4tzte Lesezeit\" \/>\n\t<meta name=\"twitter:data1\" content=\"1\u00a0Minute\" \/>\n<script type=\"application\/ld+json\" class=\"yoast-schema-graph\">{\"@context\":\"https:\\\/\\\/schema.org\",\"@graph\":[{\"@type\":\"WebPage\",\"@id\":\"https:\\\/\\\/www.retrocomputing-whv.net\\\/?page_id=70\",\"url\":\"https:\\\/\\\/www.retrocomputing-whv.net\\\/?page_id=70\",\"name\":\"Datassette - Retrocomputing WHV\",\"isPartOf\":{\"@id\":\"https:\\\/\\\/www.retrocomputing-whv.net\\\/#website\"},\"primaryImageOfPage\":{\"@id\":\"https:\\\/\\\/www.retrocomputing-whv.net\\\/?page_id=70#primaryimage\"},\"image\":{\"@id\":\"https:\\\/\\\/www.retrocomputing-whv.net\\\/?page_id=70#primaryimage\"},\"thumbnailUrl\":\"https:\\\/\\\/www.retrocomputing-whv.net\\\/wp-content\\\/uploads\\\/2020\\\/04\\\/Commodore-Datassette-Datasette-C2N-schwarz-216x300.jpg\",\"datePublished\":\"2020-03-29T09:06:43+00:00\",\"dateModified\":\"2020-04-12T17:21:38+00:00\",\"breadcrumb\":{\"@id\":\"https:\\\/\\\/www.retrocomputing-whv.net\\\/?page_id=70#breadcrumb\"},\"inLanguage\":\"de\",\"potentialAction\":[{\"@type\":\"ReadAction\",\"target\":[\"https:\\\/\\\/www.retrocomputing-whv.net\\\/?page_id=70\"]}]},{\"@type\":\"ImageObject\",\"inLanguage\":\"de\",\"@id\":\"https:\\\/\\\/www.retrocomputing-whv.net\\\/?page_id=70#primaryimage\",\"url\":\"https:\\\/\\\/www.retrocomputing-whv.net\\\/wp-content\\\/uploads\\\/2020\\\/04\\\/Commodore-Datassette-Datasette-C2N-schwarz.jpg\",\"contentUrl\":\"https:\\\/\\\/www.retrocomputing-whv.net\\\/wp-content\\\/uploads\\\/2020\\\/04\\\/Commodore-Datassette-Datasette-C2N-schwarz.jpg\",\"width\":1200,\"height\":1670,\"caption\":\"Commodore Datassette Datasette C2N schwarz\"},{\"@type\":\"BreadcrumbList\",\"@id\":\"https:\\\/\\\/www.retrocomputing-whv.net\\\/?page_id=70#breadcrumb\",\"itemListElement\":[{\"@type\":\"ListItem\",\"position\":1,\"name\":\"Startseite\",\"item\":\"https:\\\/\\\/www.retrocomputing-whv.net\\\/\"},{\"@type\":\"ListItem\",\"position\":2,\"name\":\"Commodore\",\"item\":\"https:\\\/\\\/www.retrocomputing-whv.net\\\/?page_id=16\"},{\"@type\":\"ListItem\",\"position\":3,\"name\":\"Datassette\"}]},{\"@type\":\"WebSite\",\"@id\":\"https:\\\/\\\/www.retrocomputing-whv.net\\\/#website\",\"url\":\"https:\\\/\\\/www.retrocomputing-whv.net\\\/\",\"name\":\"Retrocomputing WHV\",\"description\":\"\",\"publisher\":{\"@id\":\"https:\\\/\\\/www.retrocomputing-whv.net\\\/#organization\"},\"potentialAction\":[{\"@type\":\"SearchAction\",\"target\":{\"@type\":\"EntryPoint\",\"urlTemplate\":\"https:\\\/\\\/www.retrocomputing-whv.net\\\/?s={search_term_string}\"},\"query-input\":{\"@type\":\"PropertyValueSpecification\",\"valueRequired\":true,\"valueName\":\"search_term_string\"}}],\"inLanguage\":\"de\"},{\"@type\":\"Organization\",\"@id\":\"https:\\\/\\\/www.retrocomputing-whv.net\\\/#organization\",\"name\":\"Retrocomputing-WHV\",\"url\":\"https:\\\/\\\/www.retrocomputing-whv.net\\\/\",\"logo\":{\"@type\":\"ImageObject\",\"inLanguage\":\"de\",\"@id\":\"https:\\\/\\\/www.retrocomputing-whv.net\\\/#\\\/schema\\\/logo\\\/image\\\/\",\"url\":\"https:\\\/\\\/www.retrocomputing-whv.net\\\/wp-content\\\/uploads\\\/2020\\\/04\\\/Logo.png\",\"contentUrl\":\"https:\\\/\\\/www.retrocomputing-whv.net\\\/wp-content\\\/uploads\\\/2020\\\/04\\\/Logo.png\",\"width\":1340,\"height\":250,\"caption\":\"Retrocomputing-WHV\"},\"image\":{\"@id\":\"https:\\\/\\\/www.retrocomputing-whv.net\\\/#\\\/schema\\\/logo\\\/image\\\/\"}}]}<\/script>\n<!-- \/ Yoast SEO plugin. -->","yoast_head_json":{"title":"Datassette - Retrocomputing WHV","robots":{"index":"index","follow":"follow","max-snippet":"max-snippet:-1","max-image-preview":"max-image-preview:large","max-video-preview":"max-video-preview:-1"},"canonical":"https:\/\/www.retrocomputing-whv.net\/?page_id=70","og_locale":"de_DE","og_type":"article","og_title":"Datassette - Retrocomputing WHV","og_description":"Datassetten sind Kassettenlaufwerke und dienen zum speichern von Daten auf handels\u00fcblichen Musikkassetten. Commodore hat folgende Datassetten hergestellt: Datassette C2N f\u00fcr PET\/CBM, schwarz, 5 Tasten, ohne Z\u00e4hlwerk, ohne SAVE LED Datassette 1530 C2N-B, schwarz, 5 Tasten, mit Z\u00e4hlwerk, ohne SAVE LED Datassette 1530 C2N-B, wei\u00df, 5 Tasten, mit Z\u00e4hlwerk, ohne SAVE LED Datassette 1530 C2N-A f\u00fcr VC-20\/C64\/C128, wei\u00df, 6 Tasten, mit","og_url":"https:\/\/www.retrocomputing-whv.net\/?page_id=70","og_site_name":"Retrocomputing WHV","article_modified_time":"2020-04-12T17:21:38+00:00","og_image":[{"url":"https:\/\/www.retrocomputing-whv.net\/wp-content\/uploads\/2020\/04\/Commodore-Datassette-Datasette-C2N-schwarz-216x300.jpg","type":"","width":"","height":""}],"twitter_card":"summary_large_image","twitter_misc":{"Gesch\u00e4tzte Lesezeit":"1\u00a0Minute"},"schema":{"@context":"https:\/\/schema.org","@graph":[{"@type":"WebPage","@id":"https:\/\/www.retrocomputing-whv.net\/?page_id=70","url":"https:\/\/www.retrocomputing-whv.net\/?page_id=70","name":"Datassette - Retrocomputing WHV","isPartOf":{"@id":"https:\/\/www.retrocomputing-whv.net\/#website"},"primaryImageOfPage":{"@id":"https:\/\/www.retrocomputing-whv.net\/?page_id=70#primaryimage"},"image":{"@id":"https:\/\/www.retrocomputing-whv.net\/?page_id=70#primaryimage"},"thumbnailUrl":"https:\/\/www.retrocomputing-whv.net\/wp-content\/uploads\/2020\/04\/Commodore-Datassette-Datasette-C2N-schwarz-216x300.jpg","datePublished":"2020-03-29T09:06:43+00:00","dateModified":"2020-04-12T17:21:38+00:00","breadcrumb":{"@id":"https:\/\/www.retrocomputing-whv.net\/?page_id=70#breadcrumb"},"inLanguage":"de","potentialAction":[{"@type":"ReadAction","target":["https:\/\/www.retrocomputing-whv.net\/?page_id=70"]}]},{"@type":"ImageObject","inLanguage":"de","@id":"https:\/\/www.retrocomputing-whv.net\/?page_id=70#primaryimage","url":"https:\/\/www.retrocomputing-whv.net\/wp-content\/uploads\/2020\/04\/Commodore-Datassette-Datasette-C2N-schwarz.jpg","contentUrl":"https:\/\/www.retrocomputing-whv.net\/wp-content\/uploads\/2020\/04\/Commodore-Datassette-Datasette-C2N-schwarz.jpg","width":1200,"height":1670,"caption":"Commodore Datassette Datasette C2N schwarz"},{"@type":"BreadcrumbList","@id":"https:\/\/www.retrocomputing-whv.net\/?page_id=70#breadcrumb","itemListElement":[{"@type":"ListItem","position":1,"name":"Startseite","item":"https:\/\/www.retrocomputing-whv.net\/"},{"@type":"ListItem","position":2,"name":"Commodore","item":"https:\/\/www.retrocomputing-whv.net\/?page_id=16"},{"@type":"ListItem","position":3,"name":"Datassette"}]},{"@type":"WebSite","@id":"https:\/\/www.retrocomputing-whv.net\/#website","url":"https:\/\/www.retrocomputing-whv.net\/","name":"Retrocomputing WHV","description":"","publisher":{"@id":"https:\/\/www.retrocomputing-whv.net\/#organization"},"potentialAction":[{"@type":"SearchAction","target":{"@type":"EntryPoint","urlTemplate":"https:\/\/www.retrocomputing-whv.net\/?s={search_term_string}"},"query-input":{"@type":"PropertyValueSpecification","valueRequired":true,"valueName":"search_term_string"}}],"inLanguage":"de"},{"@type":"Organization","@id":"https:\/\/www.retrocomputing-whv.net\/#organization","name":"Retrocomputing-WHV","url":"https:\/\/www.retrocomputing-whv.net\/","logo":{"@type":"ImageObject","inLanguage":"de","@id":"https:\/\/www.retrocomputing-whv.net\/#\/schema\/logo\/image\/","url":"https:\/\/www.retrocomputing-whv.net\/wp-content\/uploads\/2020\/04\/Logo.png","contentUrl":"https:\/\/www.retrocomputing-whv.net\/wp-content\/uploads\/2020\/04\/Logo.png","width":1340,"height":250,"caption":"Retrocomputing-WHV"},"image":{"@id":"https:\/\/www.retrocomputing-whv.net\/#\/schema\/logo\/image\/"}}]}},"_links":{"self":[{"href":"https:\/\/www.retrocomputing-whv.net\/index.php?rest_route=\/wp\/v2\/pages\/70","targetHints":{"allow":["GET"]}}],"collection":[{"href":"https:\/\/www.retrocomputing-whv.net\/index.php?rest_route=\/wp\/v2\/pages"}],"about":[{"href":"https:\/\/www.retrocomputing-whv.net\/index.php?rest_route=\/wp\/v2\/types\/page"}],"author":[{"embeddable":true,"href":"https:\/\/www.retrocomputing-whv.net\/index.php?rest_route=\/wp\/v2\/users\/1"}],"replies":[{"embeddable":true,"href":"https:\/\/www.retrocomputing-whv.net\/index.php?rest_route=%2Fwp%2Fv2%2Fcomments&post=70"}],"version-history":[{"count":0,"href":"https:\/\/www.retrocomputing-whv.net\/index.php?rest_route=\/wp\/v2\/pages\/70\/revisions"}],"up":[{"embeddable":true,"href":"https:\/\/www.retrocomputing-whv.net\/index.php?rest_route=\/wp\/v2\/pages\/16"}],"wp:attachment":[{"href":"https:\/\/www.retrocomputing-whv.net\/index.php?rest_route=%2Fwp%2Fv2%2Fmedia&parent=70"}],"curies":[{"name":"wp","href":"https:\/\/api.w.org\/{rel}","templated":true}]}}