{"id":704,"date":"2020-08-22T12:26:22","date_gmt":"2020-08-22T10:26:22","guid":{"rendered":"https:\/\/www.retrocomputing-whv.net\/?page_id=704"},"modified":"2020-11-22T14:59:39","modified_gmt":"2020-11-22T13:59:39","slug":"data-becker-amiga-basic-2","status":"publish","type":"page","link":"https:\/\/www.retrocomputing-whv.net\/?page_id=704","title":{"rendered":"Amiga BASIC"},"content":{"rendered":"\n<figure class=\"wp-block-image size-large\"><img loading=\"lazy\" decoding=\"async\" width=\"698\" height=\"1024\" src=\"https:\/\/www.retrocomputing-whv.net\/wp-content\/uploads\/2020\/07\/DATA-BECKER-AMIGA-BASIC-698x1024.jpg\" alt=\"DATA BECKER - AMIGA-BASIC\" class=\"wp-image-620\" srcset=\"https:\/\/www.retrocomputing-whv.net\/wp-content\/uploads\/2020\/07\/DATA-BECKER-AMIGA-BASIC-698x1024.jpg 698w, https:\/\/www.retrocomputing-whv.net\/wp-content\/uploads\/2020\/07\/DATA-BECKER-AMIGA-BASIC-205x300.jpg 205w, https:\/\/www.retrocomputing-whv.net\/wp-content\/uploads\/2020\/07\/DATA-BECKER-AMIGA-BASIC-768x1126.jpg 768w, https:\/\/www.retrocomputing-whv.net\/wp-content\/uploads\/2020\/07\/DATA-BECKER-AMIGA-BASIC-1047x1536.jpg 1047w, https:\/\/www.retrocomputing-whv.net\/wp-content\/uploads\/2020\/07\/DATA-BECKER-AMIGA-BASIC.jpg 1200w\" sizes=\"auto, (max-width: 698px) 100vw, 698px\" \/><\/figure>\n\n\n\n<p>DATA BECKER &#8211; AMIGA-BASIC &#8211; Autoren Hannes R\u00fcgheimer, Christian Spanik<br>7. Auflage &#8211; Erscheinungsjahr 1990 &#8211; ISBN 3-89011-209-9<\/p>\n\n\n\n<p>Das AMIGA-BASIC ist f\u00fcr alle AMIGA-Benutzer interessant. Deshalb wird im ersten Teil dieses Buches Schritt f\u00fcr Schritt auf verst\u00e4ndliche Art und Weise auf die Programmierung des AMIGA eingegangen. Dabei geh\u00f6ren Grafik und Sound ebenso dazu wie Datenverwaltung und Statistik. Im zweiten Teil sind alle vorhandenen Befehle zum schnellen Nachschlagen aufgef\u00fchrt. Hier wird die komplette Syntax mit den vorhandenen Parameterangaben ber\u00fccksichtigt. Dar\u00fcber hinaus enth\u00e4lt dieses Buch Programme und Utilities in H\u00fclle und F\u00fclle.<\/p>\n\n\n\n<p><strong>Aus dem Inhalt:<\/strong><\/p>\n\n\n\n<ul class=\"wp-block-list\"><li>Einf\u00fchrung in Kickstart und Workbench<\/li><li>Ein Videotitel-Programm zeigt die M\u00f6glichkeiten der OBJECT-Animation<\/li><li>Die Grafikbefehle werden unter anderem an einem Balken- und Tortengrafik-Programm erkl\u00e4rt<\/li><li>Ein Malprogramm zeigt den Umgang mit Windows, Pulldown-Men\u00fcs, Mausbefehlen und F\u00fcllmustern<\/li><li>Das Einlesen und Abspeichern von IFF-Bildern wird ebenfalls im Malprogramm behandelt<\/li><li>Ein Statistikdaten-Programm hilft, den Aufbau von sequentiellen Dateien zu verstehen<\/li><li>Eine Datenbank verdeutlicht den Umgang mit relativen Dateien<\/li><li>Ein Sprachutility sorgt f\u00fcr mehr Verst\u00e4ndnis bei der Sprachprogrammierung<\/li><li>Ein Synthesizer-Programm f\u00fchrt Sie in die Welt der T\u00f6ne, Wellenformen und H\u00fcllkurven<\/li><li>Zur Geschwindigkeitssteigerung Ihrer Programme wird die Arbeit mit dem AC\/BASIC-Compiler erl\u00e4utert<\/li><\/ul>\n\n\n\n<figure class=\"wp-block-image size-large\"><a href=\"https:\/\/www.retrocomputing-whv.net\/?page_id=825\"><img loading=\"lazy\" decoding=\"async\" width=\"256\" height=\"136\" src=\"https:\/\/www.retrocomputing-whv.net\/wp-content\/uploads\/2020\/08\/Backspace.jpg\" alt=\"Backspace\" class=\"wp-image-681\"\/><\/a><\/figure>\n\n\n\n<p><\/p>\n","protected":false},"excerpt":{"rendered":"<p>DATA BECKER &#8211; AMIGA-BASIC &#8211; Autoren Hannes R\u00fcgheimer, Christian Spanik7. Auflage &#8211; Erscheinungsjahr 1990 &#8211; ISBN 3-89011-209-9 Das AMIGA-BASIC ist f\u00fcr alle AMIGA-Benutzer interessant. Deshalb wird im ersten Teil dieses Buches Schritt f\u00fcr Schritt auf verst\u00e4ndliche Art und Weise auf die Programmierung des AMIGA eingegangen. Dabei geh\u00f6ren Grafik und Sound ebenso dazu wie Datenverwaltung und Statistik. Im zweiten Teil sind<\/p>\n","protected":false},"author":1,"featured_media":0,"parent":825,"menu_order":0,"comment_status":"closed","ping_status":"closed","template":"","meta":{"footnotes":""},"class_list":["post-704","page","type-page","status-publish","hentry"],"yoast_head":"<!-- This site is optimized with the Yoast SEO plugin v27.5 - https:\/\/yoast.com\/product\/yoast-seo-wordpress\/ -->\n<title>Amiga BASIC - Retrocomputing WHV<\/title>\n<meta name=\"robots\" content=\"index, follow, max-snippet:-1, max-image-preview:large, max-video-preview:-1\" \/>\n<link rel=\"canonical\" href=\"https:\/\/www.retrocomputing-whv.net\/?page_id=704\" \/>\n<meta property=\"og:locale\" content=\"de_DE\" \/>\n<meta property=\"og:type\" content=\"article\" \/>\n<meta property=\"og:title\" content=\"Amiga BASIC - Retrocomputing WHV\" \/>\n<meta property=\"og:description\" content=\"DATA BECKER &#8211; AMIGA-BASIC &#8211; Autoren Hannes R\u00fcgheimer, Christian Spanik7. Auflage &#8211; Erscheinungsjahr 1990 &#8211; ISBN 3-89011-209-9 Das AMIGA-BASIC ist f\u00fcr alle AMIGA-Benutzer interessant. Deshalb wird im ersten Teil dieses Buches Schritt f\u00fcr Schritt auf verst\u00e4ndliche Art und Weise auf die Programmierung des AMIGA eingegangen. Dabei geh\u00f6ren Grafik und Sound ebenso dazu wie Datenverwaltung und Statistik. Im zweiten Teil sind\" \/>\n<meta property=\"og:url\" content=\"https:\/\/www.retrocomputing-whv.net\/?page_id=704\" \/>\n<meta property=\"og:site_name\" content=\"Retrocomputing WHV\" \/>\n<meta property=\"article:modified_time\" content=\"2020-11-22T13:59:39+00:00\" \/>\n<meta property=\"og:image\" content=\"https:\/\/www.retrocomputing-whv.net\/wp-content\/uploads\/2020\/07\/DATA-BECKER-AMIGA-BASIC-698x1024.jpg\" \/>\n<meta name=\"twitter:card\" content=\"summary_large_image\" \/>\n<meta name=\"twitter:label1\" content=\"Gesch\u00e4tzte Lesezeit\" \/>\n\t<meta name=\"twitter:data1\" content=\"1\u00a0Minute\" \/>\n<script type=\"application\/ld+json\" class=\"yoast-schema-graph\">{\"@context\":\"https:\\\/\\\/schema.org\",\"@graph\":[{\"@type\":\"WebPage\",\"@id\":\"https:\\\/\\\/www.retrocomputing-whv.net\\\/?page_id=704\",\"url\":\"https:\\\/\\\/www.retrocomputing-whv.net\\\/?page_id=704\",\"name\":\"Amiga BASIC - Retrocomputing WHV\",\"isPartOf\":{\"@id\":\"https:\\\/\\\/www.retrocomputing-whv.net\\\/#website\"},\"primaryImageOfPage\":{\"@id\":\"https:\\\/\\\/www.retrocomputing-whv.net\\\/?page_id=704#primaryimage\"},\"image\":{\"@id\":\"https:\\\/\\\/www.retrocomputing-whv.net\\\/?page_id=704#primaryimage\"},\"thumbnailUrl\":\"https:\\\/\\\/www.retrocomputing-whv.net\\\/wp-content\\\/uploads\\\/2020\\\/07\\\/DATA-BECKER-AMIGA-BASIC-698x1024.jpg\",\"datePublished\":\"2020-08-22T10:26:22+00:00\",\"dateModified\":\"2020-11-22T13:59:39+00:00\",\"breadcrumb\":{\"@id\":\"https:\\\/\\\/www.retrocomputing-whv.net\\\/?page_id=704#breadcrumb\"},\"inLanguage\":\"de\",\"potentialAction\":[{\"@type\":\"ReadAction\",\"target\":[\"https:\\\/\\\/www.retrocomputing-whv.net\\\/?page_id=704\"]}]},{\"@type\":\"ImageObject\",\"inLanguage\":\"de\",\"@id\":\"https:\\\/\\\/www.retrocomputing-whv.net\\\/?page_id=704#primaryimage\",\"url\":\"https:\\\/\\\/www.retrocomputing-whv.net\\\/wp-content\\\/uploads\\\/2020\\\/07\\\/DATA-BECKER-AMIGA-BASIC.jpg\",\"contentUrl\":\"https:\\\/\\\/www.retrocomputing-whv.net\\\/wp-content\\\/uploads\\\/2020\\\/07\\\/DATA-BECKER-AMIGA-BASIC.jpg\",\"width\":1200,\"height\":1760,\"caption\":\"DATA BECKER - AMIGA-BASIC\"},{\"@type\":\"BreadcrumbList\",\"@id\":\"https:\\\/\\\/www.retrocomputing-whv.net\\\/?page_id=704#breadcrumb\",\"itemListElement\":[{\"@type\":\"ListItem\",\"position\":1,\"name\":\"Startseite\",\"item\":\"https:\\\/\\\/www.retrocomputing-whv.net\\\/\"},{\"@type\":\"ListItem\",\"position\":2,\"name\":\"Literatur\",\"item\":\"https:\\\/\\\/www.retrocomputing-whv.net\\\/?page_id=105\"},{\"@type\":\"ListItem\",\"position\":3,\"name\":\"DATA BECKER\",\"item\":\"https:\\\/\\\/www.retrocomputing-whv.net\\\/?page_id=807\"},{\"@type\":\"ListItem\",\"position\":4,\"name\":\"Amiga\",\"item\":\"https:\\\/\\\/www.retrocomputing-whv.net\\\/?page_id=825\"},{\"@type\":\"ListItem\",\"position\":5,\"name\":\"Amiga BASIC\"}]},{\"@type\":\"WebSite\",\"@id\":\"https:\\\/\\\/www.retrocomputing-whv.net\\\/#website\",\"url\":\"https:\\\/\\\/www.retrocomputing-whv.net\\\/\",\"name\":\"Retrocomputing WHV\",\"description\":\"\",\"publisher\":{\"@id\":\"https:\\\/\\\/www.retrocomputing-whv.net\\\/#organization\"},\"potentialAction\":[{\"@type\":\"SearchAction\",\"target\":{\"@type\":\"EntryPoint\",\"urlTemplate\":\"https:\\\/\\\/www.retrocomputing-whv.net\\\/?s={search_term_string}\"},\"query-input\":{\"@type\":\"PropertyValueSpecification\",\"valueRequired\":true,\"valueName\":\"search_term_string\"}}],\"inLanguage\":\"de\"},{\"@type\":\"Organization\",\"@id\":\"https:\\\/\\\/www.retrocomputing-whv.net\\\/#organization\",\"name\":\"Retrocomputing-WHV\",\"url\":\"https:\\\/\\\/www.retrocomputing-whv.net\\\/\",\"logo\":{\"@type\":\"ImageObject\",\"inLanguage\":\"de\",\"@id\":\"https:\\\/\\\/www.retrocomputing-whv.net\\\/#\\\/schema\\\/logo\\\/image\\\/\",\"url\":\"https:\\\/\\\/www.retrocomputing-whv.net\\\/wp-content\\\/uploads\\\/2020\\\/04\\\/Logo.png\",\"contentUrl\":\"https:\\\/\\\/www.retrocomputing-whv.net\\\/wp-content\\\/uploads\\\/2020\\\/04\\\/Logo.png\",\"width\":1340,\"height\":250,\"caption\":\"Retrocomputing-WHV\"},\"image\":{\"@id\":\"https:\\\/\\\/www.retrocomputing-whv.net\\\/#\\\/schema\\\/logo\\\/image\\\/\"}}]}<\/script>\n<!-- \/ Yoast SEO plugin. -->","yoast_head_json":{"title":"Amiga BASIC - Retrocomputing WHV","robots":{"index":"index","follow":"follow","max-snippet":"max-snippet:-1","max-image-preview":"max-image-preview:large","max-video-preview":"max-video-preview:-1"},"canonical":"https:\/\/www.retrocomputing-whv.net\/?page_id=704","og_locale":"de_DE","og_type":"article","og_title":"Amiga BASIC - Retrocomputing WHV","og_description":"DATA BECKER &#8211; AMIGA-BASIC &#8211; Autoren Hannes R\u00fcgheimer, Christian Spanik7. Auflage &#8211; Erscheinungsjahr 1990 &#8211; ISBN 3-89011-209-9 Das AMIGA-BASIC ist f\u00fcr alle AMIGA-Benutzer interessant. Deshalb wird im ersten Teil dieses Buches Schritt f\u00fcr Schritt auf verst\u00e4ndliche Art und Weise auf die Programmierung des AMIGA eingegangen. Dabei geh\u00f6ren Grafik und Sound ebenso dazu wie Datenverwaltung und Statistik. Im zweiten Teil sind","og_url":"https:\/\/www.retrocomputing-whv.net\/?page_id=704","og_site_name":"Retrocomputing WHV","article_modified_time":"2020-11-22T13:59:39+00:00","og_image":[{"url":"https:\/\/www.retrocomputing-whv.net\/wp-content\/uploads\/2020\/07\/DATA-BECKER-AMIGA-BASIC-698x1024.jpg","type":"","width":"","height":""}],"twitter_card":"summary_large_image","twitter_misc":{"Gesch\u00e4tzte Lesezeit":"1\u00a0Minute"},"schema":{"@context":"https:\/\/schema.org","@graph":[{"@type":"WebPage","@id":"https:\/\/www.retrocomputing-whv.net\/?page_id=704","url":"https:\/\/www.retrocomputing-whv.net\/?page_id=704","name":"Amiga BASIC - Retrocomputing WHV","isPartOf":{"@id":"https:\/\/www.retrocomputing-whv.net\/#website"},"primaryImageOfPage":{"@id":"https:\/\/www.retrocomputing-whv.net\/?page_id=704#primaryimage"},"image":{"@id":"https:\/\/www.retrocomputing-whv.net\/?page_id=704#primaryimage"},"thumbnailUrl":"https:\/\/www.retrocomputing-whv.net\/wp-content\/uploads\/2020\/07\/DATA-BECKER-AMIGA-BASIC-698x1024.jpg","datePublished":"2020-08-22T10:26:22+00:00","dateModified":"2020-11-22T13:59:39+00:00","breadcrumb":{"@id":"https:\/\/www.retrocomputing-whv.net\/?page_id=704#breadcrumb"},"inLanguage":"de","potentialAction":[{"@type":"ReadAction","target":["https:\/\/www.retrocomputing-whv.net\/?page_id=704"]}]},{"@type":"ImageObject","inLanguage":"de","@id":"https:\/\/www.retrocomputing-whv.net\/?page_id=704#primaryimage","url":"https:\/\/www.retrocomputing-whv.net\/wp-content\/uploads\/2020\/07\/DATA-BECKER-AMIGA-BASIC.jpg","contentUrl":"https:\/\/www.retrocomputing-whv.net\/wp-content\/uploads\/2020\/07\/DATA-BECKER-AMIGA-BASIC.jpg","width":1200,"height":1760,"caption":"DATA BECKER - AMIGA-BASIC"},{"@type":"BreadcrumbList","@id":"https:\/\/www.retrocomputing-whv.net\/?page_id=704#breadcrumb","itemListElement":[{"@type":"ListItem","position":1,"name":"Startseite","item":"https:\/\/www.retrocomputing-whv.net\/"},{"@type":"ListItem","position":2,"name":"Literatur","item":"https:\/\/www.retrocomputing-whv.net\/?page_id=105"},{"@type":"ListItem","position":3,"name":"DATA BECKER","item":"https:\/\/www.retrocomputing-whv.net\/?page_id=807"},{"@type":"ListItem","position":4,"name":"Amiga","item":"https:\/\/www.retrocomputing-whv.net\/?page_id=825"},{"@type":"ListItem","position":5,"name":"Amiga BASIC"}]},{"@type":"WebSite","@id":"https:\/\/www.retrocomputing-whv.net\/#website","url":"https:\/\/www.retrocomputing-whv.net\/","name":"Retrocomputing WHV","description":"","publisher":{"@id":"https:\/\/www.retrocomputing-whv.net\/#organization"},"potentialAction":[{"@type":"SearchAction","target":{"@type":"EntryPoint","urlTemplate":"https:\/\/www.retrocomputing-whv.net\/?s={search_term_string}"},"query-input":{"@type":"PropertyValueSpecification","valueRequired":true,"valueName":"search_term_string"}}],"inLanguage":"de"},{"@type":"Organization","@id":"https:\/\/www.retrocomputing-whv.net\/#organization","name":"Retrocomputing-WHV","url":"https:\/\/www.retrocomputing-whv.net\/","logo":{"@type":"ImageObject","inLanguage":"de","@id":"https:\/\/www.retrocomputing-whv.net\/#\/schema\/logo\/image\/","url":"https:\/\/www.retrocomputing-whv.net\/wp-content\/uploads\/2020\/04\/Logo.png","contentUrl":"https:\/\/www.retrocomputing-whv.net\/wp-content\/uploads\/2020\/04\/Logo.png","width":1340,"height":250,"caption":"Retrocomputing-WHV"},"image":{"@id":"https:\/\/www.retrocomputing-whv.net\/#\/schema\/logo\/image\/"}}]}},"_links":{"self":[{"href":"https:\/\/www.retrocomputing-whv.net\/index.php?rest_route=\/wp\/v2\/pages\/704","targetHints":{"allow":["GET"]}}],"collection":[{"href":"https:\/\/www.retrocomputing-whv.net\/index.php?rest_route=\/wp\/v2\/pages"}],"about":[{"href":"https:\/\/www.retrocomputing-whv.net\/index.php?rest_route=\/wp\/v2\/types\/page"}],"author":[{"embeddable":true,"href":"https:\/\/www.retrocomputing-whv.net\/index.php?rest_route=\/wp\/v2\/users\/1"}],"replies":[{"embeddable":true,"href":"https:\/\/www.retrocomputing-whv.net\/index.php?rest_route=%2Fwp%2Fv2%2Fcomments&post=704"}],"version-history":[{"count":0,"href":"https:\/\/www.retrocomputing-whv.net\/index.php?rest_route=\/wp\/v2\/pages\/704\/revisions"}],"up":[{"embeddable":true,"href":"https:\/\/www.retrocomputing-whv.net\/index.php?rest_route=\/wp\/v2\/pages\/825"}],"wp:attachment":[{"href":"https:\/\/www.retrocomputing-whv.net\/index.php?rest_route=%2Fwp%2Fv2%2Fmedia&parent=704"}],"curies":[{"name":"wp","href":"https:\/\/api.w.org\/{rel}","templated":true}]}}