{"id":716,"date":"2020-08-22T13:33:04","date_gmt":"2020-08-22T11:33:04","guid":{"rendered":"https:\/\/www.retrocomputing-whv.net\/?page_id=716"},"modified":"2020-11-22T15:00:16","modified_gmt":"2020-11-22T14:00:16","slug":"data-becker-das-grosse-amiga-buch","status":"publish","type":"page","link":"https:\/\/www.retrocomputing-whv.net\/?page_id=716","title":{"rendered":"Das gro\u00dfe Amiga Buch"},"content":{"rendered":"\n<figure class=\"wp-block-image size-large\"><img loading=\"lazy\" decoding=\"async\" width=\"723\" height=\"1024\" src=\"https:\/\/www.retrocomputing-whv.net\/wp-content\/uploads\/2020\/07\/DATA-BECKER-Das-grosse-AMIGA-Buch-723x1024.jpg\" alt=\"DATA BECKER - Das grosse AMIGA Buch\" class=\"wp-image-622\" srcset=\"https:\/\/www.retrocomputing-whv.net\/wp-content\/uploads\/2020\/07\/DATA-BECKER-Das-grosse-AMIGA-Buch-723x1024.jpg 723w, https:\/\/www.retrocomputing-whv.net\/wp-content\/uploads\/2020\/07\/DATA-BECKER-Das-grosse-AMIGA-Buch-212x300.jpg 212w, https:\/\/www.retrocomputing-whv.net\/wp-content\/uploads\/2020\/07\/DATA-BECKER-Das-grosse-AMIGA-Buch-768x1087.jpg 768w, https:\/\/www.retrocomputing-whv.net\/wp-content\/uploads\/2020\/07\/DATA-BECKER-Das-grosse-AMIGA-Buch-1085x1536.jpg 1085w, https:\/\/www.retrocomputing-whv.net\/wp-content\/uploads\/2020\/07\/DATA-BECKER-Das-grosse-AMIGA-Buch.jpg 1200w\" sizes=\"auto, (max-width: 723px) 100vw, 723px\" \/><\/figure>\n\n\n\n<p>DATA BECKER &#8211; Das gro\u00dfe AMIGA Buch &#8211; Autor Andreas Polk<br>1. Auflage &#8211; Erscheinungsjahr 1992 &#8211; ISBN 3-89011-564-0<\/p>\n\n\n\n<p>In dem gro\u00dfen AMIGA-Buch finden Sie zu allen wichtigen Bereichen praktische Tipps und Tricks. Sei es \u00fcber Sicherheitskopien einer Diskette anzufertigen, dem Umgang mit CLI und Workbench, \u00fcber die Systemanpassung, die Hardware des AMIGAs, bis hin zur Datenfern\u00fcbertragung und Virenbek\u00e4mpfung. Lernen Sie, wie in einem Kurs, die Bedienung und die Nutzung Ihres AMIGAs.<\/p>\n\n\n\n<p><strong>Aus dem Inhalt:<\/strong><\/p>\n\n\n\n<ul class=\"wp-block-list\"><li>Der Umgang mit der Workbench 1.3 und 2.0<\/li><li>Systemanpassung unter Kick 1.3 und 2.0<\/li><li>Die Grundlagen der Shell<\/li><li>Druckeranpassung<\/li><li>Beschreibung von Standardprogrammen f\u00fcr AMIGA<\/li><li>Die Hardware des AMIGAs<\/li><li>Grundlagen der Programmierung<\/li><li>AMIGA und Video<\/li><li>Die wichtigsten Datenformate<\/li><li>Datenfern\u00fcbertragung<\/li><li>Virenbek\u00e4mpfung<\/li><li>Ein ausf\u00fchrlicher Anhang<\/li><\/ul>\n\n\n\n<p>Ob Einsteiger, Aufsteiger oder Profi, vom Umgang mit dem AMIGA bis zum Nachschlagewerk \u2013 das AMIGA Buch bietet allen Anwendern das passende Know-how.<\/p>\n\n\n\n<figure class=\"wp-block-image size-large\"><a href=\"https:\/\/www.retrocomputing-whv.net\/?page_id=825\"><img loading=\"lazy\" decoding=\"async\" width=\"256\" height=\"136\" src=\"https:\/\/www.retrocomputing-whv.net\/wp-content\/uploads\/2020\/08\/Backspace.jpg\" alt=\"Backspace\" class=\"wp-image-681\"\/><\/a><\/figure>\n\n\n\n<p><\/p>\n","protected":false},"excerpt":{"rendered":"<p>DATA BECKER &#8211; Das gro\u00dfe AMIGA Buch &#8211; Autor Andreas Polk1. Auflage &#8211; Erscheinungsjahr 1992 &#8211; ISBN 3-89011-564-0 In dem gro\u00dfen AMIGA-Buch finden Sie zu allen wichtigen Bereichen praktische Tipps und Tricks. Sei es \u00fcber Sicherheitskopien einer Diskette anzufertigen, dem Umgang mit CLI und Workbench, \u00fcber die Systemanpassung, die Hardware des AMIGAs, bis hin zur Datenfern\u00fcbertragung und Virenbek\u00e4mpfung. Lernen Sie,<\/p>\n","protected":false},"author":1,"featured_media":0,"parent":825,"menu_order":0,"comment_status":"closed","ping_status":"closed","template":"","meta":{"footnotes":""},"class_list":["post-716","page","type-page","status-publish","hentry"],"yoast_head":"<!-- This site is optimized with the Yoast SEO plugin v27.5 - https:\/\/yoast.com\/product\/yoast-seo-wordpress\/ -->\n<title>Das gro\u00dfe Amiga Buch - Retrocomputing WHV<\/title>\n<meta name=\"robots\" content=\"index, follow, max-snippet:-1, max-image-preview:large, max-video-preview:-1\" \/>\n<link rel=\"canonical\" href=\"https:\/\/www.retrocomputing-whv.net\/?page_id=716\" \/>\n<meta property=\"og:locale\" content=\"de_DE\" \/>\n<meta property=\"og:type\" content=\"article\" \/>\n<meta property=\"og:title\" content=\"Das gro\u00dfe Amiga Buch - Retrocomputing WHV\" \/>\n<meta property=\"og:description\" content=\"DATA BECKER &#8211; Das gro\u00dfe AMIGA Buch &#8211; Autor Andreas Polk1. Auflage &#8211; Erscheinungsjahr 1992 &#8211; ISBN 3-89011-564-0 In dem gro\u00dfen AMIGA-Buch finden Sie zu allen wichtigen Bereichen praktische Tipps und Tricks. Sei es \u00fcber Sicherheitskopien einer Diskette anzufertigen, dem Umgang mit CLI und Workbench, \u00fcber die Systemanpassung, die Hardware des AMIGAs, bis hin zur Datenfern\u00fcbertragung und Virenbek\u00e4mpfung. Lernen Sie,\" \/>\n<meta property=\"og:url\" content=\"https:\/\/www.retrocomputing-whv.net\/?page_id=716\" \/>\n<meta property=\"og:site_name\" content=\"Retrocomputing WHV\" \/>\n<meta property=\"article:modified_time\" content=\"2020-11-22T14:00:16+00:00\" \/>\n<meta property=\"og:image\" content=\"https:\/\/www.retrocomputing-whv.net\/wp-content\/uploads\/2020\/07\/DATA-BECKER-Das-grosse-AMIGA-Buch-723x1024.jpg\" \/>\n<meta name=\"twitter:card\" content=\"summary_large_image\" \/>\n<meta name=\"twitter:label1\" content=\"Gesch\u00e4tzte Lesezeit\" \/>\n\t<meta name=\"twitter:data1\" content=\"1\u00a0Minute\" \/>\n<script type=\"application\/ld+json\" class=\"yoast-schema-graph\">{\"@context\":\"https:\\\/\\\/schema.org\",\"@graph\":[{\"@type\":\"WebPage\",\"@id\":\"https:\\\/\\\/www.retrocomputing-whv.net\\\/?page_id=716\",\"url\":\"https:\\\/\\\/www.retrocomputing-whv.net\\\/?page_id=716\",\"name\":\"Das gro\u00dfe Amiga Buch - Retrocomputing WHV\",\"isPartOf\":{\"@id\":\"https:\\\/\\\/www.retrocomputing-whv.net\\\/#website\"},\"primaryImageOfPage\":{\"@id\":\"https:\\\/\\\/www.retrocomputing-whv.net\\\/?page_id=716#primaryimage\"},\"image\":{\"@id\":\"https:\\\/\\\/www.retrocomputing-whv.net\\\/?page_id=716#primaryimage\"},\"thumbnailUrl\":\"https:\\\/\\\/www.retrocomputing-whv.net\\\/wp-content\\\/uploads\\\/2020\\\/07\\\/DATA-BECKER-Das-grosse-AMIGA-Buch-723x1024.jpg\",\"datePublished\":\"2020-08-22T11:33:04+00:00\",\"dateModified\":\"2020-11-22T14:00:16+00:00\",\"breadcrumb\":{\"@id\":\"https:\\\/\\\/www.retrocomputing-whv.net\\\/?page_id=716#breadcrumb\"},\"inLanguage\":\"de\",\"potentialAction\":[{\"@type\":\"ReadAction\",\"target\":[\"https:\\\/\\\/www.retrocomputing-whv.net\\\/?page_id=716\"]}]},{\"@type\":\"ImageObject\",\"inLanguage\":\"de\",\"@id\":\"https:\\\/\\\/www.retrocomputing-whv.net\\\/?page_id=716#primaryimage\",\"url\":\"https:\\\/\\\/www.retrocomputing-whv.net\\\/wp-content\\\/uploads\\\/2020\\\/07\\\/DATA-BECKER-Das-grosse-AMIGA-Buch.jpg\",\"contentUrl\":\"https:\\\/\\\/www.retrocomputing-whv.net\\\/wp-content\\\/uploads\\\/2020\\\/07\\\/DATA-BECKER-Das-grosse-AMIGA-Buch.jpg\",\"width\":1200,\"height\":1699,\"caption\":\"DATA BECKER - Das grosse AMIGA Buch\"},{\"@type\":\"BreadcrumbList\",\"@id\":\"https:\\\/\\\/www.retrocomputing-whv.net\\\/?page_id=716#breadcrumb\",\"itemListElement\":[{\"@type\":\"ListItem\",\"position\":1,\"name\":\"Startseite\",\"item\":\"https:\\\/\\\/www.retrocomputing-whv.net\\\/\"},{\"@type\":\"ListItem\",\"position\":2,\"name\":\"Literatur\",\"item\":\"https:\\\/\\\/www.retrocomputing-whv.net\\\/?page_id=105\"},{\"@type\":\"ListItem\",\"position\":3,\"name\":\"DATA BECKER\",\"item\":\"https:\\\/\\\/www.retrocomputing-whv.net\\\/?page_id=807\"},{\"@type\":\"ListItem\",\"position\":4,\"name\":\"Amiga\",\"item\":\"https:\\\/\\\/www.retrocomputing-whv.net\\\/?page_id=825\"},{\"@type\":\"ListItem\",\"position\":5,\"name\":\"Das gro\u00dfe Amiga Buch\"}]},{\"@type\":\"WebSite\",\"@id\":\"https:\\\/\\\/www.retrocomputing-whv.net\\\/#website\",\"url\":\"https:\\\/\\\/www.retrocomputing-whv.net\\\/\",\"name\":\"Retrocomputing WHV\",\"description\":\"\",\"publisher\":{\"@id\":\"https:\\\/\\\/www.retrocomputing-whv.net\\\/#organization\"},\"potentialAction\":[{\"@type\":\"SearchAction\",\"target\":{\"@type\":\"EntryPoint\",\"urlTemplate\":\"https:\\\/\\\/www.retrocomputing-whv.net\\\/?s={search_term_string}\"},\"query-input\":{\"@type\":\"PropertyValueSpecification\",\"valueRequired\":true,\"valueName\":\"search_term_string\"}}],\"inLanguage\":\"de\"},{\"@type\":\"Organization\",\"@id\":\"https:\\\/\\\/www.retrocomputing-whv.net\\\/#organization\",\"name\":\"Retrocomputing-WHV\",\"url\":\"https:\\\/\\\/www.retrocomputing-whv.net\\\/\",\"logo\":{\"@type\":\"ImageObject\",\"inLanguage\":\"de\",\"@id\":\"https:\\\/\\\/www.retrocomputing-whv.net\\\/#\\\/schema\\\/logo\\\/image\\\/\",\"url\":\"https:\\\/\\\/www.retrocomputing-whv.net\\\/wp-content\\\/uploads\\\/2020\\\/04\\\/Logo.png\",\"contentUrl\":\"https:\\\/\\\/www.retrocomputing-whv.net\\\/wp-content\\\/uploads\\\/2020\\\/04\\\/Logo.png\",\"width\":1340,\"height\":250,\"caption\":\"Retrocomputing-WHV\"},\"image\":{\"@id\":\"https:\\\/\\\/www.retrocomputing-whv.net\\\/#\\\/schema\\\/logo\\\/image\\\/\"}}]}<\/script>\n<!-- \/ Yoast SEO plugin. -->","yoast_head_json":{"title":"Das gro\u00dfe Amiga Buch - Retrocomputing WHV","robots":{"index":"index","follow":"follow","max-snippet":"max-snippet:-1","max-image-preview":"max-image-preview:large","max-video-preview":"max-video-preview:-1"},"canonical":"https:\/\/www.retrocomputing-whv.net\/?page_id=716","og_locale":"de_DE","og_type":"article","og_title":"Das gro\u00dfe Amiga Buch - Retrocomputing WHV","og_description":"DATA BECKER &#8211; Das gro\u00dfe AMIGA Buch &#8211; Autor Andreas Polk1. Auflage &#8211; Erscheinungsjahr 1992 &#8211; ISBN 3-89011-564-0 In dem gro\u00dfen AMIGA-Buch finden Sie zu allen wichtigen Bereichen praktische Tipps und Tricks. Sei es \u00fcber Sicherheitskopien einer Diskette anzufertigen, dem Umgang mit CLI und Workbench, \u00fcber die Systemanpassung, die Hardware des AMIGAs, bis hin zur Datenfern\u00fcbertragung und Virenbek\u00e4mpfung. Lernen Sie,","og_url":"https:\/\/www.retrocomputing-whv.net\/?page_id=716","og_site_name":"Retrocomputing WHV","article_modified_time":"2020-11-22T14:00:16+00:00","og_image":[{"url":"https:\/\/www.retrocomputing-whv.net\/wp-content\/uploads\/2020\/07\/DATA-BECKER-Das-grosse-AMIGA-Buch-723x1024.jpg","type":"","width":"","height":""}],"twitter_card":"summary_large_image","twitter_misc":{"Gesch\u00e4tzte Lesezeit":"1\u00a0Minute"},"schema":{"@context":"https:\/\/schema.org","@graph":[{"@type":"WebPage","@id":"https:\/\/www.retrocomputing-whv.net\/?page_id=716","url":"https:\/\/www.retrocomputing-whv.net\/?page_id=716","name":"Das gro\u00dfe Amiga Buch - Retrocomputing WHV","isPartOf":{"@id":"https:\/\/www.retrocomputing-whv.net\/#website"},"primaryImageOfPage":{"@id":"https:\/\/www.retrocomputing-whv.net\/?page_id=716#primaryimage"},"image":{"@id":"https:\/\/www.retrocomputing-whv.net\/?page_id=716#primaryimage"},"thumbnailUrl":"https:\/\/www.retrocomputing-whv.net\/wp-content\/uploads\/2020\/07\/DATA-BECKER-Das-grosse-AMIGA-Buch-723x1024.jpg","datePublished":"2020-08-22T11:33:04+00:00","dateModified":"2020-11-22T14:00:16+00:00","breadcrumb":{"@id":"https:\/\/www.retrocomputing-whv.net\/?page_id=716#breadcrumb"},"inLanguage":"de","potentialAction":[{"@type":"ReadAction","target":["https:\/\/www.retrocomputing-whv.net\/?page_id=716"]}]},{"@type":"ImageObject","inLanguage":"de","@id":"https:\/\/www.retrocomputing-whv.net\/?page_id=716#primaryimage","url":"https:\/\/www.retrocomputing-whv.net\/wp-content\/uploads\/2020\/07\/DATA-BECKER-Das-grosse-AMIGA-Buch.jpg","contentUrl":"https:\/\/www.retrocomputing-whv.net\/wp-content\/uploads\/2020\/07\/DATA-BECKER-Das-grosse-AMIGA-Buch.jpg","width":1200,"height":1699,"caption":"DATA BECKER - Das grosse AMIGA Buch"},{"@type":"BreadcrumbList","@id":"https:\/\/www.retrocomputing-whv.net\/?page_id=716#breadcrumb","itemListElement":[{"@type":"ListItem","position":1,"name":"Startseite","item":"https:\/\/www.retrocomputing-whv.net\/"},{"@type":"ListItem","position":2,"name":"Literatur","item":"https:\/\/www.retrocomputing-whv.net\/?page_id=105"},{"@type":"ListItem","position":3,"name":"DATA BECKER","item":"https:\/\/www.retrocomputing-whv.net\/?page_id=807"},{"@type":"ListItem","position":4,"name":"Amiga","item":"https:\/\/www.retrocomputing-whv.net\/?page_id=825"},{"@type":"ListItem","position":5,"name":"Das gro\u00dfe Amiga Buch"}]},{"@type":"WebSite","@id":"https:\/\/www.retrocomputing-whv.net\/#website","url":"https:\/\/www.retrocomputing-whv.net\/","name":"Retrocomputing WHV","description":"","publisher":{"@id":"https:\/\/www.retrocomputing-whv.net\/#organization"},"potentialAction":[{"@type":"SearchAction","target":{"@type":"EntryPoint","urlTemplate":"https:\/\/www.retrocomputing-whv.net\/?s={search_term_string}"},"query-input":{"@type":"PropertyValueSpecification","valueRequired":true,"valueName":"search_term_string"}}],"inLanguage":"de"},{"@type":"Organization","@id":"https:\/\/www.retrocomputing-whv.net\/#organization","name":"Retrocomputing-WHV","url":"https:\/\/www.retrocomputing-whv.net\/","logo":{"@type":"ImageObject","inLanguage":"de","@id":"https:\/\/www.retrocomputing-whv.net\/#\/schema\/logo\/image\/","url":"https:\/\/www.retrocomputing-whv.net\/wp-content\/uploads\/2020\/04\/Logo.png","contentUrl":"https:\/\/www.retrocomputing-whv.net\/wp-content\/uploads\/2020\/04\/Logo.png","width":1340,"height":250,"caption":"Retrocomputing-WHV"},"image":{"@id":"https:\/\/www.retrocomputing-whv.net\/#\/schema\/logo\/image\/"}}]}},"_links":{"self":[{"href":"https:\/\/www.retrocomputing-whv.net\/index.php?rest_route=\/wp\/v2\/pages\/716","targetHints":{"allow":["GET"]}}],"collection":[{"href":"https:\/\/www.retrocomputing-whv.net\/index.php?rest_route=\/wp\/v2\/pages"}],"about":[{"href":"https:\/\/www.retrocomputing-whv.net\/index.php?rest_route=\/wp\/v2\/types\/page"}],"author":[{"embeddable":true,"href":"https:\/\/www.retrocomputing-whv.net\/index.php?rest_route=\/wp\/v2\/users\/1"}],"replies":[{"embeddable":true,"href":"https:\/\/www.retrocomputing-whv.net\/index.php?rest_route=%2Fwp%2Fv2%2Fcomments&post=716"}],"version-history":[{"count":0,"href":"https:\/\/www.retrocomputing-whv.net\/index.php?rest_route=\/wp\/v2\/pages\/716\/revisions"}],"up":[{"embeddable":true,"href":"https:\/\/www.retrocomputing-whv.net\/index.php?rest_route=\/wp\/v2\/pages\/825"}],"wp:attachment":[{"href":"https:\/\/www.retrocomputing-whv.net\/index.php?rest_route=%2Fwp%2Fv2%2Fmedia&parent=716"}],"curies":[{"name":"wp","href":"https:\/\/api.w.org\/{rel}","templated":true}]}}