{"id":738,"date":"2020-08-22T13:59:48","date_gmt":"2020-08-22T11:59:48","guid":{"rendered":"https:\/\/www.retrocomputing-whv.net\/?page_id=738"},"modified":"2021-01-14T14:06:29","modified_gmt":"2021-01-14T13:06:29","slug":"markt-und-technik-desktop-video-auf-dem-amiga","status":"publish","type":"page","link":"https:\/\/www.retrocomputing-whv.net\/?page_id=738","title":{"rendered":"Desktop Video auf dem Amiga"},"content":{"rendered":"\n<figure class=\"wp-block-image size-large\"><img loading=\"lazy\" decoding=\"async\" width=\"700\" height=\"1024\" src=\"https:\/\/www.retrocomputing-whv.net\/wp-content\/uploads\/2020\/07\/Markt-und-Technik-Desktop-Video-auf-dem-AMIGA-700x1024.jpg\" alt=\"Markt und Technik - Desktop Video auf dem AMIGA\" class=\"wp-image-619\" srcset=\"https:\/\/www.retrocomputing-whv.net\/wp-content\/uploads\/2020\/07\/Markt-und-Technik-Desktop-Video-auf-dem-AMIGA-700x1024.jpg 700w, https:\/\/www.retrocomputing-whv.net\/wp-content\/uploads\/2020\/07\/Markt-und-Technik-Desktop-Video-auf-dem-AMIGA-205x300.jpg 205w, https:\/\/www.retrocomputing-whv.net\/wp-content\/uploads\/2020\/07\/Markt-und-Technik-Desktop-Video-auf-dem-AMIGA-768x1123.jpg 768w, https:\/\/www.retrocomputing-whv.net\/wp-content\/uploads\/2020\/07\/Markt-und-Technik-Desktop-Video-auf-dem-AMIGA-1050x1536.jpg 1050w, https:\/\/www.retrocomputing-whv.net\/wp-content\/uploads\/2020\/07\/Markt-und-Technik-Desktop-Video-auf-dem-AMIGA.jpg 1200w\" sizes=\"auto, (max-width: 700px) 100vw, 700px\" \/><\/figure>\n\n\n\n<p>Markt und Technik &#8211; Desktop Video auf dem AMIGA &#8211; Autor Andreas Grote<br>1. Auflage &#8211; Erscheinungsjahr 1990 &#8211; ISBN 3-89090-312-6<\/p>\n\n\n\n<p>Desktop Video, ein Begriff, der sowohl in der Computer- als auch in der Videowelt immer mehr Beachtung findet, ist das Thema dieses Buches. Was ist Desktop Video? Und warum Desktop Video auf dem AMIGA? Als begeisterter Videofilmer haben Sie sich vielleicht schon \u00f6fters Gedanken gemacht, wie Sie den eigenen Werken mit eindrucksvollen Effekten, Tonuntermalung, informativen Vor- und Nachsp\u00e4nnen den letzten Pfiff geben k\u00f6nnen und neidisch auf die professionellen Effekte im Fernsehen geschielt. Als Computerbesitzer hat Sie das Gebiet Video schon immer fasziniert. Beide Gebiete, Video und Computer, lassen sich eindrucksvoll kombinieren, zum Beispiel um Bilder vom Computer auf Video zu \u00fcberspielen oder Videofilme mit Computerbildern zu verfeinern. Und das alles zu Hause, nicht in teuren oder aufwendigen Fernseh- oder Videostudios, sondern direkt auf Ihrem Schreibtisch \u2013 das bedeutet Desktop Video.<br>Der AMIGA ist durch seine au\u00dferordentlichen Grafikf\u00e4higkeiten unbestritten der beste und preisg\u00fcnstigste Computer auf diesem Gebiet. Es existiert bereits eine gro\u00dfe Palette an Hardwareerweiterungen und Softwarel\u00f6sungen, die speziell f\u00fcr Desktop Video entwickelt wurden. Das vorliegende Buch soll Ihnen bei der Auswahl der f\u00fcr Ihre Zwecke am besten geeigneten Software und Hardware helfen. Um Ihnen einen Einblick in die Arbeitsweise kommerzieller Programme wie Deluxe Paint II und III, Deluxe Video, Moviesetter, Aegis Videotitler, ANIMATION:Effects u.a. zu geben, sind diese Programme in Workshops beschrieben. Mit den auf den Beispieldisketten enthaltenen Public-Domain-Programmen haben Sie die M\u00f6glichkeit, interessante Effekte selbst zu gestalten. Dazu sind viele Beispiele zur Gestaltung von Vor- und Absp\u00e4nnen, zu Animationen und Schriften vorhanden, so dass Sie die einzelnen Anregungen im Buch leicht nachvollziehen k\u00f6nnen. Falls Sie einige der Programme die beschrieben werden, (noch) nicht besitzen, sollen Ihnen die Beschreibungen als Hilfe zur Kaufentscheidung dienen.<br>Um Computerbilder auf ein Videoger\u00e4t oder Videobilder auf den AMIGA zu \u00fcbertragen, ben\u00f6tigen Sie spezielle Hardware. Welche Hardware gibt es, wie sie eingesetzt und an den AMIGA angeschlossen wird, erfahren Sie ebenfalls im vorliegenden Buch. In einem Glossar werden die wichtigsten Begriffe aus der Welt des Desktop Video verst\u00e4ndlich erkl\u00e4rt.<\/p>\n\n\n\n<p><strong>Hard- und Software-Voraussetzungen:<\/strong><br>AMIGA 500, 1000 oder 2000 mit 512 Kbyte RAM-Speicher, empfohlen 1 Mbyte<\/p>\n\n\n\n<figure class=\"wp-block-image size-large\"><a href=\"https:\/\/www.retrocomputing-whv.net\/?page_id=249\"><img loading=\"lazy\" decoding=\"async\" width=\"256\" height=\"136\" src=\"https:\/\/www.retrocomputing-whv.net\/wp-content\/uploads\/2020\/08\/Backspace.jpg\" alt=\"Backspace\" class=\"wp-image-681\"\/><\/a><\/figure>\n","protected":false},"excerpt":{"rendered":"<p>Markt und Technik &#8211; Desktop Video auf dem AMIGA &#8211; Autor Andreas Grote1. Auflage &#8211; Erscheinungsjahr 1990 &#8211; ISBN 3-89090-312-6 Desktop Video, ein Begriff, der sowohl in der Computer- als auch in der Videowelt immer mehr Beachtung findet, ist das Thema dieses Buches. Was ist Desktop Video? Und warum Desktop Video auf dem AMIGA? Als begeisterter Videofilmer haben Sie sich<\/p>\n","protected":false},"author":1,"featured_media":0,"parent":249,"menu_order":0,"comment_status":"closed","ping_status":"closed","template":"","meta":{"footnotes":""},"class_list":["post-738","page","type-page","status-publish","hentry"],"yoast_head":"<!-- This site is optimized with the Yoast SEO plugin v27.5 - https:\/\/yoast.com\/product\/yoast-seo-wordpress\/ -->\n<title>Desktop Video auf dem Amiga - Retrocomputing WHV<\/title>\n<meta name=\"robots\" content=\"index, follow, max-snippet:-1, max-image-preview:large, max-video-preview:-1\" \/>\n<link rel=\"canonical\" href=\"https:\/\/www.retrocomputing-whv.net\/?page_id=738\" \/>\n<meta property=\"og:locale\" content=\"de_DE\" \/>\n<meta property=\"og:type\" content=\"article\" \/>\n<meta property=\"og:title\" content=\"Desktop Video auf dem Amiga - Retrocomputing WHV\" \/>\n<meta property=\"og:description\" content=\"Markt und Technik &#8211; Desktop Video auf dem AMIGA &#8211; Autor Andreas Grote1. Auflage &#8211; Erscheinungsjahr 1990 &#8211; ISBN 3-89090-312-6 Desktop Video, ein Begriff, der sowohl in der Computer- als auch in der Videowelt immer mehr Beachtung findet, ist das Thema dieses Buches. Was ist Desktop Video? Und warum Desktop Video auf dem AMIGA? Als begeisterter Videofilmer haben Sie sich\" \/>\n<meta property=\"og:url\" content=\"https:\/\/www.retrocomputing-whv.net\/?page_id=738\" \/>\n<meta property=\"og:site_name\" content=\"Retrocomputing WHV\" \/>\n<meta property=\"article:modified_time\" content=\"2021-01-14T13:06:29+00:00\" \/>\n<meta property=\"og:image\" content=\"https:\/\/www.retrocomputing-whv.net\/wp-content\/uploads\/2020\/07\/Markt-und-Technik-Desktop-Video-auf-dem-AMIGA-700x1024.jpg\" \/>\n<meta name=\"twitter:card\" content=\"summary_large_image\" \/>\n<meta name=\"twitter:label1\" content=\"Gesch\u00e4tzte Lesezeit\" \/>\n\t<meta name=\"twitter:data1\" content=\"2\u00a0Minuten\" \/>\n<script type=\"application\/ld+json\" class=\"yoast-schema-graph\">{\"@context\":\"https:\\\/\\\/schema.org\",\"@graph\":[{\"@type\":\"WebPage\",\"@id\":\"https:\\\/\\\/www.retrocomputing-whv.net\\\/?page_id=738\",\"url\":\"https:\\\/\\\/www.retrocomputing-whv.net\\\/?page_id=738\",\"name\":\"Desktop Video auf dem Amiga - Retrocomputing WHV\",\"isPartOf\":{\"@id\":\"https:\\\/\\\/www.retrocomputing-whv.net\\\/#website\"},\"primaryImageOfPage\":{\"@id\":\"https:\\\/\\\/www.retrocomputing-whv.net\\\/?page_id=738#primaryimage\"},\"image\":{\"@id\":\"https:\\\/\\\/www.retrocomputing-whv.net\\\/?page_id=738#primaryimage\"},\"thumbnailUrl\":\"https:\\\/\\\/www.retrocomputing-whv.net\\\/wp-content\\\/uploads\\\/2020\\\/07\\\/Markt-und-Technik-Desktop-Video-auf-dem-AMIGA-700x1024.jpg\",\"datePublished\":\"2020-08-22T11:59:48+00:00\",\"dateModified\":\"2021-01-14T13:06:29+00:00\",\"breadcrumb\":{\"@id\":\"https:\\\/\\\/www.retrocomputing-whv.net\\\/?page_id=738#breadcrumb\"},\"inLanguage\":\"de\",\"potentialAction\":[{\"@type\":\"ReadAction\",\"target\":[\"https:\\\/\\\/www.retrocomputing-whv.net\\\/?page_id=738\"]}]},{\"@type\":\"ImageObject\",\"inLanguage\":\"de\",\"@id\":\"https:\\\/\\\/www.retrocomputing-whv.net\\\/?page_id=738#primaryimage\",\"url\":\"https:\\\/\\\/www.retrocomputing-whv.net\\\/wp-content\\\/uploads\\\/2020\\\/07\\\/Markt-und-Technik-Desktop-Video-auf-dem-AMIGA.jpg\",\"contentUrl\":\"https:\\\/\\\/www.retrocomputing-whv.net\\\/wp-content\\\/uploads\\\/2020\\\/07\\\/Markt-und-Technik-Desktop-Video-auf-dem-AMIGA.jpg\",\"width\":1200,\"height\":1755,\"caption\":\"Markt und Technik - Desktop Video auf dem AMIGA\"},{\"@type\":\"BreadcrumbList\",\"@id\":\"https:\\\/\\\/www.retrocomputing-whv.net\\\/?page_id=738#breadcrumb\",\"itemListElement\":[{\"@type\":\"ListItem\",\"position\":1,\"name\":\"Startseite\",\"item\":\"https:\\\/\\\/www.retrocomputing-whv.net\\\/\"},{\"@type\":\"ListItem\",\"position\":2,\"name\":\"Literatur\",\"item\":\"https:\\\/\\\/www.retrocomputing-whv.net\\\/?page_id=105\"},{\"@type\":\"ListItem\",\"position\":3,\"name\":\"Markt &#038; Technik\",\"item\":\"https:\\\/\\\/www.retrocomputing-whv.net\\\/?page_id=1170\"},{\"@type\":\"ListItem\",\"position\":4,\"name\":\"Amiga\",\"item\":\"https:\\\/\\\/www.retrocomputing-whv.net\\\/?page_id=249\"},{\"@type\":\"ListItem\",\"position\":5,\"name\":\"Desktop Video auf dem Amiga\"}]},{\"@type\":\"WebSite\",\"@id\":\"https:\\\/\\\/www.retrocomputing-whv.net\\\/#website\",\"url\":\"https:\\\/\\\/www.retrocomputing-whv.net\\\/\",\"name\":\"Retrocomputing WHV\",\"description\":\"\",\"publisher\":{\"@id\":\"https:\\\/\\\/www.retrocomputing-whv.net\\\/#organization\"},\"potentialAction\":[{\"@type\":\"SearchAction\",\"target\":{\"@type\":\"EntryPoint\",\"urlTemplate\":\"https:\\\/\\\/www.retrocomputing-whv.net\\\/?s={search_term_string}\"},\"query-input\":{\"@type\":\"PropertyValueSpecification\",\"valueRequired\":true,\"valueName\":\"search_term_string\"}}],\"inLanguage\":\"de\"},{\"@type\":\"Organization\",\"@id\":\"https:\\\/\\\/www.retrocomputing-whv.net\\\/#organization\",\"name\":\"Retrocomputing-WHV\",\"url\":\"https:\\\/\\\/www.retrocomputing-whv.net\\\/\",\"logo\":{\"@type\":\"ImageObject\",\"inLanguage\":\"de\",\"@id\":\"https:\\\/\\\/www.retrocomputing-whv.net\\\/#\\\/schema\\\/logo\\\/image\\\/\",\"url\":\"https:\\\/\\\/www.retrocomputing-whv.net\\\/wp-content\\\/uploads\\\/2020\\\/04\\\/Logo.png\",\"contentUrl\":\"https:\\\/\\\/www.retrocomputing-whv.net\\\/wp-content\\\/uploads\\\/2020\\\/04\\\/Logo.png\",\"width\":1340,\"height\":250,\"caption\":\"Retrocomputing-WHV\"},\"image\":{\"@id\":\"https:\\\/\\\/www.retrocomputing-whv.net\\\/#\\\/schema\\\/logo\\\/image\\\/\"}}]}<\/script>\n<!-- \/ Yoast SEO plugin. -->","yoast_head_json":{"title":"Desktop Video auf dem Amiga - Retrocomputing WHV","robots":{"index":"index","follow":"follow","max-snippet":"max-snippet:-1","max-image-preview":"max-image-preview:large","max-video-preview":"max-video-preview:-1"},"canonical":"https:\/\/www.retrocomputing-whv.net\/?page_id=738","og_locale":"de_DE","og_type":"article","og_title":"Desktop Video auf dem Amiga - Retrocomputing WHV","og_description":"Markt und Technik &#8211; Desktop Video auf dem AMIGA &#8211; Autor Andreas Grote1. Auflage &#8211; Erscheinungsjahr 1990 &#8211; ISBN 3-89090-312-6 Desktop Video, ein Begriff, der sowohl in der Computer- als auch in der Videowelt immer mehr Beachtung findet, ist das Thema dieses Buches. Was ist Desktop Video? Und warum Desktop Video auf dem AMIGA? Als begeisterter Videofilmer haben Sie sich","og_url":"https:\/\/www.retrocomputing-whv.net\/?page_id=738","og_site_name":"Retrocomputing WHV","article_modified_time":"2021-01-14T13:06:29+00:00","og_image":[{"url":"https:\/\/www.retrocomputing-whv.net\/wp-content\/uploads\/2020\/07\/Markt-und-Technik-Desktop-Video-auf-dem-AMIGA-700x1024.jpg","type":"","width":"","height":""}],"twitter_card":"summary_large_image","twitter_misc":{"Gesch\u00e4tzte Lesezeit":"2\u00a0Minuten"},"schema":{"@context":"https:\/\/schema.org","@graph":[{"@type":"WebPage","@id":"https:\/\/www.retrocomputing-whv.net\/?page_id=738","url":"https:\/\/www.retrocomputing-whv.net\/?page_id=738","name":"Desktop Video auf dem Amiga - Retrocomputing WHV","isPartOf":{"@id":"https:\/\/www.retrocomputing-whv.net\/#website"},"primaryImageOfPage":{"@id":"https:\/\/www.retrocomputing-whv.net\/?page_id=738#primaryimage"},"image":{"@id":"https:\/\/www.retrocomputing-whv.net\/?page_id=738#primaryimage"},"thumbnailUrl":"https:\/\/www.retrocomputing-whv.net\/wp-content\/uploads\/2020\/07\/Markt-und-Technik-Desktop-Video-auf-dem-AMIGA-700x1024.jpg","datePublished":"2020-08-22T11:59:48+00:00","dateModified":"2021-01-14T13:06:29+00:00","breadcrumb":{"@id":"https:\/\/www.retrocomputing-whv.net\/?page_id=738#breadcrumb"},"inLanguage":"de","potentialAction":[{"@type":"ReadAction","target":["https:\/\/www.retrocomputing-whv.net\/?page_id=738"]}]},{"@type":"ImageObject","inLanguage":"de","@id":"https:\/\/www.retrocomputing-whv.net\/?page_id=738#primaryimage","url":"https:\/\/www.retrocomputing-whv.net\/wp-content\/uploads\/2020\/07\/Markt-und-Technik-Desktop-Video-auf-dem-AMIGA.jpg","contentUrl":"https:\/\/www.retrocomputing-whv.net\/wp-content\/uploads\/2020\/07\/Markt-und-Technik-Desktop-Video-auf-dem-AMIGA.jpg","width":1200,"height":1755,"caption":"Markt und Technik - Desktop Video auf dem AMIGA"},{"@type":"BreadcrumbList","@id":"https:\/\/www.retrocomputing-whv.net\/?page_id=738#breadcrumb","itemListElement":[{"@type":"ListItem","position":1,"name":"Startseite","item":"https:\/\/www.retrocomputing-whv.net\/"},{"@type":"ListItem","position":2,"name":"Literatur","item":"https:\/\/www.retrocomputing-whv.net\/?page_id=105"},{"@type":"ListItem","position":3,"name":"Markt &#038; Technik","item":"https:\/\/www.retrocomputing-whv.net\/?page_id=1170"},{"@type":"ListItem","position":4,"name":"Amiga","item":"https:\/\/www.retrocomputing-whv.net\/?page_id=249"},{"@type":"ListItem","position":5,"name":"Desktop Video auf dem Amiga"}]},{"@type":"WebSite","@id":"https:\/\/www.retrocomputing-whv.net\/#website","url":"https:\/\/www.retrocomputing-whv.net\/","name":"Retrocomputing WHV","description":"","publisher":{"@id":"https:\/\/www.retrocomputing-whv.net\/#organization"},"potentialAction":[{"@type":"SearchAction","target":{"@type":"EntryPoint","urlTemplate":"https:\/\/www.retrocomputing-whv.net\/?s={search_term_string}"},"query-input":{"@type":"PropertyValueSpecification","valueRequired":true,"valueName":"search_term_string"}}],"inLanguage":"de"},{"@type":"Organization","@id":"https:\/\/www.retrocomputing-whv.net\/#organization","name":"Retrocomputing-WHV","url":"https:\/\/www.retrocomputing-whv.net\/","logo":{"@type":"ImageObject","inLanguage":"de","@id":"https:\/\/www.retrocomputing-whv.net\/#\/schema\/logo\/image\/","url":"https:\/\/www.retrocomputing-whv.net\/wp-content\/uploads\/2020\/04\/Logo.png","contentUrl":"https:\/\/www.retrocomputing-whv.net\/wp-content\/uploads\/2020\/04\/Logo.png","width":1340,"height":250,"caption":"Retrocomputing-WHV"},"image":{"@id":"https:\/\/www.retrocomputing-whv.net\/#\/schema\/logo\/image\/"}}]}},"_links":{"self":[{"href":"https:\/\/www.retrocomputing-whv.net\/index.php?rest_route=\/wp\/v2\/pages\/738","targetHints":{"allow":["GET"]}}],"collection":[{"href":"https:\/\/www.retrocomputing-whv.net\/index.php?rest_route=\/wp\/v2\/pages"}],"about":[{"href":"https:\/\/www.retrocomputing-whv.net\/index.php?rest_route=\/wp\/v2\/types\/page"}],"author":[{"embeddable":true,"href":"https:\/\/www.retrocomputing-whv.net\/index.php?rest_route=\/wp\/v2\/users\/1"}],"replies":[{"embeddable":true,"href":"https:\/\/www.retrocomputing-whv.net\/index.php?rest_route=%2Fwp%2Fv2%2Fcomments&post=738"}],"version-history":[{"count":0,"href":"https:\/\/www.retrocomputing-whv.net\/index.php?rest_route=\/wp\/v2\/pages\/738\/revisions"}],"up":[{"embeddable":true,"href":"https:\/\/www.retrocomputing-whv.net\/index.php?rest_route=\/wp\/v2\/pages\/249"}],"wp:attachment":[{"href":"https:\/\/www.retrocomputing-whv.net\/index.php?rest_route=%2Fwp%2Fv2%2Fmedia&parent=738"}],"curies":[{"name":"wp","href":"https:\/\/api.w.org\/{rel}","templated":true}]}}