{"id":786,"date":"2020-08-23T11:46:40","date_gmt":"2020-08-23T09:46:40","guid":{"rendered":"https:\/\/www.retrocomputing-whv.net\/?page_id=786"},"modified":"2021-01-18T09:59:03","modified_gmt":"2021-01-18T08:59:03","slug":"te-wi-verlag-basic-programmierung-gw-basic-und-pc-kompatible","status":"publish","type":"page","link":"https:\/\/www.retrocomputing-whv.net\/?page_id=786","title":{"rendered":"BASIC-Programmierung &#8211; GW-BASIC und PC kompatible"},"content":{"rendered":"\n<figure class=\"wp-block-image size-large\"><img loading=\"lazy\" decoding=\"async\" width=\"713\" height=\"1024\" src=\"https:\/\/www.retrocomputing-whv.net\/wp-content\/uploads\/2020\/06\/te-wi-Verlag-BASIC-Programmierung-GW-BASIC-fuer-PC-Kompatible-713x1024.jpg\" alt=\"te-wi Verlag - BASIC-Programmierung - GW BASIC fuer PC Kompatible\" class=\"wp-image-580\" srcset=\"https:\/\/www.retrocomputing-whv.net\/wp-content\/uploads\/2020\/06\/te-wi-Verlag-BASIC-Programmierung-GW-BASIC-fuer-PC-Kompatible-713x1024.jpg 713w, https:\/\/www.retrocomputing-whv.net\/wp-content\/uploads\/2020\/06\/te-wi-Verlag-BASIC-Programmierung-GW-BASIC-fuer-PC-Kompatible-209x300.jpg 209w, https:\/\/www.retrocomputing-whv.net\/wp-content\/uploads\/2020\/06\/te-wi-Verlag-BASIC-Programmierung-GW-BASIC-fuer-PC-Kompatible-768x1103.jpg 768w, https:\/\/www.retrocomputing-whv.net\/wp-content\/uploads\/2020\/06\/te-wi-Verlag-BASIC-Programmierung-GW-BASIC-fuer-PC-Kompatible-1070x1536.jpg 1070w, https:\/\/www.retrocomputing-whv.net\/wp-content\/uploads\/2020\/06\/te-wi-Verlag-BASIC-Programmierung-GW-BASIC-fuer-PC-Kompatible.jpg 1200w\" sizes=\"auto, (max-width: 713px) 100vw, 713px\" \/><\/figure>\n\n\n\n<p>te-wi Verlag &#8211; Autor David Lien<br>1. Auflage &#8211; Erscheinungsjahr 1985 &#8211; ISBN 3-921803-66-7<\/p>\n\n\n\n<p>GW BASIC in Darstellung des bekannten San-Diego-Autors, Professor David Lien. Durch Klarheit der Sprache und Logik des Aufbaus eignet sich dieses Buch besonders f\u00fcr das Selbststudium. Zu seinen wichtigen Qualit\u00e4ten geh\u00f6ren:<br>Systematik der Spracheinf\u00fchrung, unter anderen erprobt im deutschen und \u00f6sterreichischen Schulunterricht.<br>Darstellung von Bedeutung und richtiger Anwendung der BASIC-Befehle anhand von Musteranwendungen sowie \u00dcbungen mit L\u00f6sungsteil.<br>Behandlung aller Aspekte auch anspruchsvoller BASIC-Programme, beginnend mit der Hardware des PC-Systems \u00fcber Stringbehandlung, Mathematik, Formatierung von Ausgaben, ein- und mehrdimensionale Felder, Klangerzeugung, Ansprechen von Maschinenprogrammen, Arbeiten mit MERGE, CHAIN et cetera<\/p>\n\n\n\n<p><strong>Inhaltsverzeichnis:<\/strong><\/p>\n\n\n\n<ul class=\"wp-block-list\"><li>Vorwort<\/li><li>Einf\u00fchrung<ul><li>Die ersten Schritte<\/li><li>Wie spricht man mit einem Computer<\/li><li>Zeichenketten (Strings)<\/li><li>Zahlengenauigkeit und Mathematik<\/li><li>Formatierung der Ausgabe<\/li><li>Definierte Felder<\/li><li>T\u00f6ne und Kl\u00e4nge<\/li><li>Noch mehr BASIC-Befehle<\/li><li>Programme \u00fcberpr\u00fcfen<\/li><\/ul><\/li><li>L\u00f6sungen<\/li><li>Programme zum Abtippen<\/li><li>Anhang<ul><li>Anhang A \u2013 Die ASCII-Codes<\/li><li>Anhang B \u2013 Reservierte W\u00f6rter<\/li><li>Anhang C \u2013 Fehlermeldungen<\/li><\/ul><\/li><li>Stichwortverzeichnis<\/li><\/ul>\n\n\n\n<figure class=\"wp-block-image size-large\"><a href=\"https:\/\/www.retrocomputing-whv.net\/?page_id=1384\"><img loading=\"lazy\" decoding=\"async\" width=\"256\" height=\"136\" src=\"https:\/\/www.retrocomputing-whv.net\/wp-content\/uploads\/2020\/08\/Backspace.jpg\" alt=\"Backspace\" class=\"wp-image-681\"\/><\/a><\/figure>\n","protected":false},"excerpt":{"rendered":"<p>te-wi Verlag &#8211; Autor David Lien1. Auflage &#8211; Erscheinungsjahr 1985 &#8211; ISBN 3-921803-66-7 GW BASIC in Darstellung des bekannten San-Diego-Autors, Professor David Lien. Durch Klarheit der Sprache und Logik des Aufbaus eignet sich dieses Buch besonders f\u00fcr das Selbststudium. Zu seinen wichtigen Qualit\u00e4ten geh\u00f6ren:Systematik der Spracheinf\u00fchrung, unter anderen erprobt im deutschen und \u00f6sterreichischen Schulunterricht.Darstellung von Bedeutung und richtiger Anwendung der<\/p>\n","protected":false},"author":1,"featured_media":0,"parent":1384,"menu_order":0,"comment_status":"closed","ping_status":"closed","template":"","meta":{"footnotes":""},"class_list":["post-786","page","type-page","status-publish","hentry"],"yoast_head":"<!-- This site is optimized with the Yoast SEO plugin v27.5 - https:\/\/yoast.com\/product\/yoast-seo-wordpress\/ -->\n<title>BASIC-Programmierung - GW-BASIC und PC kompatible - Retrocomputing WHV<\/title>\n<meta name=\"robots\" content=\"index, follow, max-snippet:-1, max-image-preview:large, max-video-preview:-1\" \/>\n<link rel=\"canonical\" href=\"https:\/\/www.retrocomputing-whv.net\/?page_id=786\" \/>\n<meta property=\"og:locale\" content=\"de_DE\" \/>\n<meta property=\"og:type\" content=\"article\" \/>\n<meta property=\"og:title\" content=\"BASIC-Programmierung - GW-BASIC und PC kompatible - Retrocomputing WHV\" \/>\n<meta property=\"og:description\" content=\"te-wi Verlag &#8211; Autor David Lien1. Auflage &#8211; Erscheinungsjahr 1985 &#8211; ISBN 3-921803-66-7 GW BASIC in Darstellung des bekannten San-Diego-Autors, Professor David Lien. Durch Klarheit der Sprache und Logik des Aufbaus eignet sich dieses Buch besonders f\u00fcr das Selbststudium. Zu seinen wichtigen Qualit\u00e4ten geh\u00f6ren:Systematik der Spracheinf\u00fchrung, unter anderen erprobt im deutschen und \u00f6sterreichischen Schulunterricht.Darstellung von Bedeutung und richtiger Anwendung der\" \/>\n<meta property=\"og:url\" content=\"https:\/\/www.retrocomputing-whv.net\/?page_id=786\" \/>\n<meta property=\"og:site_name\" content=\"Retrocomputing WHV\" \/>\n<meta property=\"article:modified_time\" content=\"2021-01-18T08:59:03+00:00\" \/>\n<meta property=\"og:image\" content=\"https:\/\/www.retrocomputing-whv.net\/wp-content\/uploads\/2020\/06\/te-wi-Verlag-BASIC-Programmierung-GW-BASIC-fuer-PC-Kompatible-713x1024.jpg\" \/>\n<meta name=\"twitter:card\" content=\"summary_large_image\" \/>\n<meta name=\"twitter:label1\" content=\"Gesch\u00e4tzte Lesezeit\" \/>\n\t<meta name=\"twitter:data1\" content=\"2\u00a0Minuten\" \/>\n<script type=\"application\/ld+json\" class=\"yoast-schema-graph\">{\"@context\":\"https:\\\/\\\/schema.org\",\"@graph\":[{\"@type\":\"WebPage\",\"@id\":\"https:\\\/\\\/www.retrocomputing-whv.net\\\/?page_id=786\",\"url\":\"https:\\\/\\\/www.retrocomputing-whv.net\\\/?page_id=786\",\"name\":\"BASIC-Programmierung - GW-BASIC und PC kompatible - Retrocomputing WHV\",\"isPartOf\":{\"@id\":\"https:\\\/\\\/www.retrocomputing-whv.net\\\/#website\"},\"primaryImageOfPage\":{\"@id\":\"https:\\\/\\\/www.retrocomputing-whv.net\\\/?page_id=786#primaryimage\"},\"image\":{\"@id\":\"https:\\\/\\\/www.retrocomputing-whv.net\\\/?page_id=786#primaryimage\"},\"thumbnailUrl\":\"https:\\\/\\\/www.retrocomputing-whv.net\\\/wp-content\\\/uploads\\\/2020\\\/06\\\/te-wi-Verlag-BASIC-Programmierung-GW-BASIC-fuer-PC-Kompatible-713x1024.jpg\",\"datePublished\":\"2020-08-23T09:46:40+00:00\",\"dateModified\":\"2021-01-18T08:59:03+00:00\",\"breadcrumb\":{\"@id\":\"https:\\\/\\\/www.retrocomputing-whv.net\\\/?page_id=786#breadcrumb\"},\"inLanguage\":\"de\",\"potentialAction\":[{\"@type\":\"ReadAction\",\"target\":[\"https:\\\/\\\/www.retrocomputing-whv.net\\\/?page_id=786\"]}]},{\"@type\":\"ImageObject\",\"inLanguage\":\"de\",\"@id\":\"https:\\\/\\\/www.retrocomputing-whv.net\\\/?page_id=786#primaryimage\",\"url\":\"https:\\\/\\\/www.retrocomputing-whv.net\\\/wp-content\\\/uploads\\\/2020\\\/06\\\/te-wi-Verlag-BASIC-Programmierung-GW-BASIC-fuer-PC-Kompatible.jpg\",\"contentUrl\":\"https:\\\/\\\/www.retrocomputing-whv.net\\\/wp-content\\\/uploads\\\/2020\\\/06\\\/te-wi-Verlag-BASIC-Programmierung-GW-BASIC-fuer-PC-Kompatible.jpg\",\"width\":1200,\"height\":1723,\"caption\":\"te-wi Verlag - BASIC-Programmierung - GW BASIC fuer PC Kompatible\"},{\"@type\":\"BreadcrumbList\",\"@id\":\"https:\\\/\\\/www.retrocomputing-whv.net\\\/?page_id=786#breadcrumb\",\"itemListElement\":[{\"@type\":\"ListItem\",\"position\":1,\"name\":\"Startseite\",\"item\":\"https:\\\/\\\/www.retrocomputing-whv.net\\\/\"},{\"@type\":\"ListItem\",\"position\":2,\"name\":\"Literatur\",\"item\":\"https:\\\/\\\/www.retrocomputing-whv.net\\\/?page_id=105\"},{\"@type\":\"ListItem\",\"position\":3,\"name\":\"te-wi Verlag\",\"item\":\"https:\\\/\\\/www.retrocomputing-whv.net\\\/?page_id=1384\"},{\"@type\":\"ListItem\",\"position\":4,\"name\":\"BASIC-Programmierung &#8211; GW-BASIC und PC kompatible\"}]},{\"@type\":\"WebSite\",\"@id\":\"https:\\\/\\\/www.retrocomputing-whv.net\\\/#website\",\"url\":\"https:\\\/\\\/www.retrocomputing-whv.net\\\/\",\"name\":\"Retrocomputing WHV\",\"description\":\"\",\"publisher\":{\"@id\":\"https:\\\/\\\/www.retrocomputing-whv.net\\\/#organization\"},\"potentialAction\":[{\"@type\":\"SearchAction\",\"target\":{\"@type\":\"EntryPoint\",\"urlTemplate\":\"https:\\\/\\\/www.retrocomputing-whv.net\\\/?s={search_term_string}\"},\"query-input\":{\"@type\":\"PropertyValueSpecification\",\"valueRequired\":true,\"valueName\":\"search_term_string\"}}],\"inLanguage\":\"de\"},{\"@type\":\"Organization\",\"@id\":\"https:\\\/\\\/www.retrocomputing-whv.net\\\/#organization\",\"name\":\"Retrocomputing-WHV\",\"url\":\"https:\\\/\\\/www.retrocomputing-whv.net\\\/\",\"logo\":{\"@type\":\"ImageObject\",\"inLanguage\":\"de\",\"@id\":\"https:\\\/\\\/www.retrocomputing-whv.net\\\/#\\\/schema\\\/logo\\\/image\\\/\",\"url\":\"https:\\\/\\\/www.retrocomputing-whv.net\\\/wp-content\\\/uploads\\\/2020\\\/04\\\/Logo.png\",\"contentUrl\":\"https:\\\/\\\/www.retrocomputing-whv.net\\\/wp-content\\\/uploads\\\/2020\\\/04\\\/Logo.png\",\"width\":1340,\"height\":250,\"caption\":\"Retrocomputing-WHV\"},\"image\":{\"@id\":\"https:\\\/\\\/www.retrocomputing-whv.net\\\/#\\\/schema\\\/logo\\\/image\\\/\"}}]}<\/script>\n<!-- \/ Yoast SEO plugin. -->","yoast_head_json":{"title":"BASIC-Programmierung - GW-BASIC und PC kompatible - Retrocomputing WHV","robots":{"index":"index","follow":"follow","max-snippet":"max-snippet:-1","max-image-preview":"max-image-preview:large","max-video-preview":"max-video-preview:-1"},"canonical":"https:\/\/www.retrocomputing-whv.net\/?page_id=786","og_locale":"de_DE","og_type":"article","og_title":"BASIC-Programmierung - GW-BASIC und PC kompatible - Retrocomputing WHV","og_description":"te-wi Verlag &#8211; Autor David Lien1. Auflage &#8211; Erscheinungsjahr 1985 &#8211; ISBN 3-921803-66-7 GW BASIC in Darstellung des bekannten San-Diego-Autors, Professor David Lien. Durch Klarheit der Sprache und Logik des Aufbaus eignet sich dieses Buch besonders f\u00fcr das Selbststudium. Zu seinen wichtigen Qualit\u00e4ten geh\u00f6ren:Systematik der Spracheinf\u00fchrung, unter anderen erprobt im deutschen und \u00f6sterreichischen Schulunterricht.Darstellung von Bedeutung und richtiger Anwendung der","og_url":"https:\/\/www.retrocomputing-whv.net\/?page_id=786","og_site_name":"Retrocomputing WHV","article_modified_time":"2021-01-18T08:59:03+00:00","og_image":[{"url":"https:\/\/www.retrocomputing-whv.net\/wp-content\/uploads\/2020\/06\/te-wi-Verlag-BASIC-Programmierung-GW-BASIC-fuer-PC-Kompatible-713x1024.jpg","type":"","width":"","height":""}],"twitter_card":"summary_large_image","twitter_misc":{"Gesch\u00e4tzte Lesezeit":"2\u00a0Minuten"},"schema":{"@context":"https:\/\/schema.org","@graph":[{"@type":"WebPage","@id":"https:\/\/www.retrocomputing-whv.net\/?page_id=786","url":"https:\/\/www.retrocomputing-whv.net\/?page_id=786","name":"BASIC-Programmierung - GW-BASIC und PC kompatible - Retrocomputing WHV","isPartOf":{"@id":"https:\/\/www.retrocomputing-whv.net\/#website"},"primaryImageOfPage":{"@id":"https:\/\/www.retrocomputing-whv.net\/?page_id=786#primaryimage"},"image":{"@id":"https:\/\/www.retrocomputing-whv.net\/?page_id=786#primaryimage"},"thumbnailUrl":"https:\/\/www.retrocomputing-whv.net\/wp-content\/uploads\/2020\/06\/te-wi-Verlag-BASIC-Programmierung-GW-BASIC-fuer-PC-Kompatible-713x1024.jpg","datePublished":"2020-08-23T09:46:40+00:00","dateModified":"2021-01-18T08:59:03+00:00","breadcrumb":{"@id":"https:\/\/www.retrocomputing-whv.net\/?page_id=786#breadcrumb"},"inLanguage":"de","potentialAction":[{"@type":"ReadAction","target":["https:\/\/www.retrocomputing-whv.net\/?page_id=786"]}]},{"@type":"ImageObject","inLanguage":"de","@id":"https:\/\/www.retrocomputing-whv.net\/?page_id=786#primaryimage","url":"https:\/\/www.retrocomputing-whv.net\/wp-content\/uploads\/2020\/06\/te-wi-Verlag-BASIC-Programmierung-GW-BASIC-fuer-PC-Kompatible.jpg","contentUrl":"https:\/\/www.retrocomputing-whv.net\/wp-content\/uploads\/2020\/06\/te-wi-Verlag-BASIC-Programmierung-GW-BASIC-fuer-PC-Kompatible.jpg","width":1200,"height":1723,"caption":"te-wi Verlag - BASIC-Programmierung - GW BASIC fuer PC Kompatible"},{"@type":"BreadcrumbList","@id":"https:\/\/www.retrocomputing-whv.net\/?page_id=786#breadcrumb","itemListElement":[{"@type":"ListItem","position":1,"name":"Startseite","item":"https:\/\/www.retrocomputing-whv.net\/"},{"@type":"ListItem","position":2,"name":"Literatur","item":"https:\/\/www.retrocomputing-whv.net\/?page_id=105"},{"@type":"ListItem","position":3,"name":"te-wi Verlag","item":"https:\/\/www.retrocomputing-whv.net\/?page_id=1384"},{"@type":"ListItem","position":4,"name":"BASIC-Programmierung &#8211; GW-BASIC und PC kompatible"}]},{"@type":"WebSite","@id":"https:\/\/www.retrocomputing-whv.net\/#website","url":"https:\/\/www.retrocomputing-whv.net\/","name":"Retrocomputing WHV","description":"","publisher":{"@id":"https:\/\/www.retrocomputing-whv.net\/#organization"},"potentialAction":[{"@type":"SearchAction","target":{"@type":"EntryPoint","urlTemplate":"https:\/\/www.retrocomputing-whv.net\/?s={search_term_string}"},"query-input":{"@type":"PropertyValueSpecification","valueRequired":true,"valueName":"search_term_string"}}],"inLanguage":"de"},{"@type":"Organization","@id":"https:\/\/www.retrocomputing-whv.net\/#organization","name":"Retrocomputing-WHV","url":"https:\/\/www.retrocomputing-whv.net\/","logo":{"@type":"ImageObject","inLanguage":"de","@id":"https:\/\/www.retrocomputing-whv.net\/#\/schema\/logo\/image\/","url":"https:\/\/www.retrocomputing-whv.net\/wp-content\/uploads\/2020\/04\/Logo.png","contentUrl":"https:\/\/www.retrocomputing-whv.net\/wp-content\/uploads\/2020\/04\/Logo.png","width":1340,"height":250,"caption":"Retrocomputing-WHV"},"image":{"@id":"https:\/\/www.retrocomputing-whv.net\/#\/schema\/logo\/image\/"}}]}},"_links":{"self":[{"href":"https:\/\/www.retrocomputing-whv.net\/index.php?rest_route=\/wp\/v2\/pages\/786","targetHints":{"allow":["GET"]}}],"collection":[{"href":"https:\/\/www.retrocomputing-whv.net\/index.php?rest_route=\/wp\/v2\/pages"}],"about":[{"href":"https:\/\/www.retrocomputing-whv.net\/index.php?rest_route=\/wp\/v2\/types\/page"}],"author":[{"embeddable":true,"href":"https:\/\/www.retrocomputing-whv.net\/index.php?rest_route=\/wp\/v2\/users\/1"}],"replies":[{"embeddable":true,"href":"https:\/\/www.retrocomputing-whv.net\/index.php?rest_route=%2Fwp%2Fv2%2Fcomments&post=786"}],"version-history":[{"count":2,"href":"https:\/\/www.retrocomputing-whv.net\/index.php?rest_route=\/wp\/v2\/pages\/786\/revisions"}],"predecessor-version":[{"id":1388,"href":"https:\/\/www.retrocomputing-whv.net\/index.php?rest_route=\/wp\/v2\/pages\/786\/revisions\/1388"}],"up":[{"embeddable":true,"href":"https:\/\/www.retrocomputing-whv.net\/index.php?rest_route=\/wp\/v2\/pages\/1384"}],"wp:attachment":[{"href":"https:\/\/www.retrocomputing-whv.net\/index.php?rest_route=%2Fwp%2Fv2%2Fmedia&parent=786"}],"curies":[{"name":"wp","href":"https:\/\/api.w.org\/{rel}","templated":true}]}}