{"id":891,"date":"2020-11-22T15:18:24","date_gmt":"2020-11-22T14:18:24","guid":{"rendered":"https:\/\/www.retrocomputing-whv.net\/?page_id=891"},"modified":"2020-11-22T15:20:49","modified_gmt":"2020-11-22T14:20:49","slug":"effektiv-und-kreativ-mit-dem-commodore-plus-4","status":"publish","type":"page","link":"https:\/\/www.retrocomputing-whv.net\/?page_id=891","title":{"rendered":"Effektiv und Kreativ mit dem Commodore Plus\/4"},"content":{"rendered":"\n<figure class=\"wp-block-image size-large\"><img loading=\"lazy\" decoding=\"async\" width=\"717\" height=\"1024\" src=\"https:\/\/www.retrocomputing-whv.net\/wp-content\/uploads\/2020\/04\/DATA-BECKER-Effektiv-und-Kreativ-mit-dem-Commodre-Plus-4-717x1024.jpg\" alt=\"DATA BECKER - Effektiv und Kreativ mit dem Commodre Plus 4\" class=\"wp-image-400\" srcset=\"https:\/\/www.retrocomputing-whv.net\/wp-content\/uploads\/2020\/04\/DATA-BECKER-Effektiv-und-Kreativ-mit-dem-Commodre-Plus-4-717x1024.jpg 717w, https:\/\/www.retrocomputing-whv.net\/wp-content\/uploads\/2020\/04\/DATA-BECKER-Effektiv-und-Kreativ-mit-dem-Commodre-Plus-4-210x300.jpg 210w, https:\/\/www.retrocomputing-whv.net\/wp-content\/uploads\/2020\/04\/DATA-BECKER-Effektiv-und-Kreativ-mit-dem-Commodre-Plus-4-768x1096.jpg 768w, https:\/\/www.retrocomputing-whv.net\/wp-content\/uploads\/2020\/04\/DATA-BECKER-Effektiv-und-Kreativ-mit-dem-Commodre-Plus-4-1076x1536.jpg 1076w, https:\/\/www.retrocomputing-whv.net\/wp-content\/uploads\/2020\/04\/DATA-BECKER-Effektiv-und-Kreativ-mit-dem-Commodre-Plus-4.jpg 1200w\" sizes=\"auto, (max-width: 717px) 100vw, 717px\" \/><\/figure>\n\n\n\n<p>Ein DATA BECKER Buch &#8211; Autoren Dietmar Froitzheim, J\u00fcrgen Kausmann<br>1. Auflage &#8211; Erscheinungsjahr 1985 &#8211; ISBN 3-89011-073-8<\/p>\n\n\n\n<p><strong>Das steht drin:<\/strong><br>Effektiv und kreativ mit dem Plus\/4 und seiner eingebauten Software zu arbeiten, erm\u00f6glicht dieses Buch. Im ersten Teil werden zahlreiche Ideen, Anwendungen und praktische Nutzungsm\u00f6glichkeiten der integrierten Software beschrieben, der zweite Teil enth\u00e4lt viele Interessante Programmiertips und Tricks und eine Reihe kompletter Anwendungsprogramme.<\/p>\n\n\n\n<p><strong>Aus dem Inhalt:<\/strong><\/p>\n\n\n\n<ul class=\"wp-block-list\"><li>Abspeichern ganzer Grafikseiten<\/li><li>Men\u00fcgesteuerte Disk-Hilfe<\/li><li>Verbesserte Eingaberoutinen<\/li><li>Listschutz<\/li><li>Erstellung von Balkengrafiken<\/li><li>Funktionsplotter<\/li><li>Komfortable Dateiverwaltung<\/li><li>Programm zur Entscheidungshilfe<\/li><li>und vieles mehr &#8230;<\/li><\/ul>\n\n\n\n<figure class=\"wp-block-image size-large\"><a href=\"https:\/\/www.retrocomputing-whv.net\/?page_id=833\"><img loading=\"lazy\" decoding=\"async\" width=\"256\" height=\"136\" src=\"https:\/\/www.retrocomputing-whv.net\/wp-content\/uploads\/2020\/08\/Backspace.jpg\" alt=\"Backspace\" class=\"wp-image-681\"\/><\/a><\/figure>\n\n\n\n<p><\/p>\n","protected":false},"excerpt":{"rendered":"<p>Ein DATA BECKER Buch &#8211; Autoren Dietmar Froitzheim, J\u00fcrgen Kausmann1. Auflage &#8211; Erscheinungsjahr 1985 &#8211; ISBN 3-89011-073-8 Das steht drin:Effektiv und kreativ mit dem Plus\/4 und seiner eingebauten Software zu arbeiten, erm\u00f6glicht dieses Buch. Im ersten Teil werden zahlreiche Ideen, Anwendungen und praktische Nutzungsm\u00f6glichkeiten der integrierten Software beschrieben, der zweite Teil enth\u00e4lt viele Interessante Programmiertips und Tricks und eine Reihe<\/p>\n","protected":false},"author":1,"featured_media":0,"parent":833,"menu_order":0,"comment_status":"closed","ping_status":"closed","template":"","meta":{"footnotes":""},"class_list":["post-891","page","type-page","status-publish","hentry"],"yoast_head":"<!-- This site is optimized with the Yoast SEO plugin v27.4 - https:\/\/yoast.com\/product\/yoast-seo-wordpress\/ -->\n<title>Effektiv und Kreativ mit dem Commodore Plus\/4 - Retrocomputing WHV<\/title>\n<meta name=\"robots\" content=\"index, follow, max-snippet:-1, max-image-preview:large, max-video-preview:-1\" \/>\n<link rel=\"canonical\" href=\"https:\/\/www.retrocomputing-whv.net\/?page_id=891\" \/>\n<meta property=\"og:locale\" content=\"de_DE\" \/>\n<meta property=\"og:type\" content=\"article\" \/>\n<meta property=\"og:title\" content=\"Effektiv und Kreativ mit dem Commodore Plus\/4 - Retrocomputing WHV\" \/>\n<meta property=\"og:description\" content=\"Ein DATA BECKER Buch &#8211; Autoren Dietmar Froitzheim, J\u00fcrgen Kausmann1. Auflage &#8211; Erscheinungsjahr 1985 &#8211; ISBN 3-89011-073-8 Das steht drin:Effektiv und kreativ mit dem Plus\/4 und seiner eingebauten Software zu arbeiten, erm\u00f6glicht dieses Buch. Im ersten Teil werden zahlreiche Ideen, Anwendungen und praktische Nutzungsm\u00f6glichkeiten der integrierten Software beschrieben, der zweite Teil enth\u00e4lt viele Interessante Programmiertips und Tricks und eine Reihe\" \/>\n<meta property=\"og:url\" content=\"https:\/\/www.retrocomputing-whv.net\/?page_id=891\" \/>\n<meta property=\"og:site_name\" content=\"Retrocomputing WHV\" \/>\n<meta property=\"article:modified_time\" content=\"2020-11-22T14:20:49+00:00\" \/>\n<meta property=\"og:image\" content=\"https:\/\/www.retrocomputing-whv.net\/wp-content\/uploads\/2020\/04\/DATA-BECKER-Effektiv-und-Kreativ-mit-dem-Commodre-Plus-4-717x1024.jpg\" \/>\n<meta name=\"twitter:card\" content=\"summary_large_image\" \/>\n<script type=\"application\/ld+json\" class=\"yoast-schema-graph\">{\"@context\":\"https:\\\/\\\/schema.org\",\"@graph\":[{\"@type\":\"WebPage\",\"@id\":\"https:\\\/\\\/www.retrocomputing-whv.net\\\/?page_id=891\",\"url\":\"https:\\\/\\\/www.retrocomputing-whv.net\\\/?page_id=891\",\"name\":\"Effektiv und Kreativ mit dem Commodore Plus\\\/4 - Retrocomputing WHV\",\"isPartOf\":{\"@id\":\"https:\\\/\\\/www.retrocomputing-whv.net\\\/#website\"},\"primaryImageOfPage\":{\"@id\":\"https:\\\/\\\/www.retrocomputing-whv.net\\\/?page_id=891#primaryimage\"},\"image\":{\"@id\":\"https:\\\/\\\/www.retrocomputing-whv.net\\\/?page_id=891#primaryimage\"},\"thumbnailUrl\":\"https:\\\/\\\/www.retrocomputing-whv.net\\\/wp-content\\\/uploads\\\/2020\\\/04\\\/DATA-BECKER-Effektiv-und-Kreativ-mit-dem-Commodre-Plus-4-717x1024.jpg\",\"datePublished\":\"2020-11-22T14:18:24+00:00\",\"dateModified\":\"2020-11-22T14:20:49+00:00\",\"breadcrumb\":{\"@id\":\"https:\\\/\\\/www.retrocomputing-whv.net\\\/?page_id=891#breadcrumb\"},\"inLanguage\":\"de\",\"potentialAction\":[{\"@type\":\"ReadAction\",\"target\":[\"https:\\\/\\\/www.retrocomputing-whv.net\\\/?page_id=891\"]}]},{\"@type\":\"ImageObject\",\"inLanguage\":\"de\",\"@id\":\"https:\\\/\\\/www.retrocomputing-whv.net\\\/?page_id=891#primaryimage\",\"url\":\"https:\\\/\\\/www.retrocomputing-whv.net\\\/wp-content\\\/uploads\\\/2020\\\/04\\\/DATA-BECKER-Effektiv-und-Kreativ-mit-dem-Commodre-Plus-4.jpg\",\"contentUrl\":\"https:\\\/\\\/www.retrocomputing-whv.net\\\/wp-content\\\/uploads\\\/2020\\\/04\\\/DATA-BECKER-Effektiv-und-Kreativ-mit-dem-Commodre-Plus-4.jpg\",\"width\":1200,\"height\":1713,\"caption\":\"DATA BECKER - Effektiv und Kreativ mit dem Commodore Plus 4\"},{\"@type\":\"BreadcrumbList\",\"@id\":\"https:\\\/\\\/www.retrocomputing-whv.net\\\/?page_id=891#breadcrumb\",\"itemListElement\":[{\"@type\":\"ListItem\",\"position\":1,\"name\":\"Startseite\",\"item\":\"https:\\\/\\\/www.retrocomputing-whv.net\\\/\"},{\"@type\":\"ListItem\",\"position\":2,\"name\":\"Literatur\",\"item\":\"https:\\\/\\\/www.retrocomputing-whv.net\\\/?page_id=105\"},{\"@type\":\"ListItem\",\"position\":3,\"name\":\"DATA BECKER\",\"item\":\"https:\\\/\\\/www.retrocomputing-whv.net\\\/?page_id=807\"},{\"@type\":\"ListItem\",\"position\":4,\"name\":\"Commodore Plus\\\/4\",\"item\":\"https:\\\/\\\/www.retrocomputing-whv.net\\\/?page_id=833\"},{\"@type\":\"ListItem\",\"position\":5,\"name\":\"Effektiv und Kreativ mit dem Commodore Plus\\\/4\"}]},{\"@type\":\"WebSite\",\"@id\":\"https:\\\/\\\/www.retrocomputing-whv.net\\\/#website\",\"url\":\"https:\\\/\\\/www.retrocomputing-whv.net\\\/\",\"name\":\"Retrocomputing WHV\",\"description\":\"\",\"publisher\":{\"@id\":\"https:\\\/\\\/www.retrocomputing-whv.net\\\/#organization\"},\"potentialAction\":[{\"@type\":\"SearchAction\",\"target\":{\"@type\":\"EntryPoint\",\"urlTemplate\":\"https:\\\/\\\/www.retrocomputing-whv.net\\\/?s={search_term_string}\"},\"query-input\":{\"@type\":\"PropertyValueSpecification\",\"valueRequired\":true,\"valueName\":\"search_term_string\"}}],\"inLanguage\":\"de\"},{\"@type\":\"Organization\",\"@id\":\"https:\\\/\\\/www.retrocomputing-whv.net\\\/#organization\",\"name\":\"Retrocomputing-WHV\",\"url\":\"https:\\\/\\\/www.retrocomputing-whv.net\\\/\",\"logo\":{\"@type\":\"ImageObject\",\"inLanguage\":\"de\",\"@id\":\"https:\\\/\\\/www.retrocomputing-whv.net\\\/#\\\/schema\\\/logo\\\/image\\\/\",\"url\":\"https:\\\/\\\/www.retrocomputing-whv.net\\\/wp-content\\\/uploads\\\/2020\\\/04\\\/Logo.png\",\"contentUrl\":\"https:\\\/\\\/www.retrocomputing-whv.net\\\/wp-content\\\/uploads\\\/2020\\\/04\\\/Logo.png\",\"width\":1340,\"height\":250,\"caption\":\"Retrocomputing-WHV\"},\"image\":{\"@id\":\"https:\\\/\\\/www.retrocomputing-whv.net\\\/#\\\/schema\\\/logo\\\/image\\\/\"}}]}<\/script>\n<!-- \/ Yoast SEO plugin. -->","yoast_head_json":{"title":"Effektiv und Kreativ mit dem Commodore Plus\/4 - Retrocomputing WHV","robots":{"index":"index","follow":"follow","max-snippet":"max-snippet:-1","max-image-preview":"max-image-preview:large","max-video-preview":"max-video-preview:-1"},"canonical":"https:\/\/www.retrocomputing-whv.net\/?page_id=891","og_locale":"de_DE","og_type":"article","og_title":"Effektiv und Kreativ mit dem Commodore Plus\/4 - Retrocomputing WHV","og_description":"Ein DATA BECKER Buch &#8211; Autoren Dietmar Froitzheim, J\u00fcrgen Kausmann1. Auflage &#8211; Erscheinungsjahr 1985 &#8211; ISBN 3-89011-073-8 Das steht drin:Effektiv und kreativ mit dem Plus\/4 und seiner eingebauten Software zu arbeiten, erm\u00f6glicht dieses Buch. Im ersten Teil werden zahlreiche Ideen, Anwendungen und praktische Nutzungsm\u00f6glichkeiten der integrierten Software beschrieben, der zweite Teil enth\u00e4lt viele Interessante Programmiertips und Tricks und eine Reihe","og_url":"https:\/\/www.retrocomputing-whv.net\/?page_id=891","og_site_name":"Retrocomputing WHV","article_modified_time":"2020-11-22T14:20:49+00:00","og_image":[{"url":"https:\/\/www.retrocomputing-whv.net\/wp-content\/uploads\/2020\/04\/DATA-BECKER-Effektiv-und-Kreativ-mit-dem-Commodre-Plus-4-717x1024.jpg","type":"","width":"","height":""}],"twitter_card":"summary_large_image","schema":{"@context":"https:\/\/schema.org","@graph":[{"@type":"WebPage","@id":"https:\/\/www.retrocomputing-whv.net\/?page_id=891","url":"https:\/\/www.retrocomputing-whv.net\/?page_id=891","name":"Effektiv und Kreativ mit dem Commodore Plus\/4 - Retrocomputing WHV","isPartOf":{"@id":"https:\/\/www.retrocomputing-whv.net\/#website"},"primaryImageOfPage":{"@id":"https:\/\/www.retrocomputing-whv.net\/?page_id=891#primaryimage"},"image":{"@id":"https:\/\/www.retrocomputing-whv.net\/?page_id=891#primaryimage"},"thumbnailUrl":"https:\/\/www.retrocomputing-whv.net\/wp-content\/uploads\/2020\/04\/DATA-BECKER-Effektiv-und-Kreativ-mit-dem-Commodre-Plus-4-717x1024.jpg","datePublished":"2020-11-22T14:18:24+00:00","dateModified":"2020-11-22T14:20:49+00:00","breadcrumb":{"@id":"https:\/\/www.retrocomputing-whv.net\/?page_id=891#breadcrumb"},"inLanguage":"de","potentialAction":[{"@type":"ReadAction","target":["https:\/\/www.retrocomputing-whv.net\/?page_id=891"]}]},{"@type":"ImageObject","inLanguage":"de","@id":"https:\/\/www.retrocomputing-whv.net\/?page_id=891#primaryimage","url":"https:\/\/www.retrocomputing-whv.net\/wp-content\/uploads\/2020\/04\/DATA-BECKER-Effektiv-und-Kreativ-mit-dem-Commodre-Plus-4.jpg","contentUrl":"https:\/\/www.retrocomputing-whv.net\/wp-content\/uploads\/2020\/04\/DATA-BECKER-Effektiv-und-Kreativ-mit-dem-Commodre-Plus-4.jpg","width":1200,"height":1713,"caption":"DATA BECKER - Effektiv und Kreativ mit dem Commodore Plus 4"},{"@type":"BreadcrumbList","@id":"https:\/\/www.retrocomputing-whv.net\/?page_id=891#breadcrumb","itemListElement":[{"@type":"ListItem","position":1,"name":"Startseite","item":"https:\/\/www.retrocomputing-whv.net\/"},{"@type":"ListItem","position":2,"name":"Literatur","item":"https:\/\/www.retrocomputing-whv.net\/?page_id=105"},{"@type":"ListItem","position":3,"name":"DATA BECKER","item":"https:\/\/www.retrocomputing-whv.net\/?page_id=807"},{"@type":"ListItem","position":4,"name":"Commodore Plus\/4","item":"https:\/\/www.retrocomputing-whv.net\/?page_id=833"},{"@type":"ListItem","position":5,"name":"Effektiv und Kreativ mit dem Commodore Plus\/4"}]},{"@type":"WebSite","@id":"https:\/\/www.retrocomputing-whv.net\/#website","url":"https:\/\/www.retrocomputing-whv.net\/","name":"Retrocomputing WHV","description":"","publisher":{"@id":"https:\/\/www.retrocomputing-whv.net\/#organization"},"potentialAction":[{"@type":"SearchAction","target":{"@type":"EntryPoint","urlTemplate":"https:\/\/www.retrocomputing-whv.net\/?s={search_term_string}"},"query-input":{"@type":"PropertyValueSpecification","valueRequired":true,"valueName":"search_term_string"}}],"inLanguage":"de"},{"@type":"Organization","@id":"https:\/\/www.retrocomputing-whv.net\/#organization","name":"Retrocomputing-WHV","url":"https:\/\/www.retrocomputing-whv.net\/","logo":{"@type":"ImageObject","inLanguage":"de","@id":"https:\/\/www.retrocomputing-whv.net\/#\/schema\/logo\/image\/","url":"https:\/\/www.retrocomputing-whv.net\/wp-content\/uploads\/2020\/04\/Logo.png","contentUrl":"https:\/\/www.retrocomputing-whv.net\/wp-content\/uploads\/2020\/04\/Logo.png","width":1340,"height":250,"caption":"Retrocomputing-WHV"},"image":{"@id":"https:\/\/www.retrocomputing-whv.net\/#\/schema\/logo\/image\/"}}]}},"_links":{"self":[{"href":"https:\/\/www.retrocomputing-whv.net\/index.php?rest_route=\/wp\/v2\/pages\/891","targetHints":{"allow":["GET"]}}],"collection":[{"href":"https:\/\/www.retrocomputing-whv.net\/index.php?rest_route=\/wp\/v2\/pages"}],"about":[{"href":"https:\/\/www.retrocomputing-whv.net\/index.php?rest_route=\/wp\/v2\/types\/page"}],"author":[{"embeddable":true,"href":"https:\/\/www.retrocomputing-whv.net\/index.php?rest_route=\/wp\/v2\/users\/1"}],"replies":[{"embeddable":true,"href":"https:\/\/www.retrocomputing-whv.net\/index.php?rest_route=%2Fwp%2Fv2%2Fcomments&post=891"}],"version-history":[{"count":0,"href":"https:\/\/www.retrocomputing-whv.net\/index.php?rest_route=\/wp\/v2\/pages\/891\/revisions"}],"up":[{"embeddable":true,"href":"https:\/\/www.retrocomputing-whv.net\/index.php?rest_route=\/wp\/v2\/pages\/833"}],"wp:attachment":[{"href":"https:\/\/www.retrocomputing-whv.net\/index.php?rest_route=%2Fwp%2Fv2%2Fmedia&parent=891"}],"curies":[{"name":"wp","href":"https:\/\/api.w.org\/{rel}","templated":true}]}}