{"id":963,"date":"2020-11-22T18:22:55","date_gmt":"2020-11-22T17:22:55","guid":{"rendered":"https:\/\/www.retrocomputing-whv.net\/?page_id=963"},"modified":"2020-11-22T18:22:55","modified_gmt":"2020-11-22T17:22:55","slug":"64-intern","status":"publish","type":"page","link":"https:\/\/www.retrocomputing-whv.net\/?page_id=963","title":{"rendered":"64 intern"},"content":{"rendered":"\n<figure class=\"wp-block-image size-large\"><img loading=\"lazy\" decoding=\"async\" width=\"723\" height=\"1024\" src=\"https:\/\/www.retrocomputing-whv.net\/wp-content\/uploads\/2020\/04\/DATA-BECKER-64-intern-723x1024.jpg\" alt=\"DATA BECKER - 64 intern\" class=\"wp-image-320\" srcset=\"https:\/\/www.retrocomputing-whv.net\/wp-content\/uploads\/2020\/04\/DATA-BECKER-64-intern-723x1024.jpg 723w, https:\/\/www.retrocomputing-whv.net\/wp-content\/uploads\/2020\/04\/DATA-BECKER-64-intern-212x300.jpg 212w, https:\/\/www.retrocomputing-whv.net\/wp-content\/uploads\/2020\/04\/DATA-BECKER-64-intern-768x1088.jpg 768w, https:\/\/www.retrocomputing-whv.net\/wp-content\/uploads\/2020\/04\/DATA-BECKER-64-intern-1084x1536.jpg 1084w, https:\/\/www.retrocomputing-whv.net\/wp-content\/uploads\/2020\/04\/DATA-BECKER-64-intern.jpg 1200w\" sizes=\"auto, (max-width: 723px) 100vw, 723px\" \/><\/figure>\n\n\n\n<p>Ein DATA BECKER Buch &#8211; Autoren Angerhausen, Rolf Br\u00fcckmann, Lothar Englisch, Klaus Gerits<br>3. Auflage &#8211; Erscheinungsjahr 1983 &#8211; ISBN 3-89011-000-2<\/p>\n\n\n\n<p><strong>Aus dem Inhalt:<\/strong><\/p>\n\n\n\n<ul class=\"wp-block-list\"><li>Der Commodore 64 unter die Lupe genommen<ul><li>Das sollten Sie \u00fcber das Ger\u00e4t wissen<\/li><li>Realisierung der Hardware<\/li><li>Besonderheiten des 6510 Prozessors<\/li><li>Speicherbelegungspl\u00e4ne<\/li><li>Die Erweiterungsschnittstelle<\/li><li>Der User-Port<ul><li>Handhabung des User-Ports in BASIC<\/li><\/ul><\/li><\/ul><\/li><li>Der Synthesizer und seine Programmierung<ul><li>Der Sound-Controller 6581<ul><li>Allgemeines \u00fcber den 6581 &#8211; Blockschema<\/li><li>Registerbeschreibung des SID<\/li><li>Der Analog\/Digital-Wandler<ul><li>Die Handhabung des A\/D-Wandlers<\/li><li>Die Verwendung von Paddles<\/li><\/ul><\/li><\/ul><\/li><li>Die Programmierung des 6581<\/li><li>SYNTHY-64<\/li><\/ul><\/li><li>Die Graphik und ihre Programmierung<ul><li>Der Video-Controller 6569 VIC<ul><li>Allgemeines \u00fcber den 6569<\/li><li>Registerbeschreibung des VIC<\/li><li>Die Betriebsarten des VIC<\/li><\/ul><\/li><li>Die Schnittstelle zum Prozessor<\/li><li>Die Schnittstelle zum RAM &#8211; Blockschema<\/li><li>Zeichengenerator-Schnittstelle &#8211; Blockschema<\/li><li>Color-RAM-Schnittstelle &#8211; Blockschema<\/li><li>Programmierung von Farbe und Graphik<\/li><li>SPRITES &#8211; Das Zauberwort auf dem Commodore 64<ul><li>Programmierung des SPRITES<\/li><\/ul><\/li><\/ul><\/li><li>Ein- Ausgabesteuerung &#8211; CIA 6526<ul><li>Allgemeines \u00fcber den 6526<\/li><li>Register-Plan<\/li><li>E\/A-Ports<\/li><li>Timer<\/li><li>Die Echtzeituhr<ul><li>Mit einem Trick die richtige Zeit<\/li><\/ul><\/li><li>Die CIAs im Commodore 64<\/li><li>Die Verwendung von Joysticks<\/li><\/ul><\/li><li>BASIC einmal anders gesehen<ul><li>So arbeitet der BASIC Interpreter<\/li><li>Von der Eingabe bis zur Verarbeitung<\/li><li>Machen Sie mehr aus Ihrem BASIC<ul><li>Wie erweitere ich BASIC<\/li><li>HARDCOPY &#8211; RE-NEW &#8211; PRINT USING<\/li><li>Mathematische Routinen selbst entwickelt<\/li><li>SQR-Funktion &#8211; SUM Funktion<\/li><li>Umwandlung Flie\u00dfkomma &#8211; Integer &#8211; Byte Format<\/li><\/ul><\/li><\/ul><\/li><li>Maschinenprogrammierung auf dem Commodore 64<ul><li>Der Monitor &#8211; Und was steckt dahinter<\/li><li>N\u00fctzliche Adressen des Commodore 64 ROM<\/li><li>Ein- und Ausgaberoutinen im Betriebssystem<ul><li>Festlegung des Ein- Ausgabeger\u00e4tes<\/li><li>Ein- und Ausgabe von einzelnen Bytes<\/li><li>LOAD und SAVE &#8211; Die Technik der Datenspeicherung<\/li><li>Die Programmierung der RS232<\/li><li>Der serielle IEC-BUS<\/li><\/ul><\/li><\/ul><\/li><li>VC-20 &#8211; Commodore 64 &#8211; CBM<ul><li>Die Belegung der Zeropage<\/li><li>Die Adressen der BASIC-Routinen<\/li><li>Vergleichstabelle VC-20 &#8211; Commodore 64<\/li><li>Vergleichstabelle Commodore 64 &#8211; CBM 8000<\/li><li>Umsetzung von VC-20 Programmen auf Commodore 64<\/li><li>Umsetzung con CBM Programmen auf Commodore 64<\/li><\/ul><\/li><li>Commodore 64 &#8211; Das ROM Listing<ul><li>Die Nutzung des ROM-Listings<\/li><li>Verzeichnis der ROM-Routinen<\/li><li>Das gro\u00dfe ROM-Listing<\/li><\/ul><\/li><li>Dokumentation zum Commodore 64 Schaltplan<\/li><\/ul>\n\n\n\n<figure class=\"wp-block-image size-large\"><a href=\"https:\/\/www.retrocomputing-whv.net\/?page_id=840\"><img loading=\"lazy\" decoding=\"async\" width=\"256\" height=\"136\" src=\"https:\/\/www.retrocomputing-whv.net\/wp-content\/uploads\/2020\/08\/Backspace.jpg\" alt=\"Backspace\" class=\"wp-image-681\"\/><\/a><\/figure>\n","protected":false},"excerpt":{"rendered":"<p>Ein DATA BECKER Buch &#8211; Autoren Angerhausen, Rolf Br\u00fcckmann, Lothar Englisch, Klaus Gerits3. Auflage &#8211; Erscheinungsjahr 1983 &#8211; ISBN 3-89011-000-2 Aus dem Inhalt: Der Commodore 64 unter die Lupe genommen Das sollten Sie \u00fcber das Ger\u00e4t wissen Realisierung der Hardware Besonderheiten des 6510 Prozessors Speicherbelegungspl\u00e4ne Die Erweiterungsschnittstelle Der User-Port Handhabung des User-Ports in BASIC Der Synthesizer und seine Programmierung Der<\/p>\n","protected":false},"author":1,"featured_media":0,"parent":840,"menu_order":0,"comment_status":"closed","ping_status":"closed","template":"","meta":{"footnotes":""},"class_list":["post-963","page","type-page","status-publish","hentry"],"yoast_head":"<!-- This site is optimized with the Yoast SEO plugin v27.5 - https:\/\/yoast.com\/product\/yoast-seo-wordpress\/ -->\n<title>64 intern - Retrocomputing WHV<\/title>\n<meta name=\"robots\" content=\"index, follow, max-snippet:-1, max-image-preview:large, max-video-preview:-1\" \/>\n<link rel=\"canonical\" href=\"https:\/\/www.retrocomputing-whv.net\/?page_id=963\" \/>\n<meta property=\"og:locale\" content=\"de_DE\" \/>\n<meta property=\"og:type\" content=\"article\" \/>\n<meta property=\"og:title\" content=\"64 intern - Retrocomputing WHV\" \/>\n<meta property=\"og:description\" content=\"Ein DATA BECKER Buch &#8211; Autoren Angerhausen, Rolf Br\u00fcckmann, Lothar Englisch, Klaus Gerits3. Auflage &#8211; Erscheinungsjahr 1983 &#8211; ISBN 3-89011-000-2 Aus dem Inhalt: Der Commodore 64 unter die Lupe genommen Das sollten Sie \u00fcber das Ger\u00e4t wissen Realisierung der Hardware Besonderheiten des 6510 Prozessors Speicherbelegungspl\u00e4ne Die Erweiterungsschnittstelle Der User-Port Handhabung des User-Ports in BASIC Der Synthesizer und seine Programmierung Der\" \/>\n<meta property=\"og:url\" content=\"https:\/\/www.retrocomputing-whv.net\/?page_id=963\" \/>\n<meta property=\"og:site_name\" content=\"Retrocomputing WHV\" \/>\n<meta property=\"og:image\" content=\"https:\/\/www.retrocomputing-whv.net\/wp-content\/uploads\/2020\/04\/DATA-BECKER-64-intern-723x1024.jpg\" \/>\n<meta name=\"twitter:card\" content=\"summary_large_image\" \/>\n<meta name=\"twitter:label1\" content=\"Gesch\u00e4tzte Lesezeit\" \/>\n\t<meta name=\"twitter:data1\" content=\"1\u00a0Minute\" \/>\n<script type=\"application\/ld+json\" class=\"yoast-schema-graph\">{\"@context\":\"https:\\\/\\\/schema.org\",\"@graph\":[{\"@type\":\"WebPage\",\"@id\":\"https:\\\/\\\/www.retrocomputing-whv.net\\\/?page_id=963\",\"url\":\"https:\\\/\\\/www.retrocomputing-whv.net\\\/?page_id=963\",\"name\":\"64 intern - Retrocomputing WHV\",\"isPartOf\":{\"@id\":\"https:\\\/\\\/www.retrocomputing-whv.net\\\/#website\"},\"primaryImageOfPage\":{\"@id\":\"https:\\\/\\\/www.retrocomputing-whv.net\\\/?page_id=963#primaryimage\"},\"image\":{\"@id\":\"https:\\\/\\\/www.retrocomputing-whv.net\\\/?page_id=963#primaryimage\"},\"thumbnailUrl\":\"https:\\\/\\\/www.retrocomputing-whv.net\\\/wp-content\\\/uploads\\\/2020\\\/04\\\/DATA-BECKER-64-intern-723x1024.jpg\",\"datePublished\":\"2020-11-22T17:22:55+00:00\",\"breadcrumb\":{\"@id\":\"https:\\\/\\\/www.retrocomputing-whv.net\\\/?page_id=963#breadcrumb\"},\"inLanguage\":\"de\",\"potentialAction\":[{\"@type\":\"ReadAction\",\"target\":[\"https:\\\/\\\/www.retrocomputing-whv.net\\\/?page_id=963\"]}]},{\"@type\":\"ImageObject\",\"inLanguage\":\"de\",\"@id\":\"https:\\\/\\\/www.retrocomputing-whv.net\\\/?page_id=963#primaryimage\",\"url\":\"https:\\\/\\\/www.retrocomputing-whv.net\\\/wp-content\\\/uploads\\\/2020\\\/04\\\/DATA-BECKER-64-intern.jpg\",\"contentUrl\":\"https:\\\/\\\/www.retrocomputing-whv.net\\\/wp-content\\\/uploads\\\/2020\\\/04\\\/DATA-BECKER-64-intern.jpg\",\"width\":1200,\"height\":1700,\"caption\":\"DATA BECKER - 64 intern\"},{\"@type\":\"BreadcrumbList\",\"@id\":\"https:\\\/\\\/www.retrocomputing-whv.net\\\/?page_id=963#breadcrumb\",\"itemListElement\":[{\"@type\":\"ListItem\",\"position\":1,\"name\":\"Startseite\",\"item\":\"https:\\\/\\\/www.retrocomputing-whv.net\\\/\"},{\"@type\":\"ListItem\",\"position\":2,\"name\":\"Literatur\",\"item\":\"https:\\\/\\\/www.retrocomputing-whv.net\\\/?page_id=105\"},{\"@type\":\"ListItem\",\"position\":3,\"name\":\"DATA BECKER\",\"item\":\"https:\\\/\\\/www.retrocomputing-whv.net\\\/?page_id=807\"},{\"@type\":\"ListItem\",\"position\":4,\"name\":\"Commodore 64\",\"item\":\"https:\\\/\\\/www.retrocomputing-whv.net\\\/?page_id=840\"},{\"@type\":\"ListItem\",\"position\":5,\"name\":\"64 intern\"}]},{\"@type\":\"WebSite\",\"@id\":\"https:\\\/\\\/www.retrocomputing-whv.net\\\/#website\",\"url\":\"https:\\\/\\\/www.retrocomputing-whv.net\\\/\",\"name\":\"Retrocomputing WHV\",\"description\":\"\",\"publisher\":{\"@id\":\"https:\\\/\\\/www.retrocomputing-whv.net\\\/#organization\"},\"potentialAction\":[{\"@type\":\"SearchAction\",\"target\":{\"@type\":\"EntryPoint\",\"urlTemplate\":\"https:\\\/\\\/www.retrocomputing-whv.net\\\/?s={search_term_string}\"},\"query-input\":{\"@type\":\"PropertyValueSpecification\",\"valueRequired\":true,\"valueName\":\"search_term_string\"}}],\"inLanguage\":\"de\"},{\"@type\":\"Organization\",\"@id\":\"https:\\\/\\\/www.retrocomputing-whv.net\\\/#organization\",\"name\":\"Retrocomputing-WHV\",\"url\":\"https:\\\/\\\/www.retrocomputing-whv.net\\\/\",\"logo\":{\"@type\":\"ImageObject\",\"inLanguage\":\"de\",\"@id\":\"https:\\\/\\\/www.retrocomputing-whv.net\\\/#\\\/schema\\\/logo\\\/image\\\/\",\"url\":\"https:\\\/\\\/www.retrocomputing-whv.net\\\/wp-content\\\/uploads\\\/2020\\\/04\\\/Logo.png\",\"contentUrl\":\"https:\\\/\\\/www.retrocomputing-whv.net\\\/wp-content\\\/uploads\\\/2020\\\/04\\\/Logo.png\",\"width\":1340,\"height\":250,\"caption\":\"Retrocomputing-WHV\"},\"image\":{\"@id\":\"https:\\\/\\\/www.retrocomputing-whv.net\\\/#\\\/schema\\\/logo\\\/image\\\/\"}}]}<\/script>\n<!-- \/ Yoast SEO plugin. -->","yoast_head_json":{"title":"64 intern - Retrocomputing WHV","robots":{"index":"index","follow":"follow","max-snippet":"max-snippet:-1","max-image-preview":"max-image-preview:large","max-video-preview":"max-video-preview:-1"},"canonical":"https:\/\/www.retrocomputing-whv.net\/?page_id=963","og_locale":"de_DE","og_type":"article","og_title":"64 intern - Retrocomputing WHV","og_description":"Ein DATA BECKER Buch &#8211; Autoren Angerhausen, Rolf Br\u00fcckmann, Lothar Englisch, Klaus Gerits3. Auflage &#8211; Erscheinungsjahr 1983 &#8211; ISBN 3-89011-000-2 Aus dem Inhalt: Der Commodore 64 unter die Lupe genommen Das sollten Sie \u00fcber das Ger\u00e4t wissen Realisierung der Hardware Besonderheiten des 6510 Prozessors Speicherbelegungspl\u00e4ne Die Erweiterungsschnittstelle Der User-Port Handhabung des User-Ports in BASIC Der Synthesizer und seine Programmierung Der","og_url":"https:\/\/www.retrocomputing-whv.net\/?page_id=963","og_site_name":"Retrocomputing WHV","og_image":[{"url":"https:\/\/www.retrocomputing-whv.net\/wp-content\/uploads\/2020\/04\/DATA-BECKER-64-intern-723x1024.jpg","type":"","width":"","height":""}],"twitter_card":"summary_large_image","twitter_misc":{"Gesch\u00e4tzte Lesezeit":"1\u00a0Minute"},"schema":{"@context":"https:\/\/schema.org","@graph":[{"@type":"WebPage","@id":"https:\/\/www.retrocomputing-whv.net\/?page_id=963","url":"https:\/\/www.retrocomputing-whv.net\/?page_id=963","name":"64 intern - Retrocomputing WHV","isPartOf":{"@id":"https:\/\/www.retrocomputing-whv.net\/#website"},"primaryImageOfPage":{"@id":"https:\/\/www.retrocomputing-whv.net\/?page_id=963#primaryimage"},"image":{"@id":"https:\/\/www.retrocomputing-whv.net\/?page_id=963#primaryimage"},"thumbnailUrl":"https:\/\/www.retrocomputing-whv.net\/wp-content\/uploads\/2020\/04\/DATA-BECKER-64-intern-723x1024.jpg","datePublished":"2020-11-22T17:22:55+00:00","breadcrumb":{"@id":"https:\/\/www.retrocomputing-whv.net\/?page_id=963#breadcrumb"},"inLanguage":"de","potentialAction":[{"@type":"ReadAction","target":["https:\/\/www.retrocomputing-whv.net\/?page_id=963"]}]},{"@type":"ImageObject","inLanguage":"de","@id":"https:\/\/www.retrocomputing-whv.net\/?page_id=963#primaryimage","url":"https:\/\/www.retrocomputing-whv.net\/wp-content\/uploads\/2020\/04\/DATA-BECKER-64-intern.jpg","contentUrl":"https:\/\/www.retrocomputing-whv.net\/wp-content\/uploads\/2020\/04\/DATA-BECKER-64-intern.jpg","width":1200,"height":1700,"caption":"DATA BECKER - 64 intern"},{"@type":"BreadcrumbList","@id":"https:\/\/www.retrocomputing-whv.net\/?page_id=963#breadcrumb","itemListElement":[{"@type":"ListItem","position":1,"name":"Startseite","item":"https:\/\/www.retrocomputing-whv.net\/"},{"@type":"ListItem","position":2,"name":"Literatur","item":"https:\/\/www.retrocomputing-whv.net\/?page_id=105"},{"@type":"ListItem","position":3,"name":"DATA BECKER","item":"https:\/\/www.retrocomputing-whv.net\/?page_id=807"},{"@type":"ListItem","position":4,"name":"Commodore 64","item":"https:\/\/www.retrocomputing-whv.net\/?page_id=840"},{"@type":"ListItem","position":5,"name":"64 intern"}]},{"@type":"WebSite","@id":"https:\/\/www.retrocomputing-whv.net\/#website","url":"https:\/\/www.retrocomputing-whv.net\/","name":"Retrocomputing WHV","description":"","publisher":{"@id":"https:\/\/www.retrocomputing-whv.net\/#organization"},"potentialAction":[{"@type":"SearchAction","target":{"@type":"EntryPoint","urlTemplate":"https:\/\/www.retrocomputing-whv.net\/?s={search_term_string}"},"query-input":{"@type":"PropertyValueSpecification","valueRequired":true,"valueName":"search_term_string"}}],"inLanguage":"de"},{"@type":"Organization","@id":"https:\/\/www.retrocomputing-whv.net\/#organization","name":"Retrocomputing-WHV","url":"https:\/\/www.retrocomputing-whv.net\/","logo":{"@type":"ImageObject","inLanguage":"de","@id":"https:\/\/www.retrocomputing-whv.net\/#\/schema\/logo\/image\/","url":"https:\/\/www.retrocomputing-whv.net\/wp-content\/uploads\/2020\/04\/Logo.png","contentUrl":"https:\/\/www.retrocomputing-whv.net\/wp-content\/uploads\/2020\/04\/Logo.png","width":1340,"height":250,"caption":"Retrocomputing-WHV"},"image":{"@id":"https:\/\/www.retrocomputing-whv.net\/#\/schema\/logo\/image\/"}}]}},"_links":{"self":[{"href":"https:\/\/www.retrocomputing-whv.net\/index.php?rest_route=\/wp\/v2\/pages\/963","targetHints":{"allow":["GET"]}}],"collection":[{"href":"https:\/\/www.retrocomputing-whv.net\/index.php?rest_route=\/wp\/v2\/pages"}],"about":[{"href":"https:\/\/www.retrocomputing-whv.net\/index.php?rest_route=\/wp\/v2\/types\/page"}],"author":[{"embeddable":true,"href":"https:\/\/www.retrocomputing-whv.net\/index.php?rest_route=\/wp\/v2\/users\/1"}],"replies":[{"embeddable":true,"href":"https:\/\/www.retrocomputing-whv.net\/index.php?rest_route=%2Fwp%2Fv2%2Fcomments&post=963"}],"version-history":[{"count":0,"href":"https:\/\/www.retrocomputing-whv.net\/index.php?rest_route=\/wp\/v2\/pages\/963\/revisions"}],"up":[{"embeddable":true,"href":"https:\/\/www.retrocomputing-whv.net\/index.php?rest_route=\/wp\/v2\/pages\/840"}],"wp:attachment":[{"href":"https:\/\/www.retrocomputing-whv.net\/index.php?rest_route=%2Fwp%2Fv2%2Fmedia&parent=963"}],"curies":[{"name":"wp","href":"https:\/\/api.w.org\/{rel}","templated":true}]}}