{"id":988,"date":"2020-11-22T21:05:31","date_gmt":"2020-11-22T20:05:31","guid":{"rendered":"https:\/\/www.retrocomputing-whv.net\/?page_id=988"},"modified":"2020-11-22T21:10:11","modified_gmt":"2020-11-22T20:10:11","slug":"das-grafikbuch-zum-commodore-64","status":"publish","type":"page","link":"https:\/\/www.retrocomputing-whv.net\/?page_id=988","title":{"rendered":"Das Grafikbuch zum Commodore 64"},"content":{"rendered":"\n<figure class=\"wp-block-image size-large\"><img loading=\"lazy\" decoding=\"async\" width=\"719\" height=\"1024\" src=\"https:\/\/www.retrocomputing-whv.net\/wp-content\/uploads\/2020\/04\/DATA-BECKER-Das-Grafikbuch-zum-Commodore-64-719x1024.jpg\" alt=\"DATA BECKER - Das Grafikbuch zum Commodore 64\" class=\"wp-image-344\" srcset=\"https:\/\/www.retrocomputing-whv.net\/wp-content\/uploads\/2020\/04\/DATA-BECKER-Das-Grafikbuch-zum-Commodore-64-719x1024.jpg 719w, https:\/\/www.retrocomputing-whv.net\/wp-content\/uploads\/2020\/04\/DATA-BECKER-Das-Grafikbuch-zum-Commodore-64-211x300.jpg 211w, https:\/\/www.retrocomputing-whv.net\/wp-content\/uploads\/2020\/04\/DATA-BECKER-Das-Grafikbuch-zum-Commodore-64-768x1094.jpg 768w, https:\/\/www.retrocomputing-whv.net\/wp-content\/uploads\/2020\/04\/DATA-BECKER-Das-Grafikbuch-zum-Commodore-64-1078x1536.jpg 1078w, https:\/\/www.retrocomputing-whv.net\/wp-content\/uploads\/2020\/04\/DATA-BECKER-Das-Grafikbuch-zum-Commodore-64.jpg 1200w\" sizes=\"auto, (max-width: 719px) 100vw, 719px\" \/><\/figure>\n\n\n\n<p>Ein DATA BECKER Buch &#8211; Autor Axel Plenge<br>1. Auflage &#8211; Erscheinungsjahr 1984 &#8211; ISBN 3-89011-009-6<\/p>\n\n\n\n<p><strong>Das steht drin:<\/strong><br>Der Bestseller zur Grafikprogrammierung des C 64 vom Autor der ber\u00fchmten Supergrafik. F\u00fcr Einsteiger, Fortgeschrittene und Profis. Bringt alles \u00fcber Sprites, High-Res-Graphik und Multicolor bis hin zu 3-D und CAD. Unz\u00e4hlige Superprogramme und Routinen zum Abtippen. Grafik ist zwar eine der gro\u00dfen St\u00e4rken des C 64, allerdings bleibt der Zugriff darauf mit BASIC gerade f\u00fcr Anf\u00e4nger ohne Anleitung wohl ein Wunschtraum. Mit diesem Buch nicht mehr!<\/p>\n\n\n\n<p><strong>Aus dem Inhalt:<\/strong><\/p>\n\n\n\n<ul class=\"wp-block-list\"><li>Bits and Bytes<ul><li>Dezimalsystem<\/li><li>Dualsystem<\/li><li>Hexadezimalsystem<\/li><li>Logische Operationen<\/li><\/ul><\/li><li>Hardwaregrundlagen<ul><li>Die Register des VIC<\/li><li>Betriebsarten des VIC<\/li><li>Speicherverwaltung des CBM 64<\/li><li>Punkt-Graphik<\/li><li>Sprites<\/li><li>Text- und Zeichenverwaltung<\/li><li>IRQ-M\u00f6glichkeiten<\/li><\/ul><\/li><li>Grunds\u00e4tzliche Graphikerzeugung<ul><li>Text und Graphik auf dem Low-Res-Bildschirm<\/li><li>Programmierung der Punktgraphik<\/li><li>Spriteprogrammierung<\/li><li>Zeichensatzprogrammierung<\/li><li>Eingabe\/Ausgabe von Graphik und Zeichensatz<\/li><li>IRQ-Handhabung<\/li><li>Ein kleines Graphik-Paket<\/li><\/ul><\/li><li>Anwendungen<ul><li>Graphikanwendungen<\/li><li>Laufschriften<\/li><li>Das Geheimnis der Spiele<\/li><\/ul><\/li><li>Anhang<ul><li>Programmoptimierung<\/li><li>Graphikspeicheraufbau<\/li><li>Farbtabelle<\/li><li>Bildschirmcodes<\/li><li>Dez-Hex-Dual &#8211; Konversionstabelle<\/li><li>Spriteentwurfsblatt<\/li><li>Zeichenentwurfsblatt<\/li><li>VIC-Register-\u00dcbersicht<\/li><\/ul><\/li><\/ul>\n\n\n\n<figure class=\"wp-block-image size-large\"><a href=\"https:\/\/www.retrocomputing-whv.net\/?page_id=840\"><img loading=\"lazy\" decoding=\"async\" width=\"256\" height=\"136\" src=\"https:\/\/www.retrocomputing-whv.net\/wp-content\/uploads\/2020\/08\/Backspace.jpg\" alt=\"Backspace\" class=\"wp-image-681\"\/><\/a><\/figure>\n","protected":false},"excerpt":{"rendered":"<p>Ein DATA BECKER Buch &#8211; Autor Axel Plenge1. Auflage &#8211; Erscheinungsjahr 1984 &#8211; ISBN 3-89011-009-6 Das steht drin:Der Bestseller zur Grafikprogrammierung des C 64 vom Autor der ber\u00fchmten Supergrafik. F\u00fcr Einsteiger, Fortgeschrittene und Profis. Bringt alles \u00fcber Sprites, High-Res-Graphik und Multicolor bis hin zu 3-D und CAD. Unz\u00e4hlige Superprogramme und Routinen zum Abtippen. Grafik ist zwar eine der gro\u00dfen St\u00e4rken<\/p>\n","protected":false},"author":1,"featured_media":0,"parent":840,"menu_order":0,"comment_status":"closed","ping_status":"closed","template":"","meta":{"footnotes":""},"class_list":["post-988","page","type-page","status-publish","hentry"],"yoast_head":"<!-- This site is optimized with the Yoast SEO plugin v27.5 - https:\/\/yoast.com\/product\/yoast-seo-wordpress\/ -->\n<title>Das Grafikbuch zum Commodore 64 - Retrocomputing WHV<\/title>\n<meta name=\"robots\" content=\"index, follow, max-snippet:-1, max-image-preview:large, max-video-preview:-1\" \/>\n<link rel=\"canonical\" href=\"https:\/\/www.retrocomputing-whv.net\/?page_id=988\" \/>\n<meta property=\"og:locale\" content=\"de_DE\" \/>\n<meta property=\"og:type\" content=\"article\" \/>\n<meta property=\"og:title\" content=\"Das Grafikbuch zum Commodore 64 - Retrocomputing WHV\" \/>\n<meta property=\"og:description\" content=\"Ein DATA BECKER Buch &#8211; Autor Axel Plenge1. Auflage &#8211; Erscheinungsjahr 1984 &#8211; ISBN 3-89011-009-6 Das steht drin:Der Bestseller zur Grafikprogrammierung des C 64 vom Autor der ber\u00fchmten Supergrafik. F\u00fcr Einsteiger, Fortgeschrittene und Profis. Bringt alles \u00fcber Sprites, High-Res-Graphik und Multicolor bis hin zu 3-D und CAD. Unz\u00e4hlige Superprogramme und Routinen zum Abtippen. Grafik ist zwar eine der gro\u00dfen St\u00e4rken\" \/>\n<meta property=\"og:url\" content=\"https:\/\/www.retrocomputing-whv.net\/?page_id=988\" \/>\n<meta property=\"og:site_name\" content=\"Retrocomputing WHV\" \/>\n<meta property=\"article:modified_time\" content=\"2020-11-22T20:10:11+00:00\" \/>\n<meta property=\"og:image\" content=\"https:\/\/www.retrocomputing-whv.net\/wp-content\/uploads\/2020\/04\/DATA-BECKER-Das-Grafikbuch-zum-Commodore-64-719x1024.jpg\" \/>\n<meta name=\"twitter:card\" content=\"summary_large_image\" \/>\n<meta name=\"twitter:label1\" content=\"Gesch\u00e4tzte Lesezeit\" \/>\n\t<meta name=\"twitter:data1\" content=\"1\u00a0Minute\" \/>\n<script type=\"application\/ld+json\" class=\"yoast-schema-graph\">{\"@context\":\"https:\\\/\\\/schema.org\",\"@graph\":[{\"@type\":\"WebPage\",\"@id\":\"https:\\\/\\\/www.retrocomputing-whv.net\\\/?page_id=988\",\"url\":\"https:\\\/\\\/www.retrocomputing-whv.net\\\/?page_id=988\",\"name\":\"Das Grafikbuch zum Commodore 64 - Retrocomputing WHV\",\"isPartOf\":{\"@id\":\"https:\\\/\\\/www.retrocomputing-whv.net\\\/#website\"},\"primaryImageOfPage\":{\"@id\":\"https:\\\/\\\/www.retrocomputing-whv.net\\\/?page_id=988#primaryimage\"},\"image\":{\"@id\":\"https:\\\/\\\/www.retrocomputing-whv.net\\\/?page_id=988#primaryimage\"},\"thumbnailUrl\":\"https:\\\/\\\/www.retrocomputing-whv.net\\\/wp-content\\\/uploads\\\/2020\\\/04\\\/DATA-BECKER-Das-Grafikbuch-zum-Commodore-64-719x1024.jpg\",\"datePublished\":\"2020-11-22T20:05:31+00:00\",\"dateModified\":\"2020-11-22T20:10:11+00:00\",\"breadcrumb\":{\"@id\":\"https:\\\/\\\/www.retrocomputing-whv.net\\\/?page_id=988#breadcrumb\"},\"inLanguage\":\"de\",\"potentialAction\":[{\"@type\":\"ReadAction\",\"target\":[\"https:\\\/\\\/www.retrocomputing-whv.net\\\/?page_id=988\"]}]},{\"@type\":\"ImageObject\",\"inLanguage\":\"de\",\"@id\":\"https:\\\/\\\/www.retrocomputing-whv.net\\\/?page_id=988#primaryimage\",\"url\":\"https:\\\/\\\/www.retrocomputing-whv.net\\\/wp-content\\\/uploads\\\/2020\\\/04\\\/DATA-BECKER-Das-Grafikbuch-zum-Commodore-64.jpg\",\"contentUrl\":\"https:\\\/\\\/www.retrocomputing-whv.net\\\/wp-content\\\/uploads\\\/2020\\\/04\\\/DATA-BECKER-Das-Grafikbuch-zum-Commodore-64.jpg\",\"width\":1200,\"height\":1710,\"caption\":\"DATA BECKER - Das Grafikbuch zum Commodore 64\"},{\"@type\":\"BreadcrumbList\",\"@id\":\"https:\\\/\\\/www.retrocomputing-whv.net\\\/?page_id=988#breadcrumb\",\"itemListElement\":[{\"@type\":\"ListItem\",\"position\":1,\"name\":\"Startseite\",\"item\":\"https:\\\/\\\/www.retrocomputing-whv.net\\\/\"},{\"@type\":\"ListItem\",\"position\":2,\"name\":\"Literatur\",\"item\":\"https:\\\/\\\/www.retrocomputing-whv.net\\\/?page_id=105\"},{\"@type\":\"ListItem\",\"position\":3,\"name\":\"DATA BECKER\",\"item\":\"https:\\\/\\\/www.retrocomputing-whv.net\\\/?page_id=807\"},{\"@type\":\"ListItem\",\"position\":4,\"name\":\"Commodore 64\",\"item\":\"https:\\\/\\\/www.retrocomputing-whv.net\\\/?page_id=840\"},{\"@type\":\"ListItem\",\"position\":5,\"name\":\"Das Grafikbuch zum Commodore 64\"}]},{\"@type\":\"WebSite\",\"@id\":\"https:\\\/\\\/www.retrocomputing-whv.net\\\/#website\",\"url\":\"https:\\\/\\\/www.retrocomputing-whv.net\\\/\",\"name\":\"Retrocomputing WHV\",\"description\":\"\",\"publisher\":{\"@id\":\"https:\\\/\\\/www.retrocomputing-whv.net\\\/#organization\"},\"potentialAction\":[{\"@type\":\"SearchAction\",\"target\":{\"@type\":\"EntryPoint\",\"urlTemplate\":\"https:\\\/\\\/www.retrocomputing-whv.net\\\/?s={search_term_string}\"},\"query-input\":{\"@type\":\"PropertyValueSpecification\",\"valueRequired\":true,\"valueName\":\"search_term_string\"}}],\"inLanguage\":\"de\"},{\"@type\":\"Organization\",\"@id\":\"https:\\\/\\\/www.retrocomputing-whv.net\\\/#organization\",\"name\":\"Retrocomputing-WHV\",\"url\":\"https:\\\/\\\/www.retrocomputing-whv.net\\\/\",\"logo\":{\"@type\":\"ImageObject\",\"inLanguage\":\"de\",\"@id\":\"https:\\\/\\\/www.retrocomputing-whv.net\\\/#\\\/schema\\\/logo\\\/image\\\/\",\"url\":\"https:\\\/\\\/www.retrocomputing-whv.net\\\/wp-content\\\/uploads\\\/2020\\\/04\\\/Logo.png\",\"contentUrl\":\"https:\\\/\\\/www.retrocomputing-whv.net\\\/wp-content\\\/uploads\\\/2020\\\/04\\\/Logo.png\",\"width\":1340,\"height\":250,\"caption\":\"Retrocomputing-WHV\"},\"image\":{\"@id\":\"https:\\\/\\\/www.retrocomputing-whv.net\\\/#\\\/schema\\\/logo\\\/image\\\/\"}}]}<\/script>\n<!-- \/ Yoast SEO plugin. -->","yoast_head_json":{"title":"Das Grafikbuch zum Commodore 64 - Retrocomputing WHV","robots":{"index":"index","follow":"follow","max-snippet":"max-snippet:-1","max-image-preview":"max-image-preview:large","max-video-preview":"max-video-preview:-1"},"canonical":"https:\/\/www.retrocomputing-whv.net\/?page_id=988","og_locale":"de_DE","og_type":"article","og_title":"Das Grafikbuch zum Commodore 64 - Retrocomputing WHV","og_description":"Ein DATA BECKER Buch &#8211; Autor Axel Plenge1. Auflage &#8211; Erscheinungsjahr 1984 &#8211; ISBN 3-89011-009-6 Das steht drin:Der Bestseller zur Grafikprogrammierung des C 64 vom Autor der ber\u00fchmten Supergrafik. F\u00fcr Einsteiger, Fortgeschrittene und Profis. Bringt alles \u00fcber Sprites, High-Res-Graphik und Multicolor bis hin zu 3-D und CAD. Unz\u00e4hlige Superprogramme und Routinen zum Abtippen. Grafik ist zwar eine der gro\u00dfen St\u00e4rken","og_url":"https:\/\/www.retrocomputing-whv.net\/?page_id=988","og_site_name":"Retrocomputing WHV","article_modified_time":"2020-11-22T20:10:11+00:00","og_image":[{"url":"https:\/\/www.retrocomputing-whv.net\/wp-content\/uploads\/2020\/04\/DATA-BECKER-Das-Grafikbuch-zum-Commodore-64-719x1024.jpg","type":"","width":"","height":""}],"twitter_card":"summary_large_image","twitter_misc":{"Gesch\u00e4tzte Lesezeit":"1\u00a0Minute"},"schema":{"@context":"https:\/\/schema.org","@graph":[{"@type":"WebPage","@id":"https:\/\/www.retrocomputing-whv.net\/?page_id=988","url":"https:\/\/www.retrocomputing-whv.net\/?page_id=988","name":"Das Grafikbuch zum Commodore 64 - Retrocomputing WHV","isPartOf":{"@id":"https:\/\/www.retrocomputing-whv.net\/#website"},"primaryImageOfPage":{"@id":"https:\/\/www.retrocomputing-whv.net\/?page_id=988#primaryimage"},"image":{"@id":"https:\/\/www.retrocomputing-whv.net\/?page_id=988#primaryimage"},"thumbnailUrl":"https:\/\/www.retrocomputing-whv.net\/wp-content\/uploads\/2020\/04\/DATA-BECKER-Das-Grafikbuch-zum-Commodore-64-719x1024.jpg","datePublished":"2020-11-22T20:05:31+00:00","dateModified":"2020-11-22T20:10:11+00:00","breadcrumb":{"@id":"https:\/\/www.retrocomputing-whv.net\/?page_id=988#breadcrumb"},"inLanguage":"de","potentialAction":[{"@type":"ReadAction","target":["https:\/\/www.retrocomputing-whv.net\/?page_id=988"]}]},{"@type":"ImageObject","inLanguage":"de","@id":"https:\/\/www.retrocomputing-whv.net\/?page_id=988#primaryimage","url":"https:\/\/www.retrocomputing-whv.net\/wp-content\/uploads\/2020\/04\/DATA-BECKER-Das-Grafikbuch-zum-Commodore-64.jpg","contentUrl":"https:\/\/www.retrocomputing-whv.net\/wp-content\/uploads\/2020\/04\/DATA-BECKER-Das-Grafikbuch-zum-Commodore-64.jpg","width":1200,"height":1710,"caption":"DATA BECKER - Das Grafikbuch zum Commodore 64"},{"@type":"BreadcrumbList","@id":"https:\/\/www.retrocomputing-whv.net\/?page_id=988#breadcrumb","itemListElement":[{"@type":"ListItem","position":1,"name":"Startseite","item":"https:\/\/www.retrocomputing-whv.net\/"},{"@type":"ListItem","position":2,"name":"Literatur","item":"https:\/\/www.retrocomputing-whv.net\/?page_id=105"},{"@type":"ListItem","position":3,"name":"DATA BECKER","item":"https:\/\/www.retrocomputing-whv.net\/?page_id=807"},{"@type":"ListItem","position":4,"name":"Commodore 64","item":"https:\/\/www.retrocomputing-whv.net\/?page_id=840"},{"@type":"ListItem","position":5,"name":"Das Grafikbuch zum Commodore 64"}]},{"@type":"WebSite","@id":"https:\/\/www.retrocomputing-whv.net\/#website","url":"https:\/\/www.retrocomputing-whv.net\/","name":"Retrocomputing WHV","description":"","publisher":{"@id":"https:\/\/www.retrocomputing-whv.net\/#organization"},"potentialAction":[{"@type":"SearchAction","target":{"@type":"EntryPoint","urlTemplate":"https:\/\/www.retrocomputing-whv.net\/?s={search_term_string}"},"query-input":{"@type":"PropertyValueSpecification","valueRequired":true,"valueName":"search_term_string"}}],"inLanguage":"de"},{"@type":"Organization","@id":"https:\/\/www.retrocomputing-whv.net\/#organization","name":"Retrocomputing-WHV","url":"https:\/\/www.retrocomputing-whv.net\/","logo":{"@type":"ImageObject","inLanguage":"de","@id":"https:\/\/www.retrocomputing-whv.net\/#\/schema\/logo\/image\/","url":"https:\/\/www.retrocomputing-whv.net\/wp-content\/uploads\/2020\/04\/Logo.png","contentUrl":"https:\/\/www.retrocomputing-whv.net\/wp-content\/uploads\/2020\/04\/Logo.png","width":1340,"height":250,"caption":"Retrocomputing-WHV"},"image":{"@id":"https:\/\/www.retrocomputing-whv.net\/#\/schema\/logo\/image\/"}}]}},"_links":{"self":[{"href":"https:\/\/www.retrocomputing-whv.net\/index.php?rest_route=\/wp\/v2\/pages\/988","targetHints":{"allow":["GET"]}}],"collection":[{"href":"https:\/\/www.retrocomputing-whv.net\/index.php?rest_route=\/wp\/v2\/pages"}],"about":[{"href":"https:\/\/www.retrocomputing-whv.net\/index.php?rest_route=\/wp\/v2\/types\/page"}],"author":[{"embeddable":true,"href":"https:\/\/www.retrocomputing-whv.net\/index.php?rest_route=\/wp\/v2\/users\/1"}],"replies":[{"embeddable":true,"href":"https:\/\/www.retrocomputing-whv.net\/index.php?rest_route=%2Fwp%2Fv2%2Fcomments&post=988"}],"version-history":[{"count":0,"href":"https:\/\/www.retrocomputing-whv.net\/index.php?rest_route=\/wp\/v2\/pages\/988\/revisions"}],"up":[{"embeddable":true,"href":"https:\/\/www.retrocomputing-whv.net\/index.php?rest_route=\/wp\/v2\/pages\/840"}],"wp:attachment":[{"href":"https:\/\/www.retrocomputing-whv.net\/index.php?rest_route=%2Fwp%2Fv2%2Fmedia&parent=988"}],"curies":[{"name":"wp","href":"https:\/\/api.w.org\/{rel}","templated":true}]}}